--------- beginning of /dev/log/main
07-25 12:28:56.358 D/lights ( 225): set_light_buttons: brightness=0 --------- beginning of /dev/log/system
07-25 12:28:58.258 I/ActivityManager( 225): Start proc com.facebook.katana for service com.facebook.katana/.service.FacebookService: pid=15170 uid=10070 gids={3003, 1015}
07-25 12:28:58.438 I/ActivityThread(15170): Pub com.facebook.katana.provider.LoggingProvider: com.facebook.katana.provider.LoggingProvider
07-25 12:28:58.498 I/ActivityThread(15170): Pub com.facebook.katana.provider.KeyValueProvider: com.facebook.katana.provider.KeyValueProvider
07-25 12:28:58.498 I/ActivityThread(15170): Pub com.facebook.katana.provider.ChatHistoryProvider: com.facebook.katana.provider.ChatHistoryProvider
07-25 12:28:58.498 I/ActivityThread(15170): Pub com.facebook.katana.provider.MailboxProvider: com.facebook.katana.provider.MailboxProvider
07-25 12:28:58.508 I/ActivityThread(15170): Pub com.facebook.katana.provider.UserStatusesProvider: com.facebook.katana.provider.UserStatusesProvider
07-25 12:28:58.518 I/ActivityThread(15170): Pub com.facebook.katana.provider.EventsProvider: com.facebook.katana.provider.EventsProvider
07-25 12:28:58.518 I/ActivityThread(15170): Pub com.facebook.katana.provider.NotificationsProvider: com.facebook.katana.provider.NotificationsProvider
07-25 12:28:58.528 I/ActivityThread(15170): Pub com.facebook.katana.provider.UserValuesProvider: com.facebook.katana.provider.UserValuesProvider
07-25 12:28:58.528 I/ActivityThread(15170): Pub com.facebook.katana.provider.FriendsProvider: com.facebook.katana.provider.FriendsProvider
07-25 12:28:58.528 I/ActivityThread(15170): Pub com.facebook.katana.provider.PhotosProvider: com.facebook.katana.provider.PhotosProvider
07-25 12:28:58.828 I/ActivityManager( 225): Starting: Intent { cmp=com.mediaportal.ampdroid/.activities.videoplayback.VideoStreamingPlayerActivity (has extras) } from pid 14914
07-25 12:28:58.838 I/WindowManager( 225): Setting rotation to 1, animFlags=1
07-25 12:28:58.838 I/ActivityManager( 225): Config changed: { scale=1.0 imsi=240/8 loc=sv_SE touch=3 keys=1/1/2 nav=1/1 orien=2 layout=34 uiMode=17 seq=47}
07-25 12:28:58.868 W/com.skype.raider.MainApp(15078): onConfigurationChanged changed:{ scale=1.0 imsi=240/8 loc=sv_SE touch=3 keys=1/1/2 nav=1/1 orien=2 layout=34 uiMode=17 seq=47}
07-25 12:28:59.048 D/aMPdroid(14914): MediaPlayer: start from fresh state
07-25 12:28:59.048 D/aMPdroid(14914): MediaPlayer onResume
07-25 12:28:59.058 I/aMPdroid(14914): Initialising Tv Stream
07-25 12:28:59.078 I/ActivityManager( 225): Displayed com.mediaportal.ampdroid/.activities.videoplayback.VideoStreamingPlayerActivity: +240ms (total +21s190ms)
07-25 12:28:59.258 V/FacebookAffiliation(15170): employee accurate bit cleared
07-25 12:29:00.148 D/dalvikvm( 1689): GC_CONCURRENT freed 703K, 57% free 2924K/6791K, external 2079K/2197K, paused 5ms+2ms
07-25 12:29:00.338 D/dalvikvm(15170): GC_CONCURRENT freed 857K, 51% free 3356K/6791K, external 2067K/2133K, paused 4ms+2ms
07-25 12:29:00.598 D/dalvikvm(15170): GC_CONCURRENT freed 927K, 52% free 3368K/6919K, external 2062K/2133K, paused 2ms+3ms
07-25 12:29:00.898 D/dalvikvm(15170): GC_CONCURRENT freed 967K, 51% free 3428K/6983K, external 2062K/2133K, paused 2ms+3ms
07-25 12:29:01.208 D/dalvikvm( 225): GC_EXPLICIT freed 299K, 42% free 7746K/13191K, external 5356K/6372K, paused 81ms
07-25 12:29:01.778 D/dalvikvm(15170): GC_CONCURRENT freed 813K, 50% free 3542K/6983K, external 2062K/2133K, paused 2ms+3ms
07-25 12:29:01.878 V/FacebookAffiliation(15170): employee bit set to false
07-25 12:29:02.238 D/dalvikvm(15170): GC_FOR_MALLOC freed 215K, 49% free 3687K/7175K, external 2062K/2133K, paused 21ms
07-25 12:29:03.808 D/dalvikvm(15170): GC_CONCURRENT freed 883K, 49% free 3774K/7303K, external 2062K/2133K, paused 3ms+5ms
07-25 12:29:03.818 D/webviewglue(15170): nativeDestroy view: 0x3819a0
07-25 12:29:06.228 I/aMPdroid(14914): New Streaming url: http://krokarod.homedns.org:4321/TV4Home.Server.CoreService/TVEInteractionService/stream/RetrieveStream?identifier=aMPdroid.-817287799.mpeg
07-25 12:29:07.178 I/ActivityManager( 225): Starting: Intent { act=android.intent.action.VIEW dat=http://krokarod.homedns.org:4321/TV4Home.Server.CoreService/TVEInteractionService/stream/RetrieveStream?identifier=aMPdroid.-817287799.mpeg typ=video/* cmp=android/com.android.internal.app.ResolverActivity } from pid 14914
07-25 12:29:07.188 D/aMPdroid(14914): MediaPlayer onPause
07-25 12:29:07.262 D/szipinf ( 225): Initializing inflate state
07-25 12:29:07.918 I/ActivityManager( 225): Displayed android/com.android.internal.app.ResolverActivity: +724ms
07-25 12:29:09.128 D/dalvikvm( 225): GC_CONCURRENT freed 175K, 41% free 7798K/13191K, external 7102K/8112K, paused 3ms+6ms
07-25 12:29:10.048 I/ActivityManager( 225): Starting: Intent { act=android.intent.action.VIEW dat=http://krokarod.homedns.org:4321/TV4Home.Server.CoreService/TVEInteractionService/stream/RetrieveStream?identifier=aMPdroid.-817287799.mpeg typ=video/* flg=0x3800000 cmp=com.clov4r.android.nil/.MainActivity } from pid 225
07-25 12:29:10.158 I/ActivityManager( 225): Start proc com.clov4r.android.nil for activity com.clov4r.android.nil/.MainActivity: pid=15193 uid=10183 gids={3003, 1015}
07-25 12:29:10.208 D/aMPdroid(14914): MediaPlayer onStop
07-25 12:29:10.488 V/mytag (15193): onCreate
07-25 12:29:10.538 V/tag (15193): currentPlayMode=false
07-25 12:29:10.568 D/dalvikvm(15193): GetFieldID: unable to find field Ljava/util/HashMap;.loadFactor:F
07-25 12:29:10.578 V/item (15193): read success!
07-25 12:29:10.588 W/System.err(15193): java.io.FileNotFoundException: /data/data/com.clov4r.android.nil/files/data/filelist.dat (No such file or directory)
07-25 12:29:10.588 W/System.err(15193): at org.apache.harmony.luni.platform.OSFileSystem.open(Native Method)
07-25 12:29:10.588 W/System.err(15193): at dalvik.system.BlockGuard$WrappedFileSystem.open(BlockGuard.java:232)
07-25 12:29:10.588 W/System.err(15193): at java.io.FileInputStream.(FileInputStream.java:80)
07-25 12:29:10.598 W/System.err(15193): at java.io.FileInputStream.(FileInputStream.java:132)
07-25 12:29:10.598 W/System.err(15193): at com.clov4r.android.nil.library.MediaLibrary.g(Unknown Source)
07-25 12:29:10.598 W/System.err(15193): at com.clov4r.android.nil.MainActivity.onCreate(Unknown Source)
07-25 12:29:10.598 W/System.err(15193): at android.app.Instrumentation.callActivityOnCreate(Instrumentation.java:1047)
07-25 12:29:10.598 W/System.err(15193): at android.app.ActivityThread.performLaunchActivity(ActivityThread.java:1623)
07-25 12:29:10.598 W/System.err(15193): at android.app.ActivityThread.handleLaunchActivity(ActivityThread.java:1675)
07-25 12:29:10.608 W/System.err(15193): at android.app.ActivityThread.access$1500(ActivityThread.java:121)
07-25 12:29:10.608 W/System.err(15193): at android.app.ActivityThread$H.handleMessage(ActivityThread.java:943)
07-25 12:29:10.608 W/System.err(15193): at android.os.Handler.dispatchMessage(Handler.java:99)
07-25 12:29:10.608 W/System.err(15193): at android.os.Looper.loop(Looper.java:123)
07-25 12:29:10.608 W/System.err(15193): at android.app.ActivityThread.main(ActivityThread.java:3701)
07-25 12:29:10.608 W/System.err(15193): at java.lang.reflect.Method.invokeNative(Native Method)
07-25 12:29:10.618 W/System.err(15193): at java.lang.reflect.Method.invoke(Method.java:507)
07-25 12:29:10.618 W/System.err(15193): at com.android.internal.os.ZygoteInit$MethodAndArgsCaller.run(ZygoteInit.java:862)
07-25 12:29:10.618 W/System.err(15193): at com.android.internal.os.ZygoteInit.main(ZygoteInit.java:620)
07-25 12:29:10.618 W/System.err(15193): at dalvik.system.NativeStart.main(Native Method)
07-25 12:29:10.618 W/System.err(15193): java.io.FileNotFoundException: /data/data/com.clov4r.android.nil/files/data/mediamap.dat (No such file or directory)
07-25 12:29:10.628 W/System.err(15193): at org.apache.harmony.luni.platform.OSFileSystem.open(Native Method)
07-25 12:29:10.628 W/System.err(15193): at dalvik.system.BlockGuard$WrappedFileSystem.open(BlockGuard.java:232)
07-25 12:29:10.628 W/System.err(15193): at java.io.FileInputStream.(FileInputStream.java:80)
07-25 12:29:10.628 W/System.err(15193): at java.io.FileInputStream.(FileInputStream.java:132)
07-25 12:29:10.628 W/System.err(15193): at com.clov4r.android.nil.library.MediaLibrary.h(Unknown Source)
07-25 12:29:10.638 W/System.err(15193): at com.clov4r.android.nil.MainActivity.onCreate(Unknown Source)
07-25 12:29:10.638 W/System.err(15193): at android.app.Instrumentation.callActivityOnCreate(Instrumentation.java:1047)
07-25 12:29:10.638 W/System.err(15193): at android.app.ActivityThread.performLaunchActivity(ActivityThread.java:1623)
07-25 12:29:10.638 W/System.err(15193): at android.app.ActivityThread.handleLaunchActivity(ActivityThread.java:1675)
07-25 12:29:10.638 W/System.err(15193): at android.app.ActivityThread.access$1500(ActivityThread.java:121)
07-25 12:29:10.638 W/System.err(15193): at android.app.ActivityThread$H.handleMessage(ActivityThread.java:943)
07-25 12:29:10.648 W/System.err(15193): at android.os.Handler.dispatchMessage(Handler.java:99)
07-25 12:29:10.648 W/System.err(15193): at android.os.Looper.loop(Looper.java:123)
07-25 12:29:10.648 W/System.err(15193): at android.app.ActivityThread.main(ActivityThread.java:3701)
07-25 12:29:10.648 W/System.err(15193): at java.lang.reflect.Method.invokeNative(Native Method)
07-25 12:29:10.648 W/System.err(15193): at java.lang.reflect.Method.invoke(Method.java:507)
07-25 12:29:10.648 W/System.err(15193): at com.android.internal.os.ZygoteInit$MethodAndArgsCaller.run(ZygoteInit.java:862)
07-25 12:29:10.658 W/System.err(15193): at com.android.internal.os.ZygoteInit.main(ZygoteInit.java:620)
07-25 12:29:10.658 W/System.err(15193): at dalvik.system.NativeStart.main(Native Method)
07-25 12:29:10.678 I/StagefrightPlayer( 111): setDataSource('http://krokarod.homedns.org:4321/TV4Home.Server.CoreService/TVEInteractionService/stream/RetrieveStream?identifier=aMPdroid.-817287799.mpeg')
07-25 12:29:10.678 I/NuHTTPDataSource( 111): connect to krokarod.homedns.org:4321/TV4Home.Server.CoreService/TVEInteractionService/stream/RetrieveStream?identifier=aMPdroid.-817287799.mpeg @0
07-25 12:29:11.269 I/NuHTTPDataSource( 111): Chunked transfer encoding applied.
07-25 12:29:11.269 W/NuHTTPDataSource( 111): Server did not give us the content length!
07-25 12:29:17.108 E/MediaPlayer(15193): error (1, -2147483648)
07-25 12:29:17.108 E/CMPlayer(15193): beginTime=0;filePath=http://krokarod.homedns.org:4321/TV4Home.Server.CoreService/TVEInteractionService/stream/RetrieveStream?identifier=aMPdroid.-817287799.mpeg;params=
07-25 12:29:17.108 I/ActivityManager( 225): Starting: Intent { cmp=com.clov4r.android.nil/.CMPlayer (has extras) } from pid 15193
07-25 12:29:17.128 D/dalvikvm(15193): Trying to load lib /data/data/com.clov4r.android.nil/lib/libcmplayer_v7_8.so 0x2afc6d38
07-25 12:29:17.138 D/dalvikvm(15193): Added shared lib /data/data/com.clov4r.android.nil/lib/libcmplayer_v7_8.so 0x2afc6d38
07-25 12:29:17.138 D/dalvikvm(15193): No JNI_OnLoad found in /data/data/com.clov4r.android.nil/lib/libcmplayer_v7_8.so 0x2afc6d38, skipping init
07-25 12:29:17.138 V/MoboPlayer(15193): FFmpegLibName = libffmpeg_armv7_neon.so
07-25 12:29:17.278 D/dalvikvm(15193): GC_CONCURRENT freed 192K, 51% free 2713K/5511K, external 2225K/2720K, paused 6ms+2ms
07-25 12:29:17.338 W/Resources(15193): Converting to string: TypedValue{t=0x12/d=0x0 a=3 r=0x7f0b001d}
07-25 12:29:17.388 D/player (15193): onCreate
07-25 12:29:17.428 W/drawable(15193): Bad element under : background
07-25 12:29:17.438 D/dalvikvm(15193): GC_CONCURRENT freed 58K, 50% free 2758K/5511K, external 3003K/3454K, paused 2ms+3ms
07-25 12:29:17.548 D/dalvikvm(15193): GC_CONCURRENT freed 15K, 50% free 2789K/5511K, external 3562K/4351K, paused 2ms+3ms
07-25 12:29:17.558 W/Resources(15193): Converting to string: TypedValue{t=0x12/d=0x0 a=3 r=0x7f0b001d}
07-25 12:29:17.608 V/hx (15193): color=#FFFFFF
07-25 12:29:17.618 D/player (15193): mobo open file params =
07-25 12:29:17.618 D/player (15193): mobo open file setting audio_stream_index = 0,subtitle index = 0
07-25 12:29:18.288 I/ActivityManager( 225): Displayed com.clov4r.android.nil/.CMPlayer: +930ms (total +8s137ms)
07-25 12:29:19.029 W/libutils.threads( 111): Thread (this=0x3d318): don't call waitForExit() from this Thread object's thread. It's a guaranteed deadlock!
07-25 12:29:25.748 V/tag (15193): dstWidth=849;dstHeight480
07-25 12:29:25.838 V/tag (15193): cmplayer:changeBattery100:79
07-25 12:29:26.418 W/AudioTrack(15193): obtainBuffer() track 0x478648 disabled, restarting
07-25 12:29:26.688 W/kernel ( 118): [55711.561340] select 1689 (eautifulwidgets), adj 7, size 4246, to kill
07-25 12:29:26.688 W/kernel ( 118): [55711.561431] select 13971 (bootinfo:remote), adj 9, size 3206, to kill
07-25 12:29:26.688 W/kernel ( 118): [55711.561584] select 14587 (on.crashmonitor), adj 9, size 3407, to kill
07-25 12:29:26.688 W/kernel ( 118): [55711.561645] send sigkill to 14587 (on.crashmonitor), adj 9, size 3407
07-25 12:29:26.718 I/ActivityManager( 225): Process com.sonyericsson.crashmonitor (pid 14587) has died.
07-25 12:29:26.738 W/ActivityManager( 225): Scheduling restart of crashed service com.sonyericsson.crashmonitor/.CrashMonitorService in 5000ms
07-25 12:29:26.778 V/tag (15193): cmplayer:changeBattery100:79
07-25 12:29:27.128 W/AudioTrack(15193): obtainBuffer() track 0x478648 disabled, restarting
07-25 12:29:27.770 V/tag (15193): cmplayer:changeBattery100:79
07-25 12:29:27.808 W/AudioTrack(15193): obtainBuffer() track 0x478648 disabled, restarting
07-25 12:29:28.489 W/AudioTrack(15193): obtainBuffer() track 0x478648 disabled, restarting
07-25 12:29:28.769 V/tag (15193): cmplayer:changeBattery100:79
07-25 12:29:29.178 W/AudioTrack(15193): obtainBuffer() track 0x478648 disabled, restarting
07-25 12:29:29.778 V/tag (15193): cmplayer:changeBattery100:79
07-25 12:29:29.858 W/AudioTrack(15193): obtainBuffer() track 0x478648 disabled, restarting
07-25 12:29:30.551 W/AudioTrack(15193): obtainBuffer() track 0x478648 disabled, restarting
07-25 12:29:30.768 V/tag (15193): cmplayer:changeBattery100:79
07-25 12:29:31.238 W/AudioTrack(15193): obtainBuffer() track 0x478648 disabled, restarting
07-25 12:29:31.748 I/ActivityManager( 225): Start proc com.sonyericsson.crashmonitor for service com.sonyericsson.crashmonitor/.CrashMonitorService: pid=15210 uid=1000 gids={3002, 3001, 3003, 1007}
07-25 12:29:31.778 V/tag (15193): cmplayer:changeBattery100:79
07-25 12:29:31.918 W/AudioTrack(15193): obtainBuffer() track 0x478648 disabled, restarting
07-25 12:29:31.968 D/dalvikvm(13971): Trying to load lib /data/data/com.sonyericsson.android.bootinfo/lib/libMiscTaAccessor.so 0x2afc88b8
07-25 12:29:31.968 D/dalvikvm(13971): Shared lib '/data/data/com.sonyericsson.android.bootinfo/lib/libMiscTaAccessor.so' already loaded in same CL 0x2afc88b8
07-25 12:29:32.601 W/AudioTrack(15193): obtainBuffer() track 0x478648 disabled, restarting
07-25 12:29:32.778 V/tag (15193): cmplayer:changeBattery100:79
07-25 12:29:33.268 W/kernel ( 118): [55718.132415] select 1689 (eautifulwidgets), adj 7, size 4245, to kill
07-25 12:29:33.268 W/kernel ( 118): [55718.132507] select 14884 (on.capabilities), adj 9, size 3335, to kill
07-25 12:29:33.268 W/kernel ( 118): [55718.132568] send sigkill to 14884 (on.capabilities), adj 9, size 3335
07-25 12:29:33.268 W/kernel ( 118): [55718.139343] select 1689 (eautifulwidgets), adj 7, size 4245, to kill
07-25 12:29:33.268 W/kernel ( 118): [55718.139434] select 14914 (portal.ampdroid), adj 7, size 9323, to kill
07-25 12:29:33.268 W/kernel ( 118): [55718.139465] select 14958 (d.process.acore), adj 8, size 5802, to kill
07-25 12:29:33.268 W/kernel ( 118): [55718.139526] send sigkill to 14958 (d.process.acore), adj 8, size 5802
07-25 12:29:33.298 I/ActivityManager( 225): Process com.sonyericsson.capabilities (pid 14884) has died.
07-25 12:29:33.308 W/AudioTrack(15193): obtainBuffer() track 0x478648 disabled, restarting
07-25 12:29:33.328 I/ActivityManager( 225): Process android.process.acore (pid 14958) has died.
07-25 12:29:33.648 D/AudioHardwareMSM7X30( 111): value of device and enable is 2 1
07-25 12:29:33.658 D/kernel ( 118): [55718.529144] [msm7x30.c:msm_device_put] device headset_stereo_rx set 1
07-25 12:29:33.658 E/kernel ( 118): [55718.529205] [msm7x30.c:msm_device_put] device freq =48000
07-25 12:29:33.678 D/kernel ( 118): [55718.543975] [adsp.c:msm_adsp_get] module AFETASK has been registered
07-25 12:29:33.678 D/kernel ( 118): [55718.544036] [adsp.c:msm_adsp_enable] enable 'AFETASK'state[0] id[17227119]
07-25 12:29:33.678 D/kernel ( 118): [55718.550445] [adsp.c:adsp_rtos_mtoa_cb] rpc event=0, proc_id=2, module=17227119, image=0
07-25 12:29:33.678 D/kernel ( 118): [55718.550506] [adsp.c:adsp_rtos_mtoa_cb] module AFETASK: READY
07-25 12:29:33.718 D/kernel ( 118): [55718.585113] [voice.c:voice_auddev_cb_function] auddev_cb_function, evt_id=2, dev_state=4, voc_state=3
07-25 12:29:33.718 D/kernel ( 118): [55718.586029] [adsp.c:msm_adsp_get] module AUDPPTASK has been registered
07-25 12:29:33.718 D/kernel ( 118): [55718.586090] [adsp.c:msm_adsp_enable] enable 'AUDPPTASK'state[0] id[17227122]
07-25 12:29:33.718 D/kernel ( 118): [55718.588134] [adsp.c:adsp_rtos_mtoa_cb] rpc event=0, proc_id=2, module=17227122, image=0
07-25 12:29:33.718 D/kernel ( 118): [55718.588165] [adsp.c:adsp_rtos_mtoa_cb] module AUDPPTASK: READY
07-25 12:29:33.718 D/kernel ( 118): [55718.593963] [audpp.c:audpp_dsp_event] ENABLE
07-25 12:29:33.758 E/kernel ( 118): [55718.617828] [audio_acdb.c:acdb_fill_audpp_cal_gain] unable to find audpp calibration gain block returning
07-25 12:29:33.778 V/tag (15193): cmplayer:changeBattery100:79
07-25 12:29:34.028 I/RealTimeChat( 1248): Sending ping to bunch
07-25 12:29:34.368 I/RealTimeChat( 1248): Ping response from backend
07-25 12:29:34.428 D/dalvikvm( 1248): GC_CONCURRENT freed 719K, 51% free 3333K/6791K, external 1685K/2133K, paused 4ms+6ms
07-25 12:29:34.778 V/tag (15193): cmplayer:changeBattery100:79
07-25 12:29:34.878 D/dalvikvm(15193): GC_CONCURRENT freed 139K, 50% free 2831K/5575K, external 4557K/5691K, paused 3ms+2ms
07-25 12:29:46.828 D/MediaUploader( 1248): PhoneStateBroadcastReceiver.onReceive: Intent { act=android.intent.action.BATTERY_CHANGED flg=0x60000000 (has extras) }
07-25 12:29:46.828 D/MediaUploader( 1248): Battery change, level - 79; plugged in - true
07-25 12:29:46.868 D/MediaUploader( 1248): updateQueueState: RUNNING
07-25 12:29:46.878 D/MediaUploader( 1248): UploadService.onHandleIntent: Intent { act=com.google.android.apps.uploader.action.UPLOAD_WAKEUP cmp=com.google.android.apps.plus/com.google.android.apps.uploader.UploadService }
07-25 12:29:46.898 D/MediaUploader( 1248): UploadsQueue.getAllPending: elapsed msec=18
07-25 12:29:46.908 D/MediaUploader( 1248): UploadsQueue.getAllPending: elapsed msec=2
07-25 12:29:46.908 D/MediaUploader( 1248): updateQueueState: RUNNING
07-25 12:29:48.188 I/ActivityManager( 225): Start proc android.process.acore for content provider com.android.providers.contacts/.SemcContactsProvider2: pid=15221 uid=10039 gids={3003}
07-25 12:29:48.238 I/ActivityThread(15221): Pub call_log: com.android.providers.contacts.SemcCallLogProvider
07-25 12:29:48.408 I/ActivityThread(15221): Pub contacts;com.android.contacts: com.android.providers.contacts.SemcContactsProvider2
07-25 12:29:48.828 D/MediaUploader( 1248): PhoneStateBroadcastReceiver.onReceive: Intent { act=android.intent.action.BATTERY_CHANGED flg=0x60000000 (has extras) }
07-25 12:29:48.838 D/MediaUploader( 1248): Battery change, level - 79; plugged in - true
07-25 12:29:48.858 D/MediaUploader( 1248): updateQueueState: RUNNING
07-25 12:29:48.858 D/MediaUploader( 1248): UploadService.onHandleIntent: Intent { act=com.google.android.apps.uploader.action.UPLOAD_WAKEUP cmp=com.google.android.apps.plus/com.google.android.apps.uploader.UploadService }
07-25 12:29:48.868 D/MediaUploader( 1248): UploadsQueue.getAllPending: elapsed msec=2
07-25 12:29:48.878 D/MediaUploader( 1248): UploadsQueue.getAllPending: elapsed msec=9
07-25 12:29:48.878 D/MediaUploader( 1248): updateQueueState: RUNNING
07-25 12:29:48.938 I/ActivityThread(15221): Pub user_dictionary: com.android.providers.userdictionary.UserDictionaryProvider
07-25 12:29:48.958 I/ActivityThread(15221): Pub com.android.social: com.android.providers.contacts.SocialProvider
07-25 12:29:48.958 I/ActivityThread(15221): Pub applications: com.android.providers.applications.ApplicationsProvider
07-25 12:29:50.128 D/dalvikvm(14159): GC_EXPLICIT freed 179K, 52% free 2645K/5447K, external 1685K/2133K, paused 42ms
07-25 12:29:52.528 D/szipinf (15221): Initializing inflate state
07-25 12:29:55.178 D/dalvikvm(14716): GC_EXPLICIT freed 158K, 52% free 2652K/5447K, external 1685K/2133K, paused 272ms
07-25 12:29:55.268 D/dalvikvm(15221): GC_EXPLICIT freed 594K, 51% free 3199K/6407K, external 1685K/2133K, paused 65ms
07-25 12:29:59.468 D/szipinf (15221): Initializing inflate state
07-25 12:30:00.758 D/dalvikvm( 1689): GC_CONCURRENT freed 849K, 58% free 2891K/6791K, external 2050K/2197K, paused 13ms+2ms
07-25 12:30:08.888 D/MediaUploader( 1248): PhoneStateBroadcastReceiver.onReceive: Intent { act=android.intent.action.BATTERY_CHANGED flg=0x60000000 (has extras) }
07-25 12:30:08.888 D/MediaUploader( 1248): Battery change, level - 79; plugged in - true
07-25 12:30:08.948 D/MediaUploader( 1248): updateQueueState: RUNNING
07-25 12:30:08.948 D/MediaUploader( 1248): UploadService.onHandleIntent: Intent { act=com.google.android.apps.uploader.action.UPLOAD_WAKEUP cmp=com.google.android.apps.plus/com.google.android.apps.uploader.UploadService }
07-25 12:30:08.988 D/MediaUploader( 1248): UploadsQueue.getAllPending: elapsed msec=22
07-25 12:30:08.988 D/MediaUploader( 1248): UploadsQueue.getAllPending: elapsed msec=2
07-25 12:30:08.988 D/MediaUploader( 1248): updateQueueState: RUNNING
07-25 12:30:10.878 D/MediaUploader( 1248): PhoneStateBroadcastReceiver.onReceive: Intent { act=android.intent.action.BATTERY_CHANGED flg=0x60000000 (has extras) }
07-25 12:30:10.878 D/MediaUploader( 1248): Battery change, level - 79; plugged in - true
07-25 12:30:10.898 D/MediaUploader( 1248): updateQueueState: RUNNING
07-25 12:30:10.898 D/MediaUploader( 1248): UploadService.onHandleIntent: Intent { act=com.google.android.apps.uploader.action.UPLOAD_WAKEUP cmp=com.google.android.apps.plus/com.google.android.apps.uploader.UploadService }
07-25 12:30:10.908 D/MediaUploader( 1248): UploadsQueue.getAllPending: elapsed msec=4
07-25 12:30:10.908 D/MediaUploader( 1248): UploadsQueue.getAllPending: elapsed msec=4
07-25 12:30:10.918 D/MediaUploader( 1248): updateQueueState: RUNNING
07-25 12:30:24.898 D/MediaUploader( 1248): PhoneStateBroadcastReceiver.onReceive: Intent { act=android.intent.action.BATTERY_CHANGED flg=0x60000000 (has extras) }
07-25 12:30:24.898 D/MediaUploader( 1248): Battery change, level - 79; plugged in - true
07-25 12:30:24.918 D/MediaUploader( 1248): updateQueueState: RUNNING
07-25 12:30:24.928 D/MediaUploader( 1248): UploadService.onHandleIntent: Intent { act=com.google.android.apps.uploader.action.UPLOAD_WAKEUP cmp=com.google.android.apps.plus/com.google.android.apps.uploader.UploadService }
07-25 12:30:24.948 D/MediaUploader( 1248): UploadsQueue.getAllPending: elapsed msec=12
07-25 12:30:24.948 D/MediaUploader( 1248): UploadsQueue.getAllPending: elapsed msec=2
07-25 12:30:24.948 D/MediaUploader( 1248): updateQueueState: RUNNING
07-25 12:30:28.908 D/MediaUploader( 1248): PhoneStateBroadcastReceiver.onReceive: Intent { act=android.intent.action.BATTERY_CHANGED flg=0x60000000 (has extras) }
07-25 12:30:28.908 D/MediaUploader( 1248): Battery change, level - 79; plugged in - true
07-25 12:30:28.928 D/MediaUploader( 1248): updateQueueState: RUNNING
07-25 12:30:28.928 D/MediaUploader( 1248): UploadService.onHandleIntent: Intent { act=com.google.android.apps.uploader.action.UPLOAD_WAKEUP cmp=com.google.android.apps.plus/com.google.android.apps.uploader.UploadService }
07-25 12:30:28.938 D/MediaUploader( 1248): UploadsQueue.getAllPending: elapsed msec=3
07-25 12:30:29.088 D/dalvikvm( 225): GC_EXPLICIT freed 1167K, 41% free 7877K/13191K, external 6142K/7354K, paused 141ms
07-25 12:30:29.098 D/MediaUploader( 1248): UploadsQueue.getAllPending: elapsed msec=160
07-25 12:30:29.108 D/MediaUploader( 1248): updateQueueState: RUNNING
07-25 12:30:30.908 D/MediaUploader( 1248): PhoneStateBroadcastReceiver.onReceive: Intent { act=android.intent.action.BATTERY_CHANGED flg=0x60000000 (has extras) }
07-25 12:30:30.908 D/MediaUploader( 1248): Battery change, level - 79; plugged in - true
07-25 12:30:30.938 D/MediaUploader( 1248): updateQueueState: RUNNING
07-25 12:30:30.938 D/MediaUploader( 1248): UploadService.onHandleIntent: Intent { act=com.google.android.apps.uploader.action.UPLOAD_WAKEUP cmp=com.google.android.apps.plus/com.google.android.apps.uploader.UploadService }
07-25 12:30:30.948 D/MediaUploader( 1248): UploadsQueue.getAllPending: elapsed msec=8
07-25 12:30:30.958 D/MediaUploader( 1248): UploadsQueue.getAllPending: elapsed msec=6
07-25 12:30:30.958 D/MediaUploader( 1248): updateQueueState: RUNNING
07-25 12:30:38.928 D/MediaUploader( 1248): PhoneStateBroadcastReceiver.onReceive: Intent { act=android.intent.action.BATTERY_CHANGED flg=0x60000000 (has extras) }
07-25 12:30:38.928 D/MediaUploader( 1248): Battery change, level - 79; plugged in - true
07-25 12:30:38.948 D/MediaUploader( 1248): updateQueueState: RUNNING
07-25 12:30:38.948 D/MediaUploader( 1248): UploadService.onHandleIntent: Intent { act=com.google.android.apps.uploader.action.UPLOAD_WAKEUP cmp=com.google.android.apps.plus/com.google.android.apps.uploader.UploadService }
07-25 12:30:38.968 D/MediaUploader( 1248): UploadsQueue.getAllPending: elapsed msec=3
07-25 12:30:38.968 D/MediaUploader( 1248): UploadsQueue.getAllPending: elapsed msec=2
07-25 12:30:38.978 D/MediaUploader( 1248): updateQueueState: RUNNING
07-25 12:30:40.938 D/MediaUploader( 1248): PhoneStateBroadcastReceiver.onReceive: Intent { act=android.intent.action.BATTERY_CHANGED flg=0x60000000 (has extras) }
07-25 12:30:40.938 D/MediaUploader( 1248): Battery change, level - 79; plugged in - true
07-25 12:30:40.948 D/MediaUploader( 1248): updateQueueState: RUNNING
07-25 12:30:40.958 D/MediaUploader( 1248): UploadService.onHandleIntent: Intent { act=com.google.android.apps.uploader.action.UPLOAD_WAKEUP cmp=com.google.android.apps.plus/com.google.android.apps.uploader.UploadService }
07-25 12:30:40.968 D/MediaUploader( 1248): UploadsQueue.getAllPending: elapsed msec=4
07-25 12:30:40.968 D/MediaUploader( 1248): UploadsQueue.getAllPending: elapsed msec=6
07-25 12:30:40.978 D/MediaUploader( 1248): updateQueueState: RUNNING
07-25 12:30:48.948 D/MediaUploader( 1248): PhoneStateBroadcastReceiver.onReceive: Intent { act=android.intent.action.BATTERY_CHANGED flg=0x60000000 (has extras) }
07-25 12:30:48.948 D/MediaUploader( 1248): Battery change, level - 79; plugged in - true
07-25 12:30:48.968 D/MediaUploader( 1248): updateQueueState: RUNNING
07-25 12:30:48.978 D/MediaUploader( 1248): UploadService.onHandleIntent: Intent { act=com.google.android.apps.uploader.action.UPLOAD_WAKEUP cmp=com.google.android.apps.plus/com.google.android.apps.uploader.UploadService }
07-25 12:30:48.988 D/MediaUploader( 1248): UploadsQueue.getAllPending: elapsed msec=13
07-25 12:30:48.998 D/MediaUploader( 1248): UploadsQueue.getAllPending: elapsed msec=4
07-25 12:30:48.998 D/MediaUploader( 1248): updateQueueState: RUNNING
07-25 12:30:50.958 D/MediaUploader( 1248): PhoneStateBroadcastReceiver.onReceive: Intent { act=android.intent.action.BATTERY_CHANGED flg=0x60000000 (has extras) }
07-25 12:30:50.958 D/MediaUploader( 1248): Battery change, level - 79; plugged in - true
07-25 12:30:50.978 D/MediaUploader( 1248): updateQueueState: RUNNING
07-25 12:30:50.978 D/MediaUploader( 1248): UploadService.onHandleIntent: Intent { act=com.google.android.apps.uploader.action.UPLOAD_WAKEUP cmp=com.google.android.apps.plus/com.google.android.apps.uploader.UploadService }
07-25 12:30:50.988 D/MediaUploader( 1248): UploadsQueue.getAllPending: elapsed msec=4
07-25 12:30:51.008 D/MediaUploader( 1248): UploadsQueue.getAllPending: elapsed msec=14
07-25 12:30:51.008 D/MediaUploader( 1248): updateQueueState: RUNNING
07-25 12:30:51.058 D/dalvikvm(11107): GC_CONCURRENT freed 517K, 61% free 2676K/6727K, external 1769K/2133K, paused 1ms+11ms
07-25 12:30:51.528 I/fb_music_like(10728): Token from Helper Service = 0Q7yVnonSuMXe7scf_l-iJwFvJKAetubMQB_WrcZoLw.eyJpdiI6ImtjbC02ZjAzUlJ5aFBERUtEMFQxVHcifQ.hq3QQwkqPc5EfbLmQSdW5_fSpIoWmHJmaIVklkv2CwSyU2IIXlLPypD7LRxz8N9g8smgyUyZ63gu8Hx30sSzqi2r5KJhiGJM82naN5HT-N1qc1O3DblI103eB0Cw3Xwi
07-25 12:30:54.568 D/kernel ( 118): [55799.437500] [audio_out.c:audio_dsp_event] PCMDMAMISSED 32
07-25 12:30:54.958 D/MediaUploader( 1248): PhoneStateBroadcastReceiver.onReceive: Intent { act=android.intent.action.BATTERY_CHANGED flg=0x60000000 (has extras) }
07-25 12:30:54.958 D/MediaUploader( 1248): Battery change, level - 79; plugged in - true
07-25 12:30:54.978 D/MediaUploader( 1248): updateQueueState: RUNNING
07-25 12:30:54.988 D/MediaUploader( 1248): UploadService.onHandleIntent: Intent { act=com.google.android.apps.uploader.action.UPLOAD_WAKEUP cmp=com.google.android.apps.plus/com.google.android.apps.uploader.UploadService }
07-25 12:30:54.998 D/MediaUploader( 1248): UploadsQueue.getAllPending: elapsed msec=9
07-25 12:30:54.998 D/MediaUploader( 1248): UploadsQueue.getAllPending: elapsed msec=3
07-25 12:30:55.008 D/MediaUploader( 1248): updateQueueState: RUNNING
07-25 12:30:55.038 W/AudioTrack(15193): obtainBuffer() track 0x478648 disabled, restarting
07-25 12:30:55.588 D/kernel ( 118): [55800.457519] [audio_out.c:audio_dsp_event] PCMDMAMISSED 32
07-25 12:30:56.598 D/kernel ( 118): [55801.462524] [audio_out.c:audio_dsp_event] PCMDMAMISSED 32
07-25 12:30:56.598 W/AudioTrack(15193): obtainBuffer() track 0x478648 disabled, restarting
07-25 12:30:56.968 D/MediaUploader( 1248): PhoneStateBroadcastReceiver.onReceive: Intent { act=android.intent.action.BATTERY_CHANGED flg=0x60000000 (has extras) }
07-25 12:30:56.968 D/MediaUploader( 1248): Battery change, level - 79; plugged in - true
07-25 12:30:56.988 D/MediaUploader( 1248): updateQueueState: RUNNING
07-25 12:30:56.988 D/MediaUploader( 1248): UploadService.onHandleIntent: Intent { act=com.google.android.apps.uploader.action.UPLOAD_WAKEUP cmp=com.google.android.apps.plus/com.google.android.apps.uploader.UploadService }
07-25 12:30:56.998 D/MediaUploader( 1248): UploadsQueue.getAllPending: elapsed msec=4
07-25 12:30:57.008 D/MediaUploader( 1248): UploadsQueue.getAllPending: elapsed msec=11
07-25 12:30:57.008 D/MediaUploader( 1248): updateQueueState: RUNNING
07-25 12:30:57.348 W/AudioTrack(15193): obtainBuffer() track 0x478648 disabled, restarting
07-25 12:30:57.628 D/kernel ( 118): [55802.492553] [audio_out.c:audio_dsp_event] PCMDMAMISSED 32
07-25 12:30:58.068 W/AudioTrack(15193): obtainBuffer() track 0x478648 disabled, restarting
07-25 12:30:58.648 D/kernel ( 118): [55803.517578] [audio_out.c:audio_dsp_event] PCMDMAMISSED 32
07-25 12:30:58.838 W/AudioTrack(15193): obtainBuffer() track 0x478648 disabled, restarting
07-25 12:30:59.648 W/AudioTrack(15193): obtainBuffer() track 0x478648 disabled, restarting
07-25 12:30:59.798 D/kernel ( 118): [55804.652587] [audio_out.c:audio_dsp_event] PCMDMAMISSED 32
07-25 12:31:00.088 D/dalvikvm( 1689): GC_CONCURRENT freed 794K, 58% free 2892K/6791K, external 2014K/2197K, paused 2ms+2ms
07-25 12:31:00.258 D/dalvikvm( 1689): GC_CONCURRENT freed 722K, 58% free 2893K/6791K, external 1939K/2197K, paused 2ms+2ms
07-25 12:31:00.378 W/AudioTrack(15193): obtainBuffer() track 0x478648 disabled, restarting
07-25 12:31:00.838 D/kernel ( 118): [55805.687622] [audio_out.c:audio_dsp_event] PCMDMAMISSED 32
07-25 12:31:01.118 W/AudioTrack(15193): obtainBuffer() track 0x478648 disabled, restarting
07-25 12:31:01.828 D/kernel ( 118): [55806.697631] [audio_out.c:audio_dsp_event] PCMDMAMISSED 32
07-25 12:31:01.898 W/AudioTrack(15193): obtainBuffer() track 0x478648 disabled, restarting
07-25 12:31:02.728 W/AudioTrack(15193): obtainBuffer() track 0x478648 disabled, restarting
07-25 12:31:02.868 D/kernel ( 118): [55807.732666] [audio_out.c:audio_dsp_event] PCMDMAMISSED 32
07-25 12:31:03.479 W/AudioTrack(15193): obtainBuffer() track 0x478648 disabled, restarting
07-25 12:31:03.898 D/kernel ( 118): [55808.762695] [audio_out.c:audio_dsp_event] PCMDMAMISSED 32
07-25 12:31:04.258 W/AudioTrack(15193): obtainBuffer() track 0x478648 disabled, restarting
07-25 12:31:04.938 D/kernel ( 118): [55809.797729] [audio_out.c:audio_dsp_event] PCMDMAMISSED 32
07-25 12:31:05.078 W/AudioTrack(15193): obtainBuffer() track 0x478648 disabled, restarting
07-25 12:31:05.848 W/AudioTrack(15193): obtainBuffer() track 0x478648 disabled, restarting
07-25 12:31:05.968 D/kernel ( 118): [55810.832763] [audio_out.c:audio_dsp_event] PCMDMAMISSED 32
07-25 12:31:06.650 W/AudioTrack(15193): obtainBuffer() track 0x478648 disabled, restarting
07-25 12:31:06.988 D/MediaUploader( 1248): PhoneStateBroadcastReceiver.onReceive: Intent { act=android.intent.action.BATTERY_CHANGED flg=0x60000000 (has extras) }
07-25 12:31:06.988 D/MediaUploader( 1248): Battery change, level - 79; plugged in - true
07-25 12:31:06.998 D/kernel ( 118): [55811.862762] [audio_out.c:audio_dsp_event] PCMDMAMISSED 32
07-25 12:31:07.018 D/MediaUploader( 1248): updateQueueState: RUNNING
07-25 12:31:07.018 D/MediaUploader( 1248): UploadService.onHandleIntent: Intent { act=com.google.android.apps.uploader.action.UPLOAD_WAKEUP cmp=com.google.android.apps.plus/com.google.android.apps.uploader.UploadService }
07-25 12:31:07.038 D/MediaUploader( 1248): UploadsQueue.getAllPending: elapsed msec=10
07-25 12:31:07.038 D/MediaUploader( 1248): UploadsQueue.getAllPending: elapsed msec=7
07-25 12:31:07.048 D/MediaUploader( 1248): updateQueueState: RUNNING
07-25 12:31:07.448 W/AudioTrack(15193): obtainBuffer() track 0x478648 disabled, restarting
07-25 12:31:08.028 D/kernel ( 118): [55812.897796] [audio_out.c:audio_dsp_event] PCMDMAMISSED 32
07-25 12:31:08.258 W/AudioTrack(15193): obtainBuffer() track 0x478648 disabled, restarting
07-25 12:31:08.998 D/MediaUploader( 1248): PhoneStateBroadcastReceiver.onReceive: Intent { act=android.intent.action.BATTERY_CHANGED flg=0x60000000 (has extras) }
07-25 12:31:08.998 D/MediaUploader( 1248): Battery change, level - 79; plugged in - true
07-25 12:31:09.018 D/MediaUploader( 1248): updateQueueState: RUNNING
07-25 12:31:09.018 D/MediaUploader( 1248): UploadService.onHandleIntent: Intent { act=com.google.android.apps.uploader.action.UPLOAD_WAKEUP cmp=com.google.android.apps.plus/com.google.android.apps.uploader.UploadService }
07-25 12:31:09.018 D/MediaUploader( 1248): UploadsQueue.getAllPending: elapsed msec=3
07-25 12:31:09.028 D/MediaUploader( 1248): UploadsQueue.getAllPending: elapsed msec=2
07-25 12:31:09.028 D/MediaUploader( 1248): updateQueueState: RUNNING
07-25 12:31:09.038 D/kernel ( 118): [55813.907806] [audio_out.c:audio_dsp_event] PCMDMAMISSED 32
07-25 12:31:09.038 W/AudioTrack(15193): obtainBuffer() track 0x478648 disabled, restarting
07-25 12:31:09.808 W/AudioTrack(15193): obtainBuffer() track 0x478648 disabled, restarting
07-25 12:31:10.058 D/kernel ( 118): [55814.922821] [audio_out.c:audio_dsp_event] PCMDMAMISSED 32
07-25 12:31:10.568 W/AudioTrack(15193): obtainBuffer() track 0x478648 disabled, restarting
07-25 12:31:11.068 D/kernel ( 118): [55815.937835] [audio_out.c:audio_dsp_event] PCMDMAMISSED 32
07-25 12:31:11.388 W/AudioTrack(15193): obtainBuffer() track 0x478648 disabled, restarting
07-25 12:31:12.078 D/kernel ( 118): [55816.942871] [audio_out.c:audio_dsp_event] PCMDMAMISSED 32
07-25 12:31:12.188 W/AudioTrack(15193): obtainBuffer() track 0x478648 disabled, restarting
07-25 12:31:12.928 W/AudioTrack(15193): obtainBuffer() track 0x478648 disabled, restarting
07-25 12:31:13.098 D/kernel ( 118): [55817.962921] [audio_out.c:audio_dsp_event] PCMDMAMISSED 32
07-25 12:31:13.718 W/AudioTrack(15193): obtainBuffer() track 0x478648 disabled, restarting
07-25 12:31:14.118 D/kernel ( 118): [55818.987915] [audio_out.c:audio_dsp_event] PCMDMAMISSED 32
07-25 12:31:14.488 W/AudioTrack(15193): obtainBuffer() track 0x478648 disabled, restarting
07-25 12:31:15.008 D/MediaUploader( 1248): PhoneStateBroadcastReceiver.onReceive: Intent { act=android.intent.action.BATTERY_CHANGED flg=0x60000000 (has extras) }
07-25 12:31:15.008 D/MediaUploader( 1248): Battery change, level - 79; plugged in - true
07-25 12:31:15.028 D/MediaUploader( 1248): updateQueueState: RUNNING
07-25 12:31:15.028 D/MediaUploader( 1248): UploadService.onHandleIntent: Intent { act=com.google.android.apps.uploader.action.UPLOAD_WAKEUP cmp=com.google.android.apps.plus/com.google.android.apps.uploader.UploadService }
07-25 12:31:15.038 D/MediaUploader( 1248): UploadsQueue.getAllPending: elapsed msec=3
07-25 12:31:15.048 D/MediaUploader( 1248): UploadsQueue.getAllPending: elapsed msec=2
07-25 12:31:15.048 D/MediaUploader( 1248): updateQueueState: RUNNING
07-25 12:31:15.138 D/kernel ( 118): [55819.997955] [audio_out.c:audio_dsp_event] PCMDMAMISSED 32
07-25 12:31:15.248 W/AudioTrack(15193): obtainBuffer() track 0x478648 disabled, restarting
07-25 12:31:16.038 W/AudioTrack(15193): obtainBuffer() track 0x478648 disabled, restarting
07-25 12:31:16.138 D/kernel ( 118): [55821.002960] [audio_out.c:audio_dsp_event] PCMDMAMISSED 32
07-25 12:31:16.828 W/AudioTrack(15193): obtainBuffer() track 0x478648 disabled, restarting
07-25 12:31:17.008 D/MediaUploader( 1248): PhoneStateBroadcastReceiver.onReceive: Intent { act=android.intent.action.BATTERY_CHANGED flg=0x60000000 (has extras) }
07-25 12:31:17.008 D/MediaUploader( 1248): Battery change, level - 79; plugged in - true
07-25 12:31:17.028 D/MediaUploader( 1248): updateQueueState: RUNNING
07-25 12:31:17.028 D/MediaUploader( 1248): UploadService.onHandleIntent: Intent { act=com.google.android.apps.uploader.action.UPLOAD_WAKEUP cmp=com.google.android.apps.plus/com.google.android.apps.uploader.UploadService }
07-25 12:31:17.038 D/MediaUploader( 1248): UploadsQueue.getAllPending: elapsed msec=4
07-25 12:31:17.048 D/MediaUploader( 1248): UploadsQueue.getAllPending: elapsed msec=7
07-25 12:31:17.048 D/MediaUploader( 1248): updateQueueState: RUNNING
07-25 12:31:17.148 D/kernel ( 118): [55822.017974] [audio_out.c:audio_dsp_event] PCMDMAMISSED 32
07-25 12:31:17.598 W/AudioTrack(15193): obtainBuffer() track 0x478648 disabled, restarting
07-25 12:31:18.168 D/kernel ( 118): [55823.033020] [audio_out.c:audio_dsp_event] PCMDMAMISSED 32
07-25 12:31:18.378 W/AudioTrack(15193): obtainBuffer() track 0x478648 disabled, restarting
07-25 12:31:19.158 W/AudioTrack(15193): obtainBuffer() track 0x478648 disabled, restarting
07-25 12:31:19.218 D/kernel ( 118): [55824.088073] [audio_out.c:audio_dsp_event] PCMDMAMISSED 32
07-25 12:31:19.968 W/AudioTrack(15193): obtainBuffer() track 0x478648 disabled, restarting
07-25 12:31:20.248 D/kernel ( 118): [55825.118041] [audio_out.c:audio_dsp_event] PCMDMAMISSED 32
07-25 12:31:20.738 W/AudioTrack(15193): obtainBuffer() track 0x478648 disabled, restarting
07-25 12:31:21.018 D/MediaUploader( 1248): PhoneStateBroadcastReceiver.onReceive: Intent { act=android.intent.action.BATTERY_CHANGED flg=0x60000000 (has extras) }
07-25 12:31:21.018 D/MediaUploader( 1248): Battery change, level - 79; plugged in - true
07-25 12:31:21.038 D/MediaUploader( 1248): updateQueueState: RUNNING
07-25 12:31:21.038 D/MediaUploader( 1248): UploadService.onHandleIntent: Intent { act=com.google.android.apps.uploader.action.UPLOAD_WAKEUP cmp=com.google.android.apps.plus/com.google.android.apps.uploader.UploadService }
07-25 12:31:21.048 D/MediaUploader( 1248): UploadsQueue.getAllPending: elapsed msec=3
07-25 12:31:21.058 D/MediaUploader( 1248): UploadsQueue.getAllPending: elapsed msec=6
07-25 12:31:21.058 D/MediaUploader( 1248): updateQueueState: RUNNING
07-25 12:31:21.268 D/kernel ( 118): [55826.138061] [audio_out.c:audio_dsp_event] PCMDMAMISSED 32
07-25 12:31:21.479 W/AudioTrack(15193): obtainBuffer() track 0x478648 disabled, restarting
07-25 12:31:22.298 D/kernel ( 118): [55827.163085] [audio_out.c:audio_dsp_event] PCMDMAMISSED 32
07-25 12:31:22.298 W/AudioTrack(15193): obtainBuffer() track 0x478648 disabled, restarting
07-25 12:31:23.048 D/MediaUploader( 1248): PhoneStateBroadcastReceiver.onReceive: Intent { act=android.intent.action.BATTERY_CHANGED flg=0x60000000 (has extras) }
07-25 12:31:23.048 D/MediaUploader( 1248): Battery change, level - 79; plugged in - true
07-25 12:31:23.078 W/AudioTrack(15193): obtainBuffer() track 0x478648 disabled, restarting
07-25 12:31:23.168 D/MediaUploader( 1248): updateQueueState: RUNNING
07-25 12:31:23.168 D/MediaUploader( 1248): UploadService.onHandleIntent: Intent { act=com.google.android.apps.uploader.action.UPLOAD_WAKEUP cmp=com.google.android.apps.plus/com.google.android.apps.uploader.UploadService }
07-25 12:31:23.178 D/MediaUploader( 1248): UploadsQueue.getAllPending: elapsed msec=2
07-25 12:31:23.178 D/MediaUploader( 1248): UploadsQueue.getAllPending: elapsed msec=2
07-25 12:31:23.178 D/MediaUploader( 1248): updateQueueState: RUNNING
07-25 12:31:23.328 D/kernel ( 118): [55828.188140] [audio_out.c:audio_dsp_event] PCMDMAMISSED 32
07-25 12:31:23.819 W/AudioTrack(15193): obtainBuffer() track 0x478648 disabled, restarting
07-25 12:31:24.348 D/kernel ( 118): [55829.213134] [audio_out.c:audio_dsp_event] PCMDMAMISSED 32
07-25 12:31:24.580 W/AudioTrack(15193): obtainBuffer() track 0x478648 disabled, restarting
07-25 12:31:25.378 D/kernel ( 118): [55830.248168] [audio_out.c:audio_dsp_event] PCMDMAMISSED 32
07-25 12:31:25.378 W/AudioTrack(15193): obtainBuffer() track 0x478648 disabled, restarting