D/BugSenseHandler(20497): Looking for exceptions in: /data/data/com.mediaportal.ampdroid/files
I/ActivityManager( 2695): Displayed com.mediaportal.ampdroid/.activities.WelcomeScreenActivity: +570ms
I/InputDispatcher( 2695): Delivering touch to current input target: action: 0, channel '40beaa68 com.mediaportal.ampdroid/com.mediaportal.ampdroid.activities.WelcomeScreenActivity (server)'
I/InputDispatcher( 2695): Delivering touch to current input target: action: 1, channel '40beaa68 com.mediaportal.ampdroid/com.mediaportal.ampdroid.activities.WelcomeScreenActivity (server)'
I/aMPdroid(20497): Connecting WifiRemote: 82.45.251.215:8017
E/aMPdroid(20497): java.net.SocketTimeoutException: Connection timed out
D/aMPdroid(20497): Position -> up
I/Ads (20497): adRequestUrlHtml:
I/ActivityManager( 2695): Displayed com.mediaportal.ampdroid/.activities.HomeActivity: +820ms
I/Ads (20497): Received ad url: <"url": "http://googleads.g.doubleclick.net:80/mads/gma?preqs=0&u_sd=1.5&slotname=a14df2720e7131d&u_w=320&msid=com.mediaportal.ampdroid&js=afma-sdk-a-v4.1.0&isu=860723FE35E41E7975B9B3B6B956988F&format=320x50_mb&net=wi&app_name=11.android.com.mediaportal.ampdroid&hl=en&u_h=533&u_audio=1&u_so=p&output=html®ion=mobile_app&u_tz=0&ex=1&client_sdk=1", "afmaNotifyDt": "null">
D/aMPdroid(20497): Received Ad
I/InputDispatcher( 2695): Delivering touch to current input target: action: 0, channel '408a5f38 com.mediaportal.ampdroid/com.mediaportal.ampdroid.activities.HomeActivity (server)'
I/InputDispatcher( 2695): Delivering touch to current input target: action: 1, channel '408a5f38 com.mediaportal.ampdroid/com.mediaportal.ampdroid.activities.HomeActivity (server)'
I/aMPdroid(20497): Getting GmaWebservice functions: 82.45.251.215:4321@admin:admin
I/aMPdroid(20497): Successfully connected to GmaWebservice
D/aMPdroid(20497): Connected to WebService version 1.0.0.0
I/InputDispatcher( 2695): Delivering touch to current input target: action: 0, channel '40b7dbd8 com.mediaportal.ampdroid/com.mediaportal.ampdroid.activities.MediaActivity (server)'
I/InputDispatcher( 2695): Delivering touch to current input target: action: 1, channel '40b7dbd8 com.mediaportal.ampdroid/com.mediaportal.ampdroid.activities.MediaActivity (server)'
I/InputDispatcher( 2695): Delivering touch to current input target: action: 0, channel '40b7dbd8 com.mediaportal.ampdroid/com.mediaportal.ampdroid.activities.MediaActivity (server)'
I/InputDispatcher( 2695): Delivering touch to current input target: action: 1, channel '40b7dbd8 com.mediaportal.ampdroid/com.mediaportal.ampdroid.activities.MediaActivity (server)'
I/InputDispatcher( 2695): Delivering touch to current input target: action: 0, channel '40b7dbd8 com.mediaportal.ampdroid/com.mediaportal.ampdroid.activities.MediaActivity (server)'
I/InputDispatcher( 2695): Delivering touch to current input target: action: 1, channel '40b7dbd8 com.mediaportal.ampdroid/com.mediaportal.ampdroid.activities.MediaActivity (server)'
I/InputDispatcher( 2695): Delivering touch to current input target: action: 0, channel '40b7dbd8 com.mediaportal.ampdroid/com.mediaportal.ampdroid.activities.MediaActivity (server)'
I/InputDispatcher( 2695): Delivering touch to current input target: action: 1, channel '40b7dbd8 com.mediaportal.ampdroid/com.mediaportal.ampdroid.activities.MediaActivity (server)'
I/InputDispatcher( 2695): Delivering touch to current input target: action: 0, channel '40b7dbd8 com.mediaportal.ampdroid/com.mediaportal.ampdroid.activities.MediaActivity (server)'
I/InputDispatcher( 2695): Delivering touch to current input target: action: 1, channel '40b7dbd8 com.mediaportal.ampdroid/com.mediaportal.ampdroid.activities.MediaActivity (server)'
I/InputDispatcher( 2695): Delivering touch to current input target: action: 0, channel '40b7dbd8 com.mediaportal.ampdroid/com.mediaportal.ampdroid.activities.MediaActivity (server)'
I/InputDispatcher( 2695): Delivering touch to current input target: action: 1, channel '40b7dbd8 com.mediaportal.ampdroid/com.mediaportal.ampdroid.activities.MediaActivity (server)'
I/ActivityManager( 2695): Displayed com.mediaportal.ampdroid/.activities.MediaActivity: +13s4ms
I/InputDispatcher( 2695): Delivering touch to current input target: action: 0, channel '40b7dbd8 com.mediaportal.ampdroid/com.mediaportal.ampdroid.activities.MediaActivity (server)'
I/InputDispatcher( 2695): Delivering touch to current input target: action: 1, channel '40b7dbd8 com.mediaportal.ampdroid/com.mediaportal.ampdroid.activities.MediaActivity (server)'
I/InputDispatcher( 2695): Delivering touch to current input target: action: 0, channel '40b7dbd8 com.mediaportal.ampdroid/com.mediaportal.ampdroid.activities.MediaActivity (server)'
I/InputDispatcher( 2695): Delivering touch to current input target: action: 1, channel '40b7dbd8 com.mediaportal.ampdroid/com.mediaportal.ampdroid.activities.MediaActivity (server)'
I/InputDispatcher( 2695): Delivering touch to current input target: action: 0, channel '40b7dbd8 com.mediaportal.ampdroid/com.mediaportal.ampdroid.activities.MediaActivity (server)'
I/InputDispatcher( 2695): Delivering touch to current input target: action: 1, channel '40b7dbd8 com.mediaportal.ampdroid/com.mediaportal.ampdroid.activities.MediaActivity (server)'
D/aMPdroid(20497): Finished adding 9 episodes to listview
D/aMPdroid(20497): Episode loading complete, set adapter loading to false
I/InputDispatcher( 2695): Delivering touch to current input target: action: 0, channel '40b7dbd8 com.mediaportal.ampdroid/com.mediaportal.ampdroid.activities.MediaActivity (server)'
I/InputDispatcher( 2695): Delivering touch to current input target: action: 1, channel '40b7dbd8 com.mediaportal.ampdroid/com.mediaportal.ampdroid.activities.MediaActivity (server)'
I/InputDispatcher( 2695): Delivering touch to current input target: action: 0, channel '40b7dbd8 com.mediaportal.ampdroid/com.mediaportal.ampdroid.activities.MediaActivity (server)'
I/InputDispatcher( 2695): Delivering touch to current input target: action: 1, channel '40b7dbd8 com.mediaportal.ampdroid/com.mediaportal.ampdroid.activities.MediaActivity (server)'
I/InputDispatcher( 2695): Delivering touch to current input target: action: 0, channel '40b7dbd8 com.mediaportal.ampdroid/com.mediaportal.ampdroid.activities.MediaActivity (server)'
I/InputDispatcher( 2695): Delivering touch to current input target: action: 1, channel '40b7dbd8 com.mediaportal.ampdroid/com.mediaportal.ampdroid.activities.MediaActivity (server)'
I/aMPdroid(20497): getting playback session state from db
E/aMPdroid(20497): java.io.EOFException: No content to map to Object due to end of input
E/aMPdroid(20497): Error parsing result from JSON method GetFileInfo
E/aMPdroid(20497): java.io.EOFException: No content to map to Object due to end of input
E/aMPdroid(20497): Error parsing result from JSON method GetMediaInfo
I/ActivityManager( 2695): Displayed com.mediaportal.ampdroid/.activities.videoplayback.StreamingDetailsActivity: +401ms
I/InputDispatcher( 2695): Delivering touch to current input target: action: 0, channel '40c3b310 com.mediaportal.ampdroid/com.mediaportal.ampdroid.activities.videoplayback.StreamingDetailsActivity (server)'
I/InputDispatcher( 2695): Delivering touch to current input target: action: 1, channel '40c3b310 com.mediaportal.ampdroid/com.mediaportal.ampdroid.activities.videoplayback.StreamingDetailsActivity (server)'
D/aMPdroid(20497): MediaPlayer: start from fresh state
D/aMPdroid(20497): MediaPlayer onResume
E/aMPdroid(20497): java.io.EOFException: No content to map to Object due to end of input
E/aMPdroid(20497): Error parsing result from JSON method GetFileInfo
I/ActivityManager( 2695): Displayed com.mediaportal.ampdroid/.activities.videoplayback.VideoStreamingPlayerActivity: +241ms
E/aMPdroid(20497): java.io.EOFException: No content to map to Object due to end of input
E/aMPdroid(20497): Error parsing result from JSON method GetMediaInfo
I/aMPdroid(20497): Initialising Media Stream
D/aMPdroid(20497): MediaPlayer surfaceCreated
D/aMPdroid(20497): MediaPlayer surfaceChanged
E/aMPdroid(20497): Error retrieving data for methodGetTranscodingInfo
I/aMPdroid(20497): New Streaming url: http://82.45.251.215:4321/GmaWebService/MediaAccessService/stream/RetrieveStream?identifier=aMPdroid.1305087771.ts
I/InputDispatcher( 2695): Delivering touch to current input target: action: 0, channel '40ec72b0 com.mediaportal.ampdroid/com.mediaportal.ampdroid.activities.videoplayback.VideoStreamingPlayerActivity (server)'
I/InputDispatcher( 2695): Delivering touch to current input target: action: 1, channel '40ec72b0 com.mediaportal.ampdroid/com.mediaportal.ampdroid.activities.videoplayback.VideoStreamingPlayerActivity (server)'
D/aMPdroid(20497): MediaPlayer onPause
I/aMPdroid(20497): Saving playback session state to db
E/aMPdroid(20497): Error retrieving data for methodGetTranscodingInfo
D/aMPdroid(20497): MediaPlayer surfaceDestroyed
D/aMPdroid(20497): MediaPlayer onStop
D/MoviePlayer(20689): init() - mUri : http://82.45.251.215:4321/GmaWebService/MediaAccessService/stream/RetrieveStream?identifier=aMPdroid.1305087771.ts, filename :http://82.45.251.215:4321/GmaWebService/MediaAccessService/stream/RetrieveStream?identifier=aMPdroid.1305087771.ts, scheme : http
E/VideoServiceUtil(20689): VideoServiceUtil.getVideoUri() originally returned:http://82.45.251.215:4321/GmaWebService/MediaAccessService/stream/RetrieveStream?identifier=aMPdroid.1305087771.ts
E/VideoServiceUtil(20689): VideoServiceUtil.getVideoUri() returned after substring:http://82.45.251.215:4321/GmaWebService/MediaAccessService/stream/RetrieveStream?identifier=aMPdroid.1305087771.ts
D/VideoServiceUtil(20689): startPlayback() - strVideo_uri : http://82.45.251.215:4321/GmaWebService/MediaAccessService/stream/RetrieveStream?identifier=aMPdroid.1305087771.ts
D/MoviePlaybackService(20689): TouchPlayer :: setDataSourcePrepare() : start. URI : http://82.45.251.215:4321/GmaWebService/MediaAccessService/stream/RetrieveStream?identifier=aMPdroid.1305087771.ts
D/MoviePlaybackService(20689): setDataSourceAsync() - Uri : http://82.45.251.215:4321/GmaWebService/MediaAccessService/stream/RetrieveStream?identifier=aMPdroid.1305087771.ts
I/MediaPlayer(20689): uri is:http://82.45.251.215:4321/GmaWebService/MediaAccessService/stream/RetrieveStream?identifier=aMPdroid.1305087771.ts
I/StagefrightPlayer( 2587): setDataSource('http://82.45.251.215:4321/GmaWebService/MediaAccessService/stream/RetrieveStream?identifier=aMPdroid.1305087771.ts')
V/AwesomePlayer( 2587): setDataSource (http://82.45.251.215:4321/GmaWebService/MediaAccessService/stream/RetrieveStream?identifier=aMPdroid.1305087771.ts)
I/NuHTTPDataSource( 2587): connect_l to 82.45.251.215:4321/GmaWebService/MediaAccessService/stream/RetrieveStream?identifier=aMPdroid.1305087771.ts @0
D/MoviePlaybackService(20689): getDispalyName(): browser typehttp://82.45.251.215:4321/GmaWebService/MediaAccessService/stream/RetrieveStream?identifier=aMPdroid.1305087771.ts
D/VideoSurface(20689): setTitleName() - name : RetrieveStream?identifier=aMPdroid.1305087771
D/VideoTitleController(20689): updateTitle() text - RetrieveStream?identifier=aMPdroid.1305087771
I/aMPdroid(20497): New Streaming url: http://82.45.251.215:4321/GmaWebService/MediaAccessService/stream/RetrieveStream?identifier=aMPdroid.1305087771.ts
D/aMPdroid(20497): MediaPlayer onResume
D/aMPdroid(20497): MediaPlayer surfaceCreated
D/aMPdroid(20497): MediaPlayer surfaceChanged
I/aMPdroid(20497): New Streaming url: http://82.45.251.215:4321/GmaWebService/MediaAccessService/stream/RetrieveStream?identifier=aMPdroid.1305087771.ts
E/aMPdroid(20497): Error retrieving data for methodGetTranscodingInfo
I/InputDispatcher( 2695): Delivering touch to current input target: action: 0, channel '40ec72b0 com.mediaportal.ampdroid/com.mediaportal.ampdroid.activities.videoplayback.VideoStreamingPlayerActivity (server)'
I/InputDispatcher( 2695): Delivering touch to current input target: action: 1, channel '40ec72b0 com.mediaportal.ampdroid/com.mediaportal.ampdroid.activities.videoplayback.VideoStreamingPlayerActivity (server)'
D/aMPdroid(20497): MediaPlayer onPause
I/aMPdroid(20497): Saving playback session state to db
D/aMPdroid(20497): MediaPlayer onStop
D/aMPdroid(20497): MediaPlayer surfaceDestroyed
D/VPlayer (18173): http://82.45.251.215:4321/GmaWebService/MediaAccessService/stream/RetrieveStream?identifier=aMPdroid.-1271890843.ts => http://82.45.251.215:4321/GmaWebService/MediaAccessService/stream/RetrieveStream?identifier=aMPdroid.1305087771.ts
I/VPlayer (18173): OPEN FILE http://82.45.251.215:4321/GmaWebService/MediaAccessService/stream/RetrieveStream?identifier=aMPdroid.1305087771.ts
D/aMPdroid(20497): MediaPlayer onResume
I/aMPdroid(20497): New Streaming url: http://82.45.251.215:4321/GmaWebService/MediaAccessService/stream/RetrieveStream?identifier=aMPdroid.1305087771.ts
D/aMPdroid(20497): MediaPlayer surfaceCreated
D/aMPdroid(20497): MediaPlayer surfaceChanged
E/aMPdroid(20497): Error retrieving data for methodGetTranscodingInfo
I/aMPdroid(20497): New Streaming url: http://82.45.251.215:4321/GmaWebService/MediaAccessService/stream/RetrieveStream?identifier=aMPdroid.1305087771.ts
I/InputDispatcher( 2695): Delivering key to current input target: action: 0, channel '40ec72b0 com.mediaportal.ampdroid/com.mediaportal.ampdroid.activities.videoplayback.VideoStreamingPlayerActivity (server)'
I/InputDispatcher( 2695): Delivering key to current input target: action: 1, channel '40ec72b0 com.mediaportal.ampdroid/com.mediaportal.ampdroid.activities.videoplayback.VideoStreamingPlayerActivity (server)'
D/aMPdroid(20497): MediaPlayer onPause
I/aMPdroid(20497): Saving playback session state to db
I/aMPdroid(20497): getting playback session state from db
D/aMPdroid(20497): MediaPlayer surfaceDestroyed
D/aMPdroid(20497): MediaPlayer onStop
D/aMPdroid(20497): MediaPlayer onDestroy
E/aMPdroid(20497): java.io.EOFException: No content to map to Object due to end of input
E/aMPdroid(20497): Error parsing result from JSON method GetFileInfo
E/aMPdroid(20497): java.io.EOFException: No content to map to Object due to end of input
E/aMPdroid(20497): Error parsing result from JSON method GetMediaInfo
I/aMPdroid(20497): New Streaming url: http://82.45.251.215:4321/GmaWebService/MediaAccessService/stream/RetrieveStream?identifier=aMPdroid.1305087771.ts
I/InputDispatcher( 2695): Delivering key to current input target: action: 0, channel '40c3b310 com.mediaportal.ampdroid/com.mediaportal.ampdroid.activities.videoplayback.StreamingDetailsActivity (server)'
I/InputDispatcher( 2695): Delivering key to current input target: action: 1, channel '40c3b310 com.mediaportal.ampdroid/com.mediaportal.ampdroid.activities.videoplayback.StreamingDetailsActivity (server)'
I/InputDispatcher( 2695): Delivering touch to current input target: action: 0, channel '40b7dbd8 com.mediaportal.ampdroid/com.mediaportal.ampdroid.activities.MediaActivity (server)'
I/InputDispatcher( 2695): Delivering touch to current input target: action: 1, channel '40b7dbd8 com.mediaportal.ampdroid/com.mediaportal.ampdroid.activities.MediaActivity (server)'
E/aMPdroid(20497): java.io.EOFException: No content to map to Object due to end of input
E/aMPdroid(20497): Error parsing result from JSON method GetFileInfo
I/InputDispatcher( 2695): Delivering touch to current input target: action: 0, channel '40b7dbd8 com.mediaportal.ampdroid/com.mediaportal.ampdroid.activities.MediaActivity (server)'
I/InputDispatcher( 2695): Delivering touch to current input target: action: 1, channel '40b7dbd8 com.mediaportal.ampdroid/com.mediaportal.ampdroid.activities.MediaActivity (server)'
I/InputDispatcher( 2695): Delivering touch to current input target: action: 0, channel '40b7dbd8 com.mediaportal.ampdroid/com.mediaportal.ampdroid.activities.MediaActivity (server)'
I/InputDispatcher( 2695): Delivering touch to current input target: action: 1, channel '40b7dbd8 com.mediaportal.ampdroid/com.mediaportal.ampdroid.activities.MediaActivity (server)'
I/InputDispatcher( 2695): Delivering touch to current input target: action: 0, channel '40b7dbd8 com.mediaportal.ampdroid/com.mediaportal.ampdroid.activities.MediaActivity (server)'
I/InputDispatcher( 2695): Delivering touch to current input target: action: 1, channel '40b7dbd8 com.mediaportal.ampdroid/com.mediaportal.ampdroid.activities.MediaActivity (server)'
I/InputDispatcher( 2695): Delivering touch to current input target: action: 0, channel '40b7dbd8 com.mediaportal.ampdroid/com.mediaportal.ampdroid.activities.MediaActivity (server)'
I/InputDispatcher( 2695): Delivering touch to current input target: action: 1, channel '40b7dbd8 com.mediaportal.ampdroid/com.mediaportal.ampdroid.activities.MediaActivity (server)'
E/aMPdroid(20497): java.io.EOFException: No content to map to Object due to end of input
E/aMPdroid(20497): Error parsing result from JSON method GetFileInfo