I/ActivityManager( 2695): Displayed com.mediaportal.ampdroid/.activities.WelcomeScreenActivity: +311ms
I/InputDispatcher( 2695): Delivering touch to current input target: action: 0, channel '40aa90f8 com.mediaportal.ampdroid/com.mediaportal.ampdroid.activities.WelcomeScreenActivity (server)'
I/InputDispatcher( 2695): Delivering touch to current input target: action: 1, channel '40aa90f8 com.mediaportal.ampdroid/com.mediaportal.ampdroid.activities.WelcomeScreenActivity (server)'
I/aMPdroid( 4502): Connecting WifiRemote: 82.45.251.215:8017
E/aMPdroid( 4502): java.net.SocketTimeoutException: Connection timed out
D/aMPdroid( 4502): Position -> up
I/Ads ( 4502): adRequestUrlHtml:
I/ActivityManager( 2695): Displayed com.mediaportal.ampdroid/.activities.HomeActivity: +414ms
I/Ads ( 4502): Received ad url: <"url": "http://googleads.g.doubleclick.net:80/mads/gma?preqs=1&u_sd=1.5&slotname=a14df2720e7131d&u_w=320&msid=com.mediaportal.ampdroid&js=afma-sdk-a-v4.1.0&isu=860723FE35E41E7975B9B3B6B956988F&format=320x50_mb&net=wi&app_name=11.android.com.mediaportal.ampdroid&hl=en&u_h=533&u_audio=1&u_so=p&output=html®ion=mobile_app&u_tz=0&ex=1&client_sdk=1&askip=1", "afmaNotifyDt": "null">
D/aMPdroid( 4502): Received Ad
I/InputDispatcher( 2695): Delivering touch to current input target: action: 0, channel '40a15a68 com.mediaportal.ampdroid/com.mediaportal.ampdroid.activities.HomeActivity (server)'
I/InputDispatcher( 2695): Delivering touch to current input target: action: 1, channel '40a15a68 com.mediaportal.ampdroid/com.mediaportal.ampdroid.activities.HomeActivity (server)'
I/aMPdroid( 4502): Getting GmaWebservice functions: 82.45.251.215:4321@admin:admin
I/aMPdroid( 4502): Successfully connected to GmaWebservice
D/aMPdroid( 4502): Connected to WebService version 1.0.0.0
I/InputDispatcher( 2695): Delivering touch to current input target: action: 0, channel '40ab0528 com.mediaportal.ampdroid/com.mediaportal.ampdroid.activities.MediaActivity (server)'
I/InputDispatcher( 2695): Delivering touch to current input target: action: 1, channel '40ab0528 com.mediaportal.ampdroid/com.mediaportal.ampdroid.activities.MediaActivity (server)'
I/InputDispatcher( 2695): Delivering touch to current input target: action: 0, channel '40ab0528 com.mediaportal.ampdroid/com.mediaportal.ampdroid.activities.MediaActivity (server)'
I/InputDispatcher( 2695): Delivering touch to current input target: action: 1, channel '40ab0528 com.mediaportal.ampdroid/com.mediaportal.ampdroid.activities.MediaActivity (server)'
I/InputDispatcher( 2695): Delivering touch to current input target: action: 0, channel '40ab0528 com.mediaportal.ampdroid/com.mediaportal.ampdroid.activities.MediaActivity (server)'
I/InputDispatcher( 2695): Delivering touch to current input target: action: 1, channel '40ab0528 com.mediaportal.ampdroid/com.mediaportal.ampdroid.activities.MediaActivity (server)'
I/InputDispatcher( 2695): Delivering touch to current input target: action: 0, channel '40ab0528 com.mediaportal.ampdroid/com.mediaportal.ampdroid.activities.MediaActivity (server)'
I/InputDispatcher( 2695): Delivering touch to current input target: action: 1, channel '40ab0528 com.mediaportal.ampdroid/com.mediaportal.ampdroid.activities.MediaActivity (server)'
I/InputDispatcher( 2695): Delivering touch to current input target: action: 0, channel '40ab0528 com.mediaportal.ampdroid/com.mediaportal.ampdroid.activities.MediaActivity (server)'
I/InputDispatcher( 2695): Delivering touch to current input target: action: 1, channel '40ab0528 com.mediaportal.ampdroid/com.mediaportal.ampdroid.activities.MediaActivity (server)'
I/InputDispatcher( 2695): Delivering touch to current input target: action: 0, channel '40ab0528 com.mediaportal.ampdroid/com.mediaportal.ampdroid.activities.MediaActivity (server)'
I/InputDispatcher( 2695): Delivering touch to current input target: action: 1, channel '40ab0528 com.mediaportal.ampdroid/com.mediaportal.ampdroid.activities.MediaActivity (server)'
I/ActivityManager( 2695): Displayed com.mediaportal.ampdroid/.activities.MediaActivity: +11s534ms
I/InputDispatcher( 2695): Delivering touch to current input target: action: 0, channel '40ab0528 com.mediaportal.ampdroid/com.mediaportal.ampdroid.activities.MediaActivity (server)'
I/InputDispatcher( 2695): Delivering touch to current input target: action: 1, channel '40ab0528 com.mediaportal.ampdroid/com.mediaportal.ampdroid.activities.MediaActivity (server)'
I/InputDispatcher( 2695): Delivering touch to current input target: action: 0, channel '40ab0528 com.mediaportal.ampdroid/com.mediaportal.ampdroid.activities.MediaActivity (server)'
I/InputDispatcher( 2695): Delivering touch to current input target: action: 1, channel '40ab0528 com.mediaportal.ampdroid/com.mediaportal.ampdroid.activities.MediaActivity (server)'
I/aMPdroid( 4502): getting playback session state from db
I/ActivityManager( 2695): Displayed com.mediaportal.ampdroid/.activities.videoplayback.StreamingDetailsActivity: +330ms
I/InputDispatcher( 2695): Delivering touch to current input target: action: 0, channel '40cde8d0 com.mediaportal.ampdroid/com.mediaportal.ampdroid.activities.videoplayback.StreamingDetailsActivity (server)'
I/InputDispatcher( 2695): Delivering touch to current input target: action: 1, channel '40cde8d0 com.mediaportal.ampdroid/com.mediaportal.ampdroid.activities.videoplayback.StreamingDetailsActivity (server)'
D/aMPdroid( 4502): MediaPlayer: start from fresh state
D/aMPdroid( 4502): MediaPlayer onResume
I/ActivityManager( 2695): Displayed com.mediaportal.ampdroid/.activities.videoplayback.VideoStreamingPlayerActivity: +517ms
D/aMPdroid( 4502): MediaPlayer surfaceCreated
D/aMPdroid( 4502): MediaPlayer surfaceChanged
I/aMPdroid( 4502): Initialising Media Stream
E/aMPdroid( 4502): Error retrieving data for methodGetTranscodingInfo
I/aMPdroid( 4502): New Streaming url: http://82.45.251.215:4321/GmaWebService/MediaAccessService/stream/RetrieveStream?identifier=aMPdroid.-1226146143.ts
I/InputDispatcher( 2695): Delivering touch to current input target: action: 0, channel '408e0250 com.mediaportal.ampdroid/com.mediaportal.ampdroid.activities.videoplayback.VideoStreamingPlayerActivity (server)'
I/InputDispatcher( 2695): Delivering touch to current input target: action: 1, channel '408e0250 com.mediaportal.ampdroid/com.mediaportal.ampdroid.activities.videoplayback.VideoStreamingPlayerActivity (server)'
D/aMPdroid( 4502): MediaPlayer onPause
I/aMPdroid( 4502): Saving playback session state to db
D/aMPdroid( 4502): Transcoding info: frame= 0 fps= 0 time= 0 bitrate= 0.0 seek= true
D/aMPdroid( 4502): MediaPlayer onStop
D/aMPdroid( 4502): MediaPlayer surfaceDestroyed
D/VPlayer ( 5112): null => http://82.45.251.215:4321/GmaWebService/MediaAccessService/stream/RetrieveStream?identifier=aMPdroid.-1226146143.ts
I/VPlayer ( 5112): OPEN FILE http://82.45.251.215:4321/GmaWebService/MediaAccessService/stream/RetrieveStream?identifier=aMPdroid.-1226146143.ts
I/aMPdroid( 4502): New Streaming url: http://82.45.251.215:4321/GmaWebService/MediaAccessService/stream/RetrieveStream?identifier=aMPdroid.-1226146143.ts
D/VPlayer ( 5112): Input #0, mpegts, from 'http://82.45.251.215:4321/GmaWebService/MediaAccessService/stream/RetrieveStream?identifier=aMPdroid.-1226146143.ts':
D/aMPdroid( 4502): MediaPlayer onResume
D/aMPdroid( 4502): MediaPlayer surfaceCreated
D/aMPdroid( 4502): MediaPlayer surfaceChanged
D/aMPdroid( 4502): Transcoding info: frame= 0 fps= 0 time= 0 bitrate= 0.0 seek= true
I/aMPdroid( 4502): New Streaming url: http://82.45.251.215:4321/GmaWebService/MediaAccessService/stream/RetrieveStream?identifier=aMPdroid.-1226146143.ts
I/InputDispatcher( 2695): Delivering key to current input target: action: 0, channel '408e0250 com.mediaportal.ampdroid/com.mediaportal.ampdroid.activities.videoplayback.VideoStreamingPlayerActivity (server)'
I/InputDispatcher( 2695): Delivering key to current input target: action: 1, channel '408e0250 com.mediaportal.ampdroid/com.mediaportal.ampdroid.activities.videoplayback.VideoStreamingPlayerActivity (server)'
D/aMPdroid( 4502): MediaPlayer onPause
I/aMPdroid( 4502): Saving playback session state to db
I/aMPdroid( 4502): getting playback session state from db
D/aMPdroid( 4502): MediaPlayer surfaceDestroyed
D/aMPdroid( 4502): MediaPlayer onStop
D/aMPdroid( 4502): MediaPlayer onDestroy
I/InputDispatcher( 2695): Delivering key to current input target: action: 0, channel '40cde8d0 com.mediaportal.ampdroid/com.mediaportal.ampdroid.activities.videoplayback.StreamingDetailsActivity (server)'
I/InputDispatcher( 2695): Delivering key to current input target: action: 1, channel '40cde8d0 com.mediaportal.ampdroid/com.mediaportal.ampdroid.activities.videoplayback.StreamingDetailsActivity (server)'
I/aMPdroid( 4502): New Streaming url: http://82.45.251.215:4321/GmaWebService/MediaAccessService/stream/RetrieveStream?identifier=aMPdroid.-1226146143.ts
I/InputDispatcher( 2695): Delivering key to current input target: action: 0, channel '40ab0528 com.mediaportal.ampdroid/com.mediaportal.ampdroid.activities.MediaActivity (server)'
I/InputDispatcher( 2695): Delivering key to current input target: action: 1, channel '40ab0528 com.mediaportal.ampdroid/com.mediaportal.ampdroid.activities.MediaActivity (server)'
I/InputDispatcher( 2695): Delivering touch to current input target: action: 0, channel '40ab0528 com.mediaportal.ampdroid/com.mediaportal.ampdroid.activities.MediaActivity (server)'
I/InputDispatcher( 2695): Delivering touch to current input target: action: 1, channel '40ab0528 com.mediaportal.ampdroid/com.mediaportal.ampdroid.activities.MediaActivity (server)'
I/InputDispatcher( 2695): Delivering touch to current input target: action: 0, channel '40ab0528 com.mediaportal.ampdroid/com.mediaportal.ampdroid.activities.MediaActivity (server)'
I/InputDispatcher( 2695): Delivering touch to current input target: action: 1, channel '40ab0528 com.mediaportal.ampdroid/com.mediaportal.ampdroid.activities.MediaActivity (server)'
I/aMPdroid( 4502): getting playback session state from db
E/aMPdroid( 4502): java.io.EOFException: No content to map to Object due to end of input
E/aMPdroid( 4502): Error parsing result from JSON method GetFileInfo
E/aMPdroid( 4502): java.io.EOFException: No content to map to Object due to end of input
E/aMPdroid( 4502): Error parsing result from JSON method GetMediaInfo
I/ActivityManager( 2695): Displayed com.mediaportal.ampdroid/.activities.videoplayback.StreamingDetailsActivity: +478ms
I/InputDispatcher( 2695): Delivering touch to current input target: action: 0, channel '409dec30 com.mediaportal.ampdroid/com.mediaportal.ampdroid.activities.videoplayback.StreamingDetailsActivity (server)'
I/InputDispatcher( 2695): Delivering touch to current input target: action: 1, channel '409dec30 com.mediaportal.ampdroid/com.mediaportal.ampdroid.activities.videoplayback.StreamingDetailsActivity (server)'
D/aMPdroid( 4502): MediaPlayer: start from fresh state
D/aMPdroid( 4502): MediaPlayer onResume
E/aMPdroid( 4502): java.io.EOFException: No content to map to Object due to end of input
E/aMPdroid( 4502): Error parsing result from JSON method GetFileInfo
E/aMPdroid( 4502): java.io.EOFException: No content to map to Object due to end of input
E/aMPdroid( 4502): Error parsing result from JSON method GetMediaInfo
I/aMPdroid( 4502): Initialising Media Stream
I/ActivityManager( 2695): Displayed com.mediaportal.ampdroid/.activities.videoplayback.VideoStreamingPlayerActivity: +311ms
D/aMPdroid( 4502): MediaPlayer surfaceCreated
D/aMPdroid( 4502): MediaPlayer surfaceChanged
E/aMPdroid( 4502): Error retrieving data for methodGetTranscodingInfo
I/aMPdroid( 4502): New Streaming url: http://82.45.251.215:4321/GmaWebService/MediaAccessService/stream/RetrieveStream?identifier=aMPdroid.-863591730.ts
I/InputDispatcher( 2695): Delivering touch to current input target: action: 0, channel '40a6e638 com.mediaportal.ampdroid/com.mediaportal.ampdroid.activities.videoplayback.VideoStreamingPlayerActivity (server)'
I/InputDispatcher( 2695): Delivering touch to current input target: action: 1, channel '40a6e638 com.mediaportal.ampdroid/com.mediaportal.ampdroid.activities.videoplayback.VideoStreamingPlayerActivity (server)'
D/aMPdroid( 4502): MediaPlayer onPause
I/aMPdroid( 4502): Saving playback session state to db
D/aMPdroid( 4502): MediaPlayer onStop
D/aMPdroid( 4502): MediaPlayer surfaceDestroyed
D/VPlayer ( 5112): null => http://82.45.251.215:4321/GmaWebService/MediaAccessService/stream/RetrieveStream?identifier=aMPdroid.-863591730.ts
I/VPlayer ( 5112): OPEN FILE http://82.45.251.215:4321/GmaWebService/MediaAccessService/stream/RetrieveStream?identifier=aMPdroid.-863591730.ts
D/aMPdroid( 4502): MediaPlayer onResume
I/aMPdroid( 4502): New Streaming url: http://82.45.251.215:4321/GmaWebService/MediaAccessService/stream/RetrieveStream?identifier=aMPdroid.-863591730.ts
D/aMPdroid( 4502): MediaPlayer surfaceCreated
D/aMPdroid( 4502): MediaPlayer surfaceChanged
E/aMPdroid( 4502): Error retrieving data for methodGetTranscodingInfo
I/aMPdroid( 4502): New Streaming url: http://82.45.251.215:4321/GmaWebService/MediaAccessService/stream/RetrieveStream?identifier=aMPdroid.-863591730.ts
E/aMPdroid( 4502): Error retrieving data for methodGetTranscodingInfo
I/InputDispatcher( 2695): Delivering key to current input target: action: 0, channel '40a6e638 com.mediaportal.ampdroid/com.mediaportal.ampdroid.activities.videoplayback.VideoStreamingPlayerActivity (server)'
I/InputDispatcher( 2695): Delivering key to current input target: action: 1, channel '40a6e638 com.mediaportal.ampdroid/com.mediaportal.ampdroid.activities.videoplayback.VideoStreamingPlayerActivity (server)'
D/aMPdroid( 4502): MediaPlayer onPause
I/aMPdroid( 4502): Saving playback session state to db
I/aMPdroid( 4502): getting playback session state from db
D/aMPdroid( 4502): MediaPlayer surfaceDestroyed
D/aMPdroid( 4502): MediaPlayer onStop
D/aMPdroid( 4502): MediaPlayer onDestroy
E/aMPdroid( 4502): java.io.EOFException: No content to map to Object due to end of input
E/aMPdroid( 4502): Error parsing result from JSON method GetFileInfo
E/aMPdroid( 4502): java.io.EOFException: No content to map to Object due to end of input
E/aMPdroid( 4502): Error parsing result from JSON method GetMediaInfo
I/InputDispatcher( 2695): Delivering touch to current input target: action: 0, channel '409dec30 com.mediaportal.ampdroid/com.mediaportal.ampdroid.activities.videoplayback.StreamingDetailsActivity (server)'
I/InputDispatcher( 2695): Delivering touch to current input target: action: 1, channel '409dec30 com.mediaportal.ampdroid/com.mediaportal.ampdroid.activities.videoplayback.StreamingDetailsActivity (server)'
D/aMPdroid( 4502): MediaPlayer: start from fresh state
D/aMPdroid( 4502): MediaPlayer onResume
E/aMPdroid( 4502): java.io.EOFException: No content to map to Object due to end of input
E/aMPdroid( 4502): Error parsing result from JSON method GetFileInfo
E/aMPdroid( 4502): java.io.EOFException: No content to map to Object due to end of input
E/aMPdroid( 4502): Error parsing result from JSON method GetMediaInfo
I/aMPdroid( 4502): Initialising Media Stream
I/ActivityManager( 2695): Displayed com.mediaportal.ampdroid/.activities.videoplayback.VideoStreamingPlayerActivity: +303ms (total +8s58ms)
E/aMPdroid( 4502): Error retrieving data for methodGetTranscodingInfo
D/aMPdroid( 4502): MediaPlayer surfaceCreated
D/aMPdroid( 4502): MediaPlayer surfaceChanged
I/aMPdroid( 4502): New Streaming url: http://82.45.251.215:4321/GmaWebService/MediaAccessService/stream/RetrieveStream?identifier=aMPdroid.-1100929774.ts
I/aMPdroid( 4502): New Streaming url: http://82.45.251.215:4321/GmaWebService/MediaAccessService/stream/RetrieveStream?identifier=aMPdroid.-863591730.ts
I/InputDispatcher( 2695): Delivering touch to current input target: action: 0, channel '4099a4c8 com.mediaportal.ampdroid/com.mediaportal.ampdroid.activities.videoplayback.VideoStreamingPlayerActivity (server)'
I/InputDispatcher( 2695): Delivering touch to current input target: action: 1, channel '4099a4c8 com.mediaportal.ampdroid/com.mediaportal.ampdroid.activities.videoplayback.VideoStreamingPlayerActivity (server)'
D/aMPdroid( 4502): MediaPlayer onPause
I/aMPdroid( 4502): Saving playback session state to db
E/aMPdroid( 4502): Error retrieving data for methodGetTranscodingInfo
D/aMPdroid( 4502): MediaPlayer onStop
D/aMPdroid( 4502): MediaPlayer surfaceDestroyed
E/MoboPlayer( 5309): http://82.45.251.215:4321/GmaWebService/MediaAccessService/stream/RetrieveStream?identifier=aMPdroid.-1100929774.ts
I/StagefrightPlayer( 2588): setDataSource('http://82.45.251.215:4321/GmaWebService/MediaAccessService/stream/RetrieveStream?identifier=aMPdroid.-1100929774.ts')
V/AwesomePlayer( 2588): setDataSource (http://82.45.251.215:4321/GmaWebService/MediaAccessService/stream/RetrieveStream?identifier=aMPdroid.-1100929774.ts)
I/NuHTTPDataSource( 2588): connect_l to 82.45.251.215:4321/GmaWebService/MediaAccessService/stream/RetrieveStream?identifier=aMPdroid.-1100929774.ts @0
I/StagefrightPlayer( 2588): setDataSource('http://82.45.251.215:4321/GmaWebService/MediaAccessService/stream/RetrieveStream?identifier=aMPdroid.-1100929774.ts')
V/AwesomePlayer( 2588): setDataSource (http://82.45.251.215:4321/GmaWebService/MediaAccessService/stream/RetrieveStream?identifier=aMPdroid.-1100929774.ts)
I/NuHTTPDataSource( 2588): connect_l to 82.45.251.215:4321/GmaWebService/MediaAccessService/stream/RetrieveStream?identifier=aMPdroid.-1100929774.ts @0
E/CMPlayer( 5309): beginTime=0;filePath=http://82.45.251.215:4321/GmaWebService/MediaAccessService/stream/RetrieveStream?identifier=aMPdroid.-1100929774.ts;params=
D/player ( 5309): [AVF_LOG]:Open error :-22 ,filename = http://82.45.251.215:4321/GmaWebService/MediaAccessService/stream/RetrieveStream?identifier=aMPdroid.-1100929774.ts
I/aMPdroid( 4502): New Streaming url: http://82.45.251.215:4321/GmaWebService/MediaAccessService/stream/RetrieveStream?identifier=aMPdroid.-1100929774.ts
D/aMPdroid( 4502): MediaPlayer onResume
D/aMPdroid( 4502): MediaPlayer surfaceCreated
D/aMPdroid( 4502): MediaPlayer surfaceChanged
I/aMPdroid( 4502): New Streaming url: http://82.45.251.215:4321/GmaWebService/MediaAccessService/stream/RetrieveStream?identifier=aMPdroid.-1100929774.ts
E/aMPdroid( 4502): Error retrieving data for methodGetTranscodingInfo
I/InputDispatcher( 2695): Delivering key to current input target: action: 0, channel '4099a4c8 com.mediaportal.ampdroid/com.mediaportal.ampdroid.activities.videoplayback.VideoStreamingPlayerActivity (server)'
I/InputDispatcher( 2695): Delivering key to current input target: action: 1, channel '4099a4c8 com.mediaportal.ampdroid/com.mediaportal.ampdroid.activities.videoplayback.VideoStreamingPlayerActivity (server)'
D/aMPdroid( 4502): MediaPlayer onPause
I/aMPdroid( 4502): Saving playback session state to db
I/aMPdroid( 4502): getting playback session state from db
D/aMPdroid( 4502): MediaPlayer onStop
D/aMPdroid( 4502): MediaPlayer onDestroy
D/aMPdroid( 4502): MediaPlayer surfaceDestroyed
I/InputDispatcher( 2695): Delivering key to current input target: action: 0, channel '409dec30 com.mediaportal.ampdroid/com.mediaportal.ampdroid.activities.videoplayback.StreamingDetailsActivity (server)'
I/InputDispatcher( 2695): Delivering key to current input target: action: 1, channel '409dec30 com.mediaportal.ampdroid/com.mediaportal.ampdroid.activities.videoplayback.StreamingDetailsActivity (server)'
I/aMPdroid( 4502): New Streaming url: http://82.45.251.215:4321/GmaWebService/MediaAccessService/stream/RetrieveStream?identifier=aMPdroid.-1100929774.ts
W/System.err( 4502): at com.mediaportal.ampdroid.api.JsonClient.executeRequest(JsonClient.java:196)
W/System.err( 4502): at com.mediaportal.ampdroid.api.JsonClient.DoExecute(JsonClient.java:152)
W/System.err( 4502): at com.mediaportal.ampdroid.api.JsonClient.Execute(JsonClient.java:111)
W/System.err( 4502): at com.mediaportal.ampdroid.api.JsonClient.Execute(JsonClient.java:106)
W/System.err( 4502): at com.mediaportal.ampdroid.api.gmawebservice.GmaJsonWebserviceApi.getFileInfo(GmaJsonWebserviceApi.java:251)
W/System.err( 4502): at com.mediaportal.ampdroid.api.DataHandler.getFileInfo(DataHandler.java:156)
W/System.err( 4502): at com.mediaportal.ampdroid.activities.videoplayback.StreamingDetailsActivity$LoadStreamDetailsTask.doInBackground(StreamingDetailsActivity.java:119)
W/System.err( 4502): at com.mediaportal.ampdroid.activities.videoplayback.StreamingDetailsActivity$LoadStreamDetailsTask.doInBackground(StreamingDetailsActivity.java:1)
E/aMPdroid( 4502): Error retrieving data for methodGetFileInfo
E/aMPdroid( 4502): java.io.EOFException: No content to map to Object due to end of input
E/aMPdroid( 4502): Error parsing result from JSON method GetMediaInfo