I/ActivityManager( 2695): Starting: Intent { act=android.intent.action.MAIN cat=[android.intent.category.LAUNCHER] flg=0x10200000 cmp=com.mediaportal.ampdroid/.activities.HomeActivity bnds=[365,194][475,332] } from pid 2922
I/aMPdroid( 8421): Initialising ClientControl Service
D/aMPdroid( 8421): Add new listener class com.mediaportal.ampdroid.activities.media.tvseries.ActivityEpisodesList
D/aMPdroid( 8421): Number of listeners: 1
I/aMPdroid( 8421): Client service onCreate
I/aMPdroid( 8421): Client service onStartCommand
I/WindowManager( 2695): CREATE SURFACE Surface(name=com.mediaportal.ampdroid/com.mediaportal.ampdroid.activities.media.tvseries.ActivityEpisodesList, identity=1141, mNativeSurface=0) IN SESSION android.view.SurfaceSession@40a2f8b0: pid=8421 format=1 flags=0x0 / Window{40c610a8 com.mediaportal.ampdroid/com.mediaportal.ampdroid.activities.media.tvseries.ActivityEpisodesList paused=false}
I/aMPdroid( 8421): Reconnecting (attempt nr.1)
I/aMPdroid( 8421): Connecting WifiRemote: 82.45.251.215:8017
I/aMPdroid( 8421): Successfully connected WifiRemote: 82.45.251.215:8017
I/aMPdroid( 8421): Initialising WifiRemote connection (admin|admin)
I/aMPdroid( 8421): Reconnect successful
I/aMPdroid( 8421): Initialised WifiRemote successfully
I/InputDispatcher( 2695): Delivering key to current input target: action: 0, channel '40c610a8 com.mediaportal.ampdroid/com.mediaportal.ampdroid.activities.media.tvseries.ActivityEpisodesList (server)'
I/InputDispatcher( 2695): Delivering key to current input target: action: 1, channel '40c610a8 com.mediaportal.ampdroid/com.mediaportal.ampdroid.activities.media.tvseries.ActivityEpisodesList (server)'
D/aMPdroid( 8421): Add new listener class com.mediaportal.ampdroid.activities.media.tvseries.ActivitySeriesDetails
D/aMPdroid( 8421): Number of listeners: 2
I/WindowManager( 2695): CREATE SURFACE Surface(name=com.mediaportal.ampdroid/com.mediaportal.ampdroid.activities.media.tvseries.ActivitySeriesDetails, identity=1142, mNativeSurface=0) IN SESSION android.view.SurfaceSession@40a2f8b0: pid=8421 format=1 flags=0x0 / Window{409ff9b0 com.mediaportal.ampdroid/com.mediaportal.ampdroid.activities.media.tvseries.ActivitySeriesDetails paused=false}
I/ActivityManager( 2695): Displayed com.mediaportal.ampdroid/.activities.media.tvseries.ActivitySeriesDetails: +1m24s49ms
W/WindowManager( 2695): Window Window{40c610a8 com.mediaportal.ampdroid/com.mediaportal.ampdroid.activities.media.tvseries.ActivityEpisodesList paused=false} destroyed surface Surface(name=com.mediaportal.ampdroid/com.mediaportal.ampdroid.activities.media.tvseries.ActivityEpisodesList, identity=-1, mNativeSurface=0), session Session{40cd9328 uid 10120}
D/aMPdroid( 8421): Remove listener class com.mediaportal.ampdroid.activities.media.tvseries.ActivityEpisodesList
D/aMPdroid( 8421): Number of listeners: 1
I/InputDispatcher( 2695): Delivering key to current input target: action: 0, channel '409ff9b0 com.mediaportal.ampdroid/com.mediaportal.ampdroid.activities.media.tvseries.ActivitySeriesDetails (server)'
I/InputDispatcher( 2695): Delivering key to current input target: action: 1, channel '409ff9b0 com.mediaportal.ampdroid/com.mediaportal.ampdroid.activities.media.tvseries.ActivitySeriesDetails (server)'
D/aMPdroid( 8421): Add new listener class com.mediaportal.ampdroid.activities.media.tvseries.ActivityMpTvSeries
D/aMPdroid( 8421): Number of listeners: 2
I/WindowManager( 2695): CREATE SURFACE Surface(name=com.mediaportal.ampdroid/com.mediaportal.ampdroid.activities.media.tvseries.ActivityMpTvSeries, identity=1143, mNativeSurface=0) IN SESSION android.view.SurfaceSession@40a2f8b0: pid=8421 format=1 flags=0x0 / Window{40c02b18 com.mediaportal.ampdroid/com.mediaportal.ampdroid.activities.media.tvseries.ActivityMpTvSeries paused=false}
W/WindowManager( 2695): Window Window{409ff9b0 com.mediaportal.ampdroid/com.mediaportal.ampdroid.activities.media.tvseries.ActivitySeriesDetails paused=false} destroyed surface Surface(name=com.mediaportal.ampdroid/com.mediaportal.ampdroid.activities.media.tvseries.ActivitySeriesDetails, identity=-1, mNativeSurface=0), session Session{40cd9328 uid 10120}
D/aMPdroid( 8421): Remove listener class com.mediaportal.ampdroid.activities.media.tvseries.ActivitySeriesDetails
D/aMPdroid( 8421): Number of listeners: 1
I/InputDispatcher( 2695): Delivering touch to current input target: action: 0, channel '40c02b18 com.mediaportal.ampdroid/com.mediaportal.ampdroid.activities.media.tvseries.ActivityMpTvSeries (server)'
I/InputDispatcher( 2695): Delivering touch to current input target: action: 1, channel '40c02b18 com.mediaportal.ampdroid/com.mediaportal.ampdroid.activities.media.tvseries.ActivityMpTvSeries (server)'
I/ActivityManager( 2695): Starting: Intent { flg=0x4000000 cmp=com.mediaportal.ampdroid/.activities.media.tvseries.ActivitySeriesDetails (has extras) } from pid 8421
W/ActivityManager( 2695): Trying to launch com.mediaportal.ampdroid/.activities.media.tvseries.ActivitySeriesDetails
W/aMPdroid( 8421): SeriesDetails null onCreateView
W/aMPdroid( 8421): SeriesDetails null onActivityCreated
D/aMPdroid( 8421): Add new listener class com.mediaportal.ampdroid.activities.media.tvseries.ActivitySeriesDetails
D/aMPdroid( 8421): Number of listeners: 2
I/WindowManager( 2695): CREATE SURFACE Surface(name=com.mediaportal.ampdroid/com.mediaportal.ampdroid.activities.media.tvseries.ActivitySeriesDetails, identity=1145, mNativeSurface=0) IN SESSION android.view.SurfaceSession@40a2f8b0: pid=8421 format=1 flags=0x0 / Window{40950480 com.mediaportal.ampdroid/com.mediaportal.ampdroid.activities.media.tvseries.ActivitySeriesDetails paused=false}
W/WindowManager( 2695): Window Window{40c02b18 com.mediaportal.ampdroid/com.mediaportal.ampdroid.activities.media.tvseries.ActivityMpTvSeries paused=false} destroyed surface Surface(name=com.mediaportal.ampdroid/com.mediaportal.ampdroid.activities.media.tvseries.ActivityMpTvSeries, identity=-1, mNativeSurface=0), session Session{40cd9328 uid 10120}
I/InputDispatcher( 2695): Delivering touch to current input target: action: 0, channel '40950480 com.mediaportal.ampdroid/com.mediaportal.ampdroid.activities.media.tvseries.ActivitySeriesDetails (server)'
I/InputDispatcher( 2695): Delivering touch to current input target: action: 1, channel '40950480 com.mediaportal.ampdroid/com.mediaportal.ampdroid.activities.media.tvseries.ActivitySeriesDetails (server)'
I/InputDispatcher( 2695): Delivering touch to current input target: action: 0, channel '40950480 com.mediaportal.ampdroid/com.mediaportal.ampdroid.activities.media.tvseries.ActivitySeriesDetails (server)'
I/InputDispatcher( 2695): Delivering touch to current input target: action: 1, channel '40950480 com.mediaportal.ampdroid/com.mediaportal.ampdroid.activities.media.tvseries.ActivitySeriesDetails (server)'
I/ActivityManager( 2695): Starting: Intent { flg=0x4000000 cmp=com.mediaportal.ampdroid/.activities.media.tvseries.ActivityEpisodesList (has extras) } from pid 8421
W/ActivityManager( 2695): Trying to launch com.mediaportal.ampdroid/.activities.media.tvseries.ActivityEpisodesList
I/aMPdroid( 8421): loadFurtherEpisodeItems: 6
I/aMPdroid( 8421): Initialising listloading task with preload: 0, itemload: 20
D/aMPdroid( 8421): Total items count: -1
D/aMPdroid( 8421): Loading all items...
D/aMPdroid( 8421): Loading all items at once
D/aMPdroid( 8421): Add new listener class com.mediaportal.ampdroid.activities.media.tvseries.ActivityEpisodesList
D/aMPdroid( 8421): Number of listeners: 3
I/WindowManager( 2695): CREATE SURFACE Surface(name=com.mediaportal.ampdroid/com.mediaportal.ampdroid.activities.media.tvseries.ActivityEpisodesList, identity=1146, mNativeSurface=0) IN SESSION android.view.SurfaceSession@40a2f8b0: pid=8421 format=1 flags=0x0 / Window{409b3930 com.mediaportal.ampdroid/com.mediaportal.ampdroid.activities.media.tvseries.ActivityEpisodesList paused=false}
I/ActivityManager( 2695): Displayed com.mediaportal.ampdroid/.activities.media.tvseries.ActivityEpisodesList: +441ms (total +3s103ms)
W/WindowManager( 2695): Window Window{40950480 com.mediaportal.ampdroid/com.mediaportal.ampdroid.activities.media.tvseries.ActivitySeriesDetails paused=false} destroyed surface Surface(name=com.mediaportal.ampdroid/com.mediaportal.ampdroid.activities.media.tvseries.ActivitySeriesDetails, identity=-1, mNativeSurface=0), session Session{40cd9328 uid 10120}
D/aMPdroid( 8421): Remove listener class com.mediaportal.ampdroid.activities.media.tvseries.ActivityMpTvSeries
D/aMPdroid( 8421): Number of listeners: 2
D/aMPdroid( 8421): Remove listener class com.mediaportal.ampdroid.activities.media.tvseries.ActivitySeriesDetails
D/aMPdroid( 8421): Number of listeners: 1
E/aMPdroid( 8421): java.net.SocketException: Connection timed out
I/aMPdroid( 8421): Reconnecting (attempt nr.1)
I/aMPdroid( 8421): Connecting WifiRemote: 82.45.251.215:8017
I/aMPdroid( 8421): java.net.ConnectException: /82.45.251.215:8017 - Network is unreachable
D/aMPdroid( 8421): Reconnect failed, waiting 15000 ms
I/aMPdroid( 8421): Reconnecting (attempt nr.2)
I/aMPdroid( 8421): Connecting WifiRemote: 82.45.251.215:8017
I/aMPdroid( 8421): java.net.ConnectException: /82.45.251.215:8017 - Network is unreachable
D/aMPdroid( 8421): Reconnect failed, waiting 15000 ms
I/InputDispatcher( 2695): Delivering key to current input target: action: 0, channel '409b3930 com.mediaportal.ampdroid/com.mediaportal.ampdroid.activities.media.tvseries.ActivityEpisodesList (server)'
I/InputDispatcher( 2695): Delivering key to current input target: action: 1, channel '409b3930 com.mediaportal.ampdroid/com.mediaportal.ampdroid.activities.media.tvseries.ActivityEpisodesList (server)'
D/aMPdroid( 8421): Add new listener class com.mediaportal.ampdroid.activities.media.tvseries.ActivitySeriesDetails
D/aMPdroid( 8421): Number of listeners: 2
I/WindowManager( 2695): CREATE SURFACE Surface(name=com.mediaportal.ampdroid/com.mediaportal.ampdroid.activities.media.tvseries.ActivitySeriesDetails, identity=1148, mNativeSurface=0) IN SESSION android.view.SurfaceSession@40a2f8b0: pid=8421 format=1 flags=0x0 / Window{40950480 com.mediaportal.ampdroid/com.mediaportal.ampdroid.activities.media.tvseries.ActivitySeriesDetails paused=false}
I/ActivityManager( 2695): Displayed com.mediaportal.ampdroid/.activities.media.tvseries.ActivitySeriesDetails: +1m15s243ms
W/WindowManager( 2695): Window Window{409b3930 com.mediaportal.ampdroid/com.mediaportal.ampdroid.activities.media.tvseries.ActivityEpisodesList paused=false} destroyed surface Surface(name=com.mediaportal.ampdroid/com.mediaportal.ampdroid.activities.media.tvseries.ActivityEpisodesList, identity=-1, mNativeSurface=0), session Session{40cd9328 uid 10120}
D/aMPdroid( 8421): Remove listener class com.mediaportal.ampdroid.activities.media.tvseries.ActivityEpisodesList
D/aMPdroid( 8421): Number of listeners: 1
D/aMPdroid( 8421): Remove listener class com.mediaportal.ampdroid.activities.media.tvseries.ActivitySeriesDetails
D/aMPdroid( 8421): Number of listeners: 0
D/aMPdroid( 8421): 0 listeners reached, disconnecting
W/WindowManager( 2695): Window Window{40950480 com.mediaportal.ampdroid/com.mediaportal.ampdroid.activities.media.tvseries.ActivitySeriesDetails paused=false} destroyed surface Surface(name=com.mediaportal.ampdroid/com.mediaportal.ampdroid.activities.media.tvseries.ActivitySeriesDetails, identity=-1, mNativeSurface=0), session Session{40cd9328 uid 10120}
I/aMPdroid( 8421): aMPdroid inactive for 10000 ms, stopping service
I/aMPdroid( 8421): Client service stopped
I/ActivityManager( 2695): Starting: Intent { act=android.intent.action.MAIN cat=[android.intent.category.LAUNCHER] flg=0x10110000 cmp=com.mediaportal.ampdroid/.activities.HomeActivity bnds=[365,194][475,332] } from pid 2695
I/aMPdroid( 8421): Initialising ClientControl Service
D/aMPdroid( 8421): Add new listener class com.mediaportal.ampdroid.activities.media.tvseries.ActivitySeriesDetails
D/aMPdroid( 8421): Number of listeners: 1
I/aMPdroid( 8421): Client service onCreate
I/aMPdroid( 8421): Client service onStartCommand
I/aMPdroid( 8421): Reconnecting (attempt nr.1)
I/aMPdroid( 8421): Connecting WifiRemote: 82.45.251.215:8017
I/WindowManager( 2695): CREATE SURFACE Surface(name=com.mediaportal.ampdroid/com.mediaportal.ampdroid.activities.media.tvseries.ActivitySeriesDetails, identity=1157, mNativeSurface=0) IN SESSION android.view.SurfaceSession@40a2f8b0: pid=8421 format=1 flags=0x0 / Window{40950480 com.mediaportal.ampdroid/com.mediaportal.ampdroid.activities.media.tvseries.ActivitySeriesDetails paused=false}
I/aMPdroid( 8421): Successfully connected WifiRemote: 82.45.251.215:8017
I/aMPdroid( 8421): Initialising WifiRemote connection (admin|admin)
I/aMPdroid( 8421): Reconnect successful
I/aMPdroid( 8421): Initialised WifiRemote successfully
I/InputDispatcher( 2695): Delivering key to current input target: action: 0, channel '40950480 com.mediaportal.ampdroid/com.mediaportal.ampdroid.activities.media.tvseries.ActivitySeriesDetails (server)'
I/InputDispatcher( 2695): Delivering key to current input target: action: 1, channel '40950480 com.mediaportal.ampdroid/com.mediaportal.ampdroid.activities.media.tvseries.ActivitySeriesDetails (server)'
D/aMPdroid( 8421): Add new listener class com.mediaportal.ampdroid.activities.media.tvseries.ActivityMpTvSeries
D/aMPdroid( 8421): Number of listeners: 2
I/WindowManager( 2695): CREATE SURFACE Surface(name=com.mediaportal.ampdroid/com.mediaportal.ampdroid.activities.media.tvseries.ActivityMpTvSeries, identity=1158, mNativeSurface=0) IN SESSION android.view.SurfaceSession@40a2f8b0: pid=8421 format=1 flags=0x0 / Window{40c02b18 com.mediaportal.ampdroid/com.mediaportal.ampdroid.activities.media.tvseries.ActivityMpTvSeries paused=false}
W/WindowManager( 2695): Window Window{40950480 com.mediaportal.ampdroid/com.mediaportal.ampdroid.activities.media.tvseries.ActivitySeriesDetails paused=false} destroyed surface Surface(name=com.mediaportal.ampdroid/com.mediaportal.ampdroid.activities.media.tvseries.ActivitySeriesDetails, identity=-1, mNativeSurface=0), session Session{40cd9328 uid 10120}
D/aMPdroid( 8421): Remove listener class com.mediaportal.ampdroid.activities.media.tvseries.ActivitySeriesDetails
D/aMPdroid( 8421): Number of listeners: 1
I/InputDispatcher( 2695): Delivering key to current input target: action: 0, channel '40c02b18 com.mediaportal.ampdroid/com.mediaportal.ampdroid.activities.media.tvseries.ActivityMpTvSeries (server)'
I/InputDispatcher( 2695): Delivering key to current input target: action: 1, channel '40c02b18 com.mediaportal.ampdroid/com.mediaportal.ampdroid.activities.media.tvseries.ActivityMpTvSeries (server)'
D/aMPdroid( 8421): Add new listener class com.mediaportal.ampdroid.activities.HomeActivity
D/aMPdroid( 8421): Number of listeners: 2
I/aMPdroid( 8421): Setting text to IMAGE17-PC in onCreateOptionsMenu
I/Ads ( 8421): adRequestUrlHtml:
I/aMPdroid( 8421): Setting text to IMAGE17-PC in onStart
I/WindowManager( 2695): CREATE SURFACE Surface(name=com.mediaportal.ampdroid/com.mediaportal.ampdroid.activities.HomeActivity, identity=1159, mNativeSurface=0) IN SESSION android.view.SurfaceSession@40a2f8b0: pid=8421 format=1 flags=0x0 / Window{40b8c198 com.mediaportal.ampdroid/com.mediaportal.ampdroid.activities.HomeActivity paused=false}
W/WindowManager( 2695): Window Window{40c02b18 com.mediaportal.ampdroid/com.mediaportal.ampdroid.activities.media.tvseries.ActivityMpTvSeries paused=false} destroyed surface Surface(name=com.mediaportal.ampdroid/com.mediaportal.ampdroid.activities.media.tvseries.ActivityMpTvSeries, identity=-1, mNativeSurface=0), session Session{40cd9328 uid 10120}
D/aMPdroid( 8421): Remove listener class com.mediaportal.ampdroid.activities.media.tvseries.ActivityMpTvSeries
D/aMPdroid( 8421): Number of listeners: 1
I/aMPdroid( 8421): onDestroy: 6
I/aMPdroid( 8421): onDestroy: 6
I/Ads ( 8421): Received ad url: <"url": "http://googleads.g.doubleclick.net:80/mads/gma?preqs=1&u_sd=1.5&slotname=a14f0c97b4cbfe8&u_w=320&msid=com.mediaportal.ampdroid&js=afma-sdk-a-v4.3.1&mv=8011015.com.android.vending&isu=FA819CEBB9E4024EA69B21986EE1693F&cipa=0&format=320x50_mb&net=wi&app_name=100.android.com.mediaportal.ampdroid&hl=en&u_h=533&u_audio=1&u_so=p&output=html®ion=mobile_app&u_tz=-60&ex=1&client_sdk=1&askip=1&pto=0&caps=interactiveVideo_sdkAdmobApiForAds&jsv=15", "afmaNotifyDt": "null">
D/aMPdroid( 8421): Received Ad
I/InputDispatcher( 2695): Delivering touch to current input target: action: 0, channel '40b8c198 com.mediaportal.ampdroid/com.mediaportal.ampdroid.activities.HomeActivity (server)'
I/InputDispatcher( 2695): Delivering touch to current input target: action: 1, channel '40b8c198 com.mediaportal.ampdroid/com.mediaportal.ampdroid.activities.HomeActivity (server)'
I/aMPdroid( 8421): Testing Tv4Home connection: 82.45.251.215:4322@admin:admin
I/aMPdroid( 8421): Successfully tested Tv4Home connection: com.mediaportal.ampdroid.data.WebResult@4058ad38
I/ActivityManager( 2695): Starting: Intent { cmp=com.mediaportal.ampdroid/.activities.tv.ActivityTvServerFeatures } from pid 8421
W/ActivityManager( 2695): Trying to launch com.mediaportal.ampdroid/.activities.tv.ActivityTvServerFeatures
I/aMPdroid( 8421): onActivityCreated
D/aMPdroid( 8421): Add new listener class com.mediaportal.ampdroid.activities.tv.ActivityTvServerFeatures
D/aMPdroid( 8421): Number of listeners: 2
I/WindowManager( 2695): CREATE SURFACE Surface(name=com.mediaportal.ampdroid/com.mediaportal.ampdroid.activities.tv.ActivityTvServerFeatures, identity=1160, mNativeSurface=0) IN SESSION android.view.SurfaceSession@40a2f8b0: pid=8421 format=1 flags=0x0 / Window{40ce4cb0 com.mediaportal.ampdroid/com.mediaportal.ampdroid.activities.tv.ActivityTvServerFeatures paused=false}
I/ActivityManager( 2695): Displayed com.mediaportal.ampdroid/.activities.tv.ActivityTvServerFeatures: +702ms
D/aMPdroid( 8421): Remove listener class com.mediaportal.ampdroid.activities.HomeActivity
D/aMPdroid( 8421): Number of listeners: 1
W/WindowManager( 2695): Window Window{40b8c198 com.mediaportal.ampdroid/com.mediaportal.ampdroid.activities.HomeActivity paused=false} destroyed surface Surface(name=com.mediaportal.ampdroid/com.mediaportal.ampdroid.activities.HomeActivity, identity=-1, mNativeSurface=0), session Session{40cd9328 uid 10120}
I/InputDispatcher( 2695): Delivering touch to current input target: action: 0, channel '40ce4cb0 com.mediaportal.ampdroid/com.mediaportal.ampdroid.activities.tv.ActivityTvServerFeatures (server)'
I/InputDispatcher( 2695): Delivering touch to current input target: action: 1, channel '40ce4cb0 com.mediaportal.ampdroid/com.mediaportal.ampdroid.activities.tv.ActivityTvServerFeatures (server)'
I/ActivityManager( 2695): Starting: Intent { cmp=com.mediaportal.ampdroid/.activities.tv.ActivityTvServerState } from pid 8421
W/ActivityManager( 2695): Trying to launch com.mediaportal.ampdroid/.activities.tv.ActivityTvServerState
D/aMPdroid( 8421): Add new listener class com.mediaportal.ampdroid.activities.tv.ActivityTvServerState
D/aMPdroid( 8421): Number of listeners: 2
I/WindowManager( 2695): CREATE SURFACE Surface(name=com.mediaportal.ampdroid/com.mediaportal.ampdroid.activities.tv.ActivityTvServerState, identity=1162, mNativeSurface=0) IN SESSION android.view.SurfaceSession@40a2f8b0: pid=8421 format=1 flags=0x0 / Window{40d2b0a8 com.mediaportal.ampdroid/com.mediaportal.ampdroid.activities.tv.ActivityTvServerState paused=false}
I/ActivityManager( 2695): Displayed com.mediaportal.ampdroid/.activities.tv.ActivityTvServerState: +424ms
D/aMPdroid( 8421): Remove listener class com.mediaportal.ampdroid.activities.tv.ActivityTvServerFeatures
D/aMPdroid( 8421): Number of listeners: 1
W/WindowManager( 2695): Window Window{40ce4cb0 com.mediaportal.ampdroid/com.mediaportal.ampdroid.activities.tv.ActivityTvServerFeatures paused=false} destroyed surface Surface(name=com.mediaportal.ampdroid/com.mediaportal.ampdroid.activities.tv.ActivityTvServerFeatures, identity=-1, mNativeSurface=0), session Session{40cd9328 uid 10120}
I/InputDispatcher( 2695): Delivering key to current input target: action: 0, channel '40d2b0a8 com.mediaportal.ampdroid/com.mediaportal.ampdroid.activities.tv.ActivityTvServerState (server)'
I/InputDispatcher( 2695): Delivering key to current input target: action: 1, channel '40d2b0a8 com.mediaportal.ampdroid/com.mediaportal.ampdroid.activities.tv.ActivityTvServerState (server)'
D/aMPdroid( 8421): Add new listener class com.mediaportal.ampdroid.activities.tv.ActivityTvServerFeatures
D/aMPdroid( 8421): Number of listeners: 2
I/WindowManager( 2695): CREATE SURFACE Surface(name=com.mediaportal.ampdroid/com.mediaportal.ampdroid.activities.tv.ActivityTvServerFeatures, identity=1164, mNativeSurface=0) IN SESSION android.view.SurfaceSession@40a2f8b0: pid=8421 format=1 flags=0x0 / Window{40ce4cb0 com.mediaportal.ampdroid/com.mediaportal.ampdroid.activities.tv.ActivityTvServerFeatures paused=false}
D/aMPdroid( 8421): Remove listener class com.mediaportal.ampdroid.activities.tv.ActivityTvServerState
D/aMPdroid( 8421): Number of listeners: 1
W/WindowManager( 2695): Window Window{40d2b0a8 com.mediaportal.ampdroid/com.mediaportal.ampdroid.activities.tv.ActivityTvServerState paused=false} destroyed surface Surface(name=com.mediaportal.ampdroid/com.mediaportal.ampdroid.activities.tv.ActivityTvServerState, identity=-1, mNativeSurface=0), session Session{40cd9328 uid 10120}
I/InputDispatcher( 2695): Delivering touch to current input target: action: 0, channel '40ce4cb0 com.mediaportal.ampdroid/com.mediaportal.ampdroid.activities.tv.ActivityTvServerFeatures (server)'
I/InputDispatcher( 2695): Delivering touch to current input target: action: 1, channel '40ce4cb0 com.mediaportal.ampdroid/com.mediaportal.ampdroid.activities.tv.ActivityTvServerFeatures (server)'
I/ActivityManager( 2695): Starting: Intent { cmp=com.mediaportal.ampdroid/.activities.tv.ActivityTvServerRecordings } from pid 8421
W/ActivityManager( 2695): Trying to launch com.mediaportal.ampdroid/.activities.tv.ActivityTvServerRecordings
I/aMPdroid( 8421): loadFurtherMovieItems: 100
I/aMPdroid( 8421): Initialising listloading task with preload: 20, itemload: 20
D/aMPdroid( 8421): Total items count: -1
D/aMPdroid( 8421): Loading 20 items...
D/aMPdroid( 8421): Loading all items at once
D/aMPdroid( 8421): Add new listener class com.mediaportal.ampdroid.activities.tv.ActivityTvServerRecordings
D/aMPdroid( 8421): Number of listeners: 2
I/WindowManager( 2695): CREATE SURFACE Surface(name=com.mediaportal.ampdroid/com.mediaportal.ampdroid.activities.tv.ActivityTvServerRecordings, identity=1165, mNativeSurface=0) IN SESSION android.view.SurfaceSession@40a2f8b0: pid=8421 format=1 flags=0x0 / Window{40ba2cd0 com.mediaportal.ampdroid/com.mediaportal.ampdroid.activities.tv.ActivityTvServerRecordings paused=false}
I/ActivityManager( 2695): Displayed com.mediaportal.ampdroid/.activities.tv.ActivityTvServerRecordings: +448ms
D/aMPdroid( 8421): Remove listener class com.mediaportal.ampdroid.activities.tv.ActivityTvServerFeatures
D/aMPdroid( 8421): Number of listeners: 1
W/WindowManager( 2695): Window Window{40ce4cb0 com.mediaportal.ampdroid/com.mediaportal.ampdroid.activities.tv.ActivityTvServerFeatures paused=false} destroyed surface Surface(name=com.mediaportal.ampdroid/com.mediaportal.ampdroid.activities.tv.ActivityTvServerFeatures, identity=-1, mNativeSurface=0), session Session{40cd9328 uid 10120}
I/InputDispatcher( 2695): Delivering touch to current input target: action: 0, channel '40ba2cd0 com.mediaportal.ampdroid/com.mediaportal.ampdroid.activities.tv.ActivityTvServerRecordings (server)'
I/InputDispatcher( 2695): Delivering touch to current input target: action: 1, channel '40ba2cd0 com.mediaportal.ampdroid/com.mediaportal.ampdroid.activities.tv.ActivityTvServerRecordings (server)'
I/ActivityManager( 2695): Starting: Intent { cmp=com.mediaportal.ampdroid/.activities.mediaplayback.ActivityStreamingDetails (has extras) } from pid 8421
W/ActivityManager( 2695): Trying to launch com.mediaportal.ampdroid/.activities.mediaplayback.ActivityStreamingDetails
D/aMPdroid( 8421): Add new listener class com.mediaportal.ampdroid.activities.mediaplayback.ActivityStreamingDetails
D/aMPdroid( 8421): Number of listeners: 2
I/aMPdroid( 8421): getting playback session state from db
I/WindowManager( 2695): CREATE SURFACE Surface(name=com.mediaportal.ampdroid/com.mediaportal.ampdroid.activities.mediaplayback.ActivityStreamingDetails, identity=1167, mNativeSurface=0) IN SESSION android.view.SurfaceSession@40a2f8b0: pid=8421 format=1 flags=0x0 / Window{40cc0b60 com.mediaportal.ampdroid/com.mediaportal.ampdroid.activities.mediaplayback.ActivityStreamingDetails paused=false}
W/WindowManager( 2695): Window Window{40ba2cd0 com.mediaportal.ampdroid/com.mediaportal.ampdroid.activities.tv.ActivityTvServerRecordings paused=false} destroyed surface Surface(name=com.mediaportal.ampdroid/com.mediaportal.ampdroid.activities.tv.ActivityTvServerRecordings, identity=-1, mNativeSurface=0), session Session{40cd9328 uid 10120}
I/ActivityManager( 2695): Displayed com.mediaportal.ampdroid/.activities.mediaplayback.ActivityStreamingDetails: +695ms
D/aMPdroid( 8421): Remove listener class com.mediaportal.ampdroid.activities.tv.ActivityTvServerRecordings
D/aMPdroid( 8421): Number of listeners: 1
I/InputDispatcher( 2695): Delivering touch to current input target: action: 0, channel '40cc0b60 com.mediaportal.ampdroid/com.mediaportal.ampdroid.activities.mediaplayback.ActivityStreamingDetails (server)'
I/InputDispatcher( 2695): Delivering touch to current input target: action: 1, channel '40cc0b60 com.mediaportal.ampdroid/com.mediaportal.ampdroid.activities.mediaplayback.ActivityStreamingDetails (server)'
I/ActivityManager( 2695): Starting: Intent { cmp=com.mediaportal.ampdroid/.activities.mediaplayback.VideoStreamingPlayerActivity (has extras) } from pid 8421
W/ActivityManager( 2695): Trying to launch com.mediaportal.ampdroid/.activities.mediaplayback.VideoStreamingPlayerActivity
D/dalvikvm( 8421): VFY: dead code 0x0054-0063 in Lcom/mediaportal/ampdroid/activities/mediaplayback/VideoStreamingPlayerActivity;.startOrResumePlayback ()V
D/dalvikvm( 8421): VFY: dead code 0x0021-002b in Lcom/mediaportal/ampdroid/activities/mediaplayback/VideoStreamingPlayerActivity;.startTranscodingChecker ()V
D/dalvikvm( 8421): VFY: dead code 0x001a-001e in Lcom/mediaportal/ampdroid/activities/mediaplayback/VideoStreamingPlayerActivity;.startUiHandler ()V
D/dalvikvm( 8421): VFY: dead code 0x004c-0056 in Lcom/mediaportal/ampdroid/activities/mediaplayback/VideoStreamingPlayerActivity;.changeAudioStream (Lcom/mediaportal/ampdroid/data/streaming/AudioStream;)V
D/dalvikvm( 8421): VFY: dead code 0x004a-004e in Lcom/mediaportal/ampdroid/activities/mediaplayback/VideoStreamingPlayerActivity;.changeStreamingQuality (Ljava/lang/String;)V
D/dalvikvm( 8421): VFY: dead code 0x004c-0056 in Lcom/mediaportal/ampdroid/activities/mediaplayback/VideoStreamingPlayerActivity;.changeSubtitleStream (Lcom/mediaportal/ampdroid/data/streaming/SubtitleStream;)V
D/dalvikvm( 8421): VFY: dead code 0x00ad-00b8 in Lcom/mediaportal/ampdroid/activities/mediaplayback/VideoStreamingPlayerActivity;.onActivityResult (IILandroid/content/Intent;)V
D/aMPdroid( 8421): MediaPlayer: start from fresh state
D/dalvikvm( 8421): VFY: dead code 0x007d-0087 in Lcom/mediaportal/ampdroid/activities/mediaplayback/VideoStreamingPlayerActivity$5;.onStopTrackingTouch (Landroid/widget/SeekBar;)V
D/aMPdroid( 8421): MediaPlayer onStart
D/aMPdroid( 8421): Add new listener class com.mediaportal.ampdroid.activities.mediaplayback.VideoStreamingPlayerActivity
D/aMPdroid( 8421): Number of listeners: 2
D/aMPdroid( 8421): MediaPlayer onResume
D/aMPdroid( 8421): MediaPlayer onStart, screen on -> start playback
D/aMPdroid( 8421): Starting UI Handler
I/aMPdroid( 8421): Before checking mediaplayer state
I/aMPdroid( 8421): After checking mediaplayer state
D/aMPdroid( 8421): Start Connection Monitor
D/aMPdroid( 8421): Starting Transcoding Checker
D/dalvikvm( 8421): VFY: dead code 0x0076-0080 in Lcom/mediaportal/ampdroid/activities/mediaplayback/VideoStreamingPlayerActivity$CheckTranscodingTask;.onProgressUpdate ([Lcom/mediaportal/ampdroid/data/streaming/StreamTranscodingInfo;)V
I/aMPdroid( 8421): Downloading overlay for position 0(0x0)
I/WindowManager( 2695): CREATE SURFACE Surface(name=com.mediaportal.ampdroid/com.mediaportal.ampdroid.activities.mediaplayback.VideoStreamingPlayerActivity, identity=1168, mNativeSurface=0) IN SESSION android.view.SurfaceSession@40a2f8b0: pid=8421 format=1 flags=0x0 / Window{405698d8 com.mediaportal.ampdroid/com.mediaportal.ampdroid.activities.mediaplayback.VideoStreamingPlayerActivity paused=false}
I/aMPdroid( 8421): Start streaming task
D/aMPdroid( 8421): CheckTranscodingTask doInBackground
D/aMPdroid( 8421): MediaPlayer surfaceCreated
D/aMPdroid( 8421): MediaPlayer surfaceChanged
I/ActivityManager( 2695): Displayed com.mediaportal.ampdroid/.activities.mediaplayback.VideoStreamingPlayerActivity: +589ms
D/aMPdroid( 8421): Remove listener class com.mediaportal.ampdroid.activities.mediaplayback.ActivityStreamingDetails
D/aMPdroid( 8421): Number of listeners: 1
W/WindowManager( 2695): Window Window{40cc0b60 com.mediaportal.ampdroid/com.mediaportal.ampdroid.activities.mediaplayback.ActivityStreamingDetails paused=false} destroyed surface Surface(name=com.mediaportal.ampdroid/com.mediaportal.ampdroid.activities.mediaplayback.ActivityStreamingDetails, identity=-1, mNativeSurface=0), session Session{40cd9328 uid 10120}
I/aMPdroid( 8421): Initialising Media Stream (type:Recording, id: 10)
I/aMPdroid( 8421): Initialising finished with result: true
I/aMPdroid( 8421): Starting Media Stream (type:Recording, pos: 0, profile: Android FFmpeg HQ, audio: -1, sub: -2)
I/aMPdroid( 8421): New Streaming url: http://82.45.251.215:4322/MPExtended/StreamingService/stream/RetrieveStream?identifier=aMPdroid.942025751.ts
D/aMPdroid( 8421): MediaPlayer playVideo
D/aMPdroid( 8421): MediaPlayer prepareMediaPlayerAsync
I/MediaPlayer( 8421): uri is:http://82.45.251.215:4322/MPExtended/StreamingService/stream/RetrieveStream?identifier=aMPdroid.942025751.ts
I/StagefrightPlayer( 2587): setDataSource('http://82.45.251.215:4322/MPExtended/StreamingService/stream/RetrieveStream?identifier=aMPdroid.942025751.ts')
V/AwesomePlayer( 2587): setDataSource (http://82.45.251.215:4322/MPExtended/StreamingService/stream/RetrieveStream?identifier=aMPdroid.942025751.ts)
I/NuHTTPDataSource( 2587): connect_l to 82.45.251.215:4322/MPExtended/StreamingService/stream/RetrieveStream?identifier=aMPdroid.942025751.ts @0
D/aMPdroid( 8421): Set overlay image to bitmap
V/aMPdroid( 8421): onVideoSizeChanged called
E/aMPdroid( 8421): New video dimensions: 800 x 448
D/aMPdroid( 8421): MediaPlayer onPrepared
D/aMPdroid( 8421): Time for seeking: 2569 ms
D/aMPdroid( 8421): Automatically starting video
D/aMPdroid( 8421): Set overlay image to null
D/aMPdroid( 8421): MediaPlayer surfaceChanged
D/aMPdroid( 8421): Config change2
W/aMPdroid( 8421): New video dimensions: 800 x 448
D/aMPdroid( 8421): MediaPlayer surfaceChanged
D/aMPdroid( 8421): Seeking available now
D/aMPdroid( 8421): Transcoding info: frame= 304 fps= 0 time= 00:04 bitrate= 0 seek= true pos= 00:04
D/aMPdroid( 8421): Transcoding info: frame= 604 fps= 0 time= 00:10 bitrate= 0 seek= true pos= 00:10
I/InputDispatcher( 2695): Delivering touch to current input target: action: 0, channel '405698d8 com.mediaportal.ampdroid/com.mediaportal.ampdroid.activities.mediaplayback.VideoStreamingPlayerActivity (server)'
I/InputDispatcher( 2695): Delivering touch to current input target: action: 1, channel '405698d8 com.mediaportal.ampdroid/com.mediaportal.ampdroid.activities.mediaplayback.VideoStreamingPlayerActivity (server)'
D/aMPdroid( 8421): Pausing playback
D/aMPdroid( 8421): Config change1
D/aMPdroid( 8421): MediaPlayer surfaceChanged
D/aMPdroid( 8421): Transcoding info: frame= 946 fps= 0 time= 00:17 bitrate= 0 seek= true pos= 00:17
I/InputDispatcher( 2695): Delivering key to current input target: action: 0, channel '405698d8 com.mediaportal.ampdroid/com.mediaportal.ampdroid.activities.mediaplayback.VideoStreamingPlayerActivity (server)'
I/InputDispatcher( 2695): Delivering key to current input target: action: 1, channel '405698d8 com.mediaportal.ampdroid/com.mediaportal.ampdroid.activities.mediaplayback.VideoStreamingPlayerActivity (server)'
D/aMPdroid( 8421): MediaPlayer onPause
I/aMPdroid( 8421): Saving playback session state to db
D/aMPdroid( 8421): Stopping Connection Monitor
D/aMPdroid( 8421): Stopping Transcoding Checker
D/aMPdroid( 8421): Add new listener class com.mediaportal.ampdroid.activities.mediaplayback.ActivityStreamingDetails
D/aMPdroid( 8421): Number of listeners: 2
I/aMPdroid( 8421): getting playback session state from db
I/WindowManager( 2695): CREATE SURFACE Surface(name=com.mediaportal.ampdroid/com.mediaportal.ampdroid.activities.mediaplayback.ActivityStreamingDetails, identity=1170, mNativeSurface=0) IN SESSION android.view.SurfaceSession@40a2f8b0: pid=8421 format=1 flags=0x0 / Window{40cc0b60 com.mediaportal.ampdroid/com.mediaportal.ampdroid.activities.mediaplayback.ActivityStreamingDetails paused=false}
D/aMPdroid( 8421): MediaPlayer surfaceDestroyed
D/aMPdroid( 8421): MediaPlayer onStop
D/aMPdroid( 8421): Stopping UI Handler
D/aMPdroid( 8421): MediaPlayer stop finished
D/aMPdroid( 8421): Remove listener class com.mediaportal.ampdroid.activities.mediaplayback.VideoStreamingPlayerActivity
D/aMPdroid( 8421): Number of listeners: 1
D/aMPdroid( 8421): MediaPlayer onDestroy
W/WindowManager( 2695): Window Window{405698d8 com.mediaportal.ampdroid/com.mediaportal.ampdroid.activities.mediaplayback.VideoStreamingPlayerActivity paused=false} destroyed surface Surface(name=com.mediaportal.ampdroid/com.mediaportal.ampdroid.activities.mediaplayback.VideoStreamingPlayerActivity, identity=-1, mNativeSurface=0), session Session{40cd9328 uid 10120}
I/InputDispatcher( 2695): Delivering key to current input target: action: 0, channel '40cc0b60 com.mediaportal.ampdroid/com.mediaportal.ampdroid.activities.mediaplayback.ActivityStreamingDetails (server)'
I/InputDispatcher( 2695): Delivering key to current input target: action: 1, channel '40cc0b60 com.mediaportal.ampdroid/com.mediaportal.ampdroid.activities.mediaplayback.ActivityStreamingDetails (server)'
D/aMPdroid( 8421): Add new listener class com.mediaportal.ampdroid.activities.tv.ActivityTvServerRecordings
D/aMPdroid( 8421): Number of listeners: 2
I/WindowManager( 2695): CREATE SURFACE Surface(name=com.mediaportal.ampdroid/com.mediaportal.ampdroid.activities.tv.ActivityTvServerRecordings, identity=1171, mNativeSurface=0) IN SESSION android.view.SurfaceSession@40a2f8b0: pid=8421 format=1 flags=0x0 / Window{40ba2cd0 com.mediaportal.ampdroid/com.mediaportal.ampdroid.activities.tv.ActivityTvServerRecordings paused=false}
W/WindowManager( 2695): Window Window{40cc0b60 com.mediaportal.ampdroid/com.mediaportal.ampdroid.activities.mediaplayback.ActivityStreamingDetails paused=false} destroyed surface Surface(name=com.mediaportal.ampdroid/com.mediaportal.ampdroid.activities.mediaplayback.ActivityStreamingDetails, identity=-1, mNativeSurface=0), session Session{40cd9328 uid 10120}
D/aMPdroid( 8421): Remove listener class com.mediaportal.ampdroid.activities.mediaplayback.ActivityStreamingDetails
D/aMPdroid( 8421): Number of listeners: 1
I/InputDispatcher( 2695): Delivering key to current input target: action: 0, channel '40ba2cd0 com.mediaportal.ampdroid/com.mediaportal.ampdroid.activities.tv.ActivityTvServerRecordings (server)'
I/InputDispatcher( 2695): Delivering key to current input target: action: 1, channel '40ba2cd0 com.mediaportal.ampdroid/com.mediaportal.ampdroid.activities.tv.ActivityTvServerRecordings (server)'
D/aMPdroid( 8421): Add new listener class com.mediaportal.ampdroid.activities.tv.ActivityTvServerFeatures
D/aMPdroid( 8421): Number of listeners: 2
I/WindowManager( 2695): CREATE SURFACE Surface(name=com.mediaportal.ampdroid/com.mediaportal.ampdroid.activities.tv.ActivityTvServerFeatures, identity=1172, mNativeSurface=0) IN SESSION android.view.SurfaceSession@40a2f8b0: pid=8421 format=1 flags=0x0 / Window{40ce4cb0 com.mediaportal.ampdroid/com.mediaportal.ampdroid.activities.tv.ActivityTvServerFeatures paused=false}
W/WindowManager( 2695): Window Window{40ba2cd0 com.mediaportal.ampdroid/com.mediaportal.ampdroid.activities.tv.ActivityTvServerRecordings paused=false} destroyed surface Surface(name=com.mediaportal.ampdroid/com.mediaportal.ampdroid.activities.tv.ActivityTvServerRecordings, identity=-1, mNativeSurface=0), session Session{40cd9328 uid 10120}
D/aMPdroid( 8421): Remove listener class com.mediaportal.ampdroid.activities.tv.ActivityTvServerRecordings
D/aMPdroid( 8421): Number of listeners: 1
I/aMPdroid( 8421): Transcoding-Checker Task ended
I/InputDispatcher( 2695): Delivering key to current input target: action: 0, channel '40ce4cb0 com.mediaportal.ampdroid/com.mediaportal.ampdroid.activities.tv.ActivityTvServerFeatures (server)'
I/InputDispatcher( 2695): Delivering key to current input target: action: 1, channel '40ce4cb0 com.mediaportal.ampdroid/com.mediaportal.ampdroid.activities.tv.ActivityTvServerFeatures (server)'
D/aMPdroid( 8421): Add new listener class com.mediaportal.ampdroid.activities.HomeActivity
D/aMPdroid( 8421): Number of listeners: 2
I/Ads ( 8421): adRequestUrlHtml:
I/aMPdroid( 8421): Setting text to IMAGE17-PC in onCreateOptionsMenu
I/aMPdroid( 8421): Setting text to IMAGE17-PC in onStart
I/WindowManager( 2695): CREATE SURFACE Surface(name=com.mediaportal.ampdroid/com.mediaportal.ampdroid.activities.HomeActivity, identity=1173, mNativeSurface=0) IN SESSION android.view.SurfaceSession@40a2f8b0: pid=8421 format=1 flags=0x0 / Window{40b8c198 com.mediaportal.ampdroid/com.mediaportal.ampdroid.activities.HomeActivity paused=false}
W/WindowManager( 2695): Window Window{40ce4cb0 com.mediaportal.ampdroid/com.mediaportal.ampdroid.activities.tv.ActivityTvServerFeatures paused=false} destroyed surface Surface(name=com.mediaportal.ampdroid/com.mediaportal.ampdroid.activities.tv.ActivityTvServerFeatures, identity=-1, mNativeSurface=0), session Session{40cd9328 uid 10120}
D/aMPdroid( 8421): Remove listener class com.mediaportal.ampdroid.activities.tv.ActivityTvServerFeatures
D/aMPdroid( 8421): Number of listeners: 1
I/Ads ( 8421): Received ad url: <"url": "http://googleads.g.doubleclick.net:80/mads/gma?preqs=2&u_sd=1.5&slotname=a14f0c97b4cbfe8&u_w=320&msid=com.mediaportal.ampdroid&js=afma-sdk-a-v4.3.1&mv=8011015.com.android.vending&isu=FA819CEBB9E4024EA69B21986EE1693F&cipa=0&format=320x50_mb&net=wi&app_name=100.android.com.mediaportal.ampdroid&hl=en&u_h=533&u_audio=1&u_so=p&output=html®ion=mobile_app&u_tz=-60&ex=1&client_sdk=1&askip=2&pto=0&caps=interactiveVideo_sdkAdmobApiForAds&jsv=15", "afmaNotifyDt": "null">
D/aMPdroid( 8421): Received Ad
I/InputDispatcher( 2695): Delivering touch to current input target: action: 0, channel '40b8c198 com.mediaportal.ampdroid/com.mediaportal.ampdroid.activities.HomeActivity (server)'
I/InputDispatcher( 2695): Delivering touch to current input target: action: 1, channel '40b8c198 com.mediaportal.ampdroid/com.mediaportal.ampdroid.activities.HomeActivity (server)'
I/aMPdroid( 8421): Getting media functions: 82.45.251.215:4322@admin:admin
I/aMPdroid( 8421): Successfully connected to Webservice
D/aMPdroid( 8421): Connected to WebService version 0.4.3
I/ActivityManager( 2695): Starting: Intent { cmp=com.mediaportal.ampdroid/.activities.media.tvseries.ActivityMpTvSeries } from pid 8421
W/ActivityManager( 2695): Trying to launch com.mediaportal.ampdroid/.activities.media.tvseries.ActivityMpTvSeries
I/aMPdroid( 8421): onAttach
I/aMPdroid( 8421): onCreate
I/aMPdroid( 8421): onViewCreated
I/aMPdroid( 8421): onAttach
I/aMPdroid( 8421): onCreate
I/aMPdroid( 8421): onViewCreated
I/aMPdroid( 8421): loadFurtherSeriesItems: 6
I/aMPdroid( 8421): Initialising listloading task with preload: 0, itemload: 50
I/aMPdroid( 8421): onActivityCreated
I/aMPdroid( 8421): onActivityCreated
D/aMPdroid( 8421): Add new listener class com.mediaportal.ampdroid.activities.media.tvseries.ActivityMpTvSeries
D/aMPdroid( 8421): Number of listeners: 2
D/aMPdroid( 8421): Total items count: 94
D/aMPdroid( 8421): Loading all items...
D/aMPdroid( 8421): Loading items range0 - 49
I/WindowManager( 2695): CREATE SURFACE Surface(name=com.mediaportal.ampdroid/com.mediaportal.ampdroid.activities.media.tvseries.ActivityMpTvSeries, identity=1174, mNativeSurface=0) IN SESSION android.view.SurfaceSession@40a2f8b0: pid=8421 format=1 flags=0x0 / Window{40580598 com.mediaportal.ampdroid/com.mediaportal.ampdroid.activities.media.tvseries.ActivityMpTvSeries paused=false}
I/ActivityManager( 2695): Displayed com.mediaportal.ampdroid/.activities.media.tvseries.ActivityMpTvSeries: +707ms
W/WindowManager( 2695): Window Window{40b8c198 com.mediaportal.ampdroid/com.mediaportal.ampdroid.activities.HomeActivity paused=false} destroyed surface Surface(name=com.mediaportal.ampdroid/com.mediaportal.ampdroid.activities.HomeActivity, identity=-1, mNativeSurface=0), session Session{40cd9328 uid 10120}
D/aMPdroid( 8421): Remove listener class com.mediaportal.ampdroid.activities.HomeActivity
D/aMPdroid( 8421): Number of listeners: 1
D/aMPdroid( 8421): Loading items range50 - 93
I/InputDispatcher( 2695): Delivering touch to current input target: action: 0, channel '40580598 com.mediaportal.ampdroid/com.mediaportal.ampdroid.activities.media.tvseries.ActivityMpTvSeries (server)'
I/InputDispatcher( 2695): Delivering touch to current input target: action: 1, channel '40580598 com.mediaportal.ampdroid/com.mediaportal.ampdroid.activities.media.tvseries.ActivityMpTvSeries (server)'
I/InputDispatcher( 2695): Delivering touch to current input target: action: 0, channel '40580598 com.mediaportal.ampdroid/com.mediaportal.ampdroid.activities.media.tvseries.ActivityMpTvSeries (server)'
I/InputDispatcher( 2695): Delivering touch to current input target: action: 1, channel '40580598 com.mediaportal.ampdroid/com.mediaportal.ampdroid.activities.media.tvseries.ActivityMpTvSeries (server)'
I/InputDispatcher( 2695): Delivering touch to current input target: action: 0, channel '40580598 com.mediaportal.ampdroid/com.mediaportal.ampdroid.activities.media.tvseries.ActivityMpTvSeries (server)'
I/InputDispatcher( 2695): Delivering touch to current input target: action: 1, channel '40580598 com.mediaportal.ampdroid/com.mediaportal.ampdroid.activities.media.tvseries.ActivityMpTvSeries (server)'
I/ActivityManager( 2695): Starting: Intent { flg=0x4000000 cmp=com.mediaportal.ampdroid/.activities.media.tvseries.ActivitySeriesDetails (has extras) } from pid 8421
W/ActivityManager( 2695): Trying to launch com.mediaportal.ampdroid/.activities.media.tvseries.ActivitySeriesDetails
W/aMPdroid( 8421): SeriesDetails null onCreateView
W/aMPdroid( 8421): SeriesDetails null onActivityCreated
D/aMPdroid( 8421): Add new listener class com.mediaportal.ampdroid.activities.media.tvseries.ActivitySeriesDetails
D/aMPdroid( 8421): Number of listeners: 2
I/WindowManager( 2695): CREATE SURFACE Surface(name=com.mediaportal.ampdroid/com.mediaportal.ampdroid.activities.media.tvseries.ActivitySeriesDetails, identity=1176, mNativeSurface=0) IN SESSION android.view.SurfaceSession@40a2f8b0: pid=8421 format=1 flags=0x0 / Window{409b3930 com.mediaportal.ampdroid/com.mediaportal.ampdroid.activities.media.tvseries.ActivitySeriesDetails paused=false}
W/WindowManager( 2695): Window Window{40580598 com.mediaportal.ampdroid/com.mediaportal.ampdroid.activities.media.tvseries.ActivityMpTvSeries paused=false} destroyed surface Surface(name=com.mediaportal.ampdroid/com.mediaportal.ampdroid.activities.media.tvseries.ActivityMpTvSeries, identity=-1, mNativeSurface=0), session Session{40cd9328 uid 10120}
I/InputDispatcher( 2695): Delivering touch to current input target: action: 0, channel '409b3930 com.mediaportal.ampdroid/com.mediaportal.ampdroid.activities.media.tvseries.ActivitySeriesDetails (server)'
I/InputDispatcher( 2695): Delivering touch to current input target: action: 1, channel '409b3930 com.mediaportal.ampdroid/com.mediaportal.ampdroid.activities.media.tvseries.ActivitySeriesDetails (server)'
I/InputDispatcher( 2695): Delivering touch to current input target: action: 0, channel '409b3930 com.mediaportal.ampdroid/com.mediaportal.ampdroid.activities.media.tvseries.ActivitySeriesDetails (server)'
I/InputDispatcher( 2695): Delivering touch to current input target: action: 1, channel '409b3930 com.mediaportal.ampdroid/com.mediaportal.ampdroid.activities.media.tvseries.ActivitySeriesDetails (server)'
I/InputDispatcher( 2695): Delivering touch to current input target: action: 0, channel '409b3930 com.mediaportal.ampdroid/com.mediaportal.ampdroid.activities.media.tvseries.ActivitySeriesDetails (server)'
I/InputDispatcher( 2695): Delivering touch to current input target: action: 1, channel '409b3930 com.mediaportal.ampdroid/com.mediaportal.ampdroid.activities.media.tvseries.ActivitySeriesDetails (server)'
I/ActivityManager( 2695): Starting: Intent { flg=0x4000000 cmp=com.mediaportal.ampdroid/.activities.media.tvseries.ActivityEpisodesList (has extras) } from pid 8421
W/ActivityManager( 2695): Trying to launch com.mediaportal.ampdroid/.activities.media.tvseries.ActivityEpisodesList
I/aMPdroid( 8421): loadFurtherEpisodeItems: 6
I/aMPdroid( 8421): Initialising listloading task with preload: 0, itemload: 20
D/aMPdroid( 8421): Total items count: -1
D/aMPdroid( 8421): Loading all items...
D/aMPdroid( 8421): Loading all items at once
D/aMPdroid( 8421): Add new listener class com.mediaportal.ampdroid.activities.media.tvseries.ActivityEpisodesList
D/aMPdroid( 8421): Number of listeners: 3
I/WindowManager( 2695): CREATE SURFACE Surface(name=com.mediaportal.ampdroid/com.mediaportal.ampdroid.activities.media.tvseries.ActivityEpisodesList, identity=1177, mNativeSurface=0) IN SESSION android.view.SurfaceSession@40a2f8b0: pid=8421 format=1 flags=0x0 / Window{409e0c28 com.mediaportal.ampdroid/com.mediaportal.ampdroid.activities.media.tvseries.ActivityEpisodesList paused=false}
I/ActivityManager( 2695): Displayed com.mediaportal.ampdroid/.activities.media.tvseries.ActivityEpisodesList: +458ms (total +3s421ms)
D/aMPdroid( 8421): Remove listener class com.mediaportal.ampdroid.activities.media.tvseries.ActivityMpTvSeries
D/aMPdroid( 8421): Number of listeners: 2
W/WindowManager( 2695): Window Window{409b3930 com.mediaportal.ampdroid/com.mediaportal.ampdroid.activities.media.tvseries.ActivitySeriesDetails paused=false} destroyed surface Surface(name=com.mediaportal.ampdroid/com.mediaportal.ampdroid.activities.media.tvseries.ActivitySeriesDetails, identity=-1, mNativeSurface=0), session Session{40cd9328 uid 10120}
D/aMPdroid( 8421): Remove listener class com.mediaportal.ampdroid.activities.media.tvseries.ActivitySeriesDetails
D/aMPdroid( 8421): Number of listeners: 1
I/InputDispatcher( 2695): Delivering touch to current input target: action: 0, channel '409e0c28 com.mediaportal.ampdroid/com.mediaportal.ampdroid.activities.media.tvseries.ActivityEpisodesList (server)'
I/InputDispatcher( 2695): Delivering touch to current input target: action: 1, channel '409e0c28 com.mediaportal.ampdroid/com.mediaportal.ampdroid.activities.media.tvseries.ActivityEpisodesList (server)'
E/aMPdroid( 8421): Uncaught exception
E/aMPdroid( 8421): java.lang.NullPointerException
E/aMPdroid( 8421): at com.mediaportal.ampdroid.activities.media.tvseries.FragmentEpisodesList.openDetails(FragmentEpisodesList.java:180)
E/aMPdroid( 8421): at com.mediaportal.ampdroid.activities.media.tvseries.FragmentEpisodesList.onItemClick(FragmentEpisodesList.java:390)
E/aMPdroid( 8421): at android.widget.AdapterView.performItemClick(AdapterView.java:284)
E/aMPdroid( 8421): at android.widget.ListView.performItemClick(ListView.java:3746)
E/aMPdroid( 8421): at android.widget.AbsListView$PerformClick.run(AbsListView.java:1980)
E/aMPdroid( 8421): at android.os.Handler.handleCallback(Handler.java:587)
E/aMPdroid( 8421): at android.os.Handler.dispatchMessage(Handler.java:92)
E/aMPdroid( 8421): at android.os.Looper.loop(Looper.java:130)
E/aMPdroid( 8421): at android.app.ActivityThread.main(ActivityThread.java:3691)
E/aMPdroid( 8421): at java.lang.reflect.Method.invokeNative(Native Method)
E/aMPdroid( 8421): at java.lang.reflect.Method.invoke(Method.java:507)
E/aMPdroid( 8421): at com.android.internal.os.ZygoteInit$MethodAndArgsCaller.run(ZygoteInit.java:907)
E/aMPdroid( 8421): at com.android.internal.os.ZygoteInit.main(ZygoteInit.java:665)
E/aMPdroid( 8421): at dalvik.system.NativeStart.main(Native Method)
W/ActivityManager( 2695): Activity pause timeout for HistoryRecord{409f5f68 com.mediaportal.ampdroid/.activities.media.tvseries.ActivityEpisodesList}