--------- beginning of /dev/log/main
D/WifiHW ( 1234): >>> wifi_send_command, cmd= DRIVER RSSI-APPROX
D/WifiHW ( 1234): >>> wifi_send_command, cmd= DRIVER LINKSPEED --------- beginning of /dev/log/system
I/ActivityManager( 1234): START {act=android.intent.action.MAIN cat=[android.intent.category.HOME] flg=0x10200000 cmp=com.android.launcher/com.android.launcher2.Launcher} from pid 1234
W/NetworkManagementSocketTagger( 1234): setKernelCountSet(10029, 1) failed with errno -2
W/IInputConnectionWrapper(14564): showStatusIcon on inactive InputConnection
W/InputManagerService( 1234): Starting input on non-focused client com.android.internal.view.IInputMethodClient$Stub$Proxy@4137e908 (uid=10046 pid=14564)
W/NetworkManagementSocketTagger( 1234): setKernelCountSet(10046, 0) failed with errno -2
D/OpenGLRenderer(14564): Flushing caches (mode 1)
D/WifiHW ( 1234): >>> wifi_send_command, cmd= DRIVER RSSI-APPROX
D/WifiHW ( 1234): >>> wifi_send_command, cmd= DRIVER LINKSPEED
I/ActivityManager( 1234): START {act=android.intent.action.MAIN cat=[android.intent.category.LAUNCHER] flg=0x10200000 cmp=com.mediaportal.ampdroid/.activities.HomeActivity bnds=[12,202][108,298]} from pid 1364
E/audio_hw_default( 1143): ICS-SASKEN:0
E/audio_hw_default( 1143): ICS-SASKEN:2
W/NetworkManagementSocketTagger( 1234): setKernelCountSet(10035, 1) failed with errno -2
I/aMPdroid(14601): onDestroy: 6
I/aMPdroid(14601): onDestroy: 6
I/aMPdroid(14601): onAttach
I/aMPdroid(14601): onCreate
I/aMPdroid(14601): onViewCreated
I/aMPdroid(14601): onAttach
I/aMPdroid(14601): onCreate
I/aMPdroid(14601): onViewCreated
I/aMPdroid(14601): loadFurtherSeriesItems: 6
I/aMPdroid(14601): Initialising listloading task with preload: 20, itemload: 50
I/aMPdroid(14601): onActivityCreated
I/aMPdroid(14601): onActivityCreated
W/GoogleAnalyticsTracker(14601): Store full. Not storing last event.
I/aMPdroid(14601): Initialising ClientControl Service
D/aMPdroid(14601): Add new listener class com.mediaportal.ampdroid.activities.media.tvseries.ActivityMpTvSeries
D/aMPdroid(14601): Number of listeners: 1
W/PhoneWindow(14601): Previously focused view reported id 16908298 during save, but can't be found during restore.
W/GoogleAnalyticsTracker(14601): Store full. Not storing last event.
I/aMPdroid(14601): Client service onCreate
I/aMPdroid(14601): Client service onStartCommand
I/aMPdroid(14601): Reconnecting (attempt nr.1)
I/aMPdroid(14601): Connecting WifiRemote: 192.168.178.27:8017
D/OpenGLRenderer( 1364): Flushing caches (mode 1)
D/OpenGLRenderer( 1364): Flushing caches (mode 0)
W/NetworkManagementSocketTagger( 1234): setKernelCountSet(10029, 0) failed with errno -2
I/aMPdroid(14601): Error connecting WifiRemote
I/aMPdroid(14601): java.net.SocketTimeoutException: failed to connect to /192.168.178.27 (port 8017) after 2000ms
I/aMPdroid(14601): at libcore.io.IoBridge.connectErrno(IoBridge.java:150)
I/aMPdroid(14601): at libcore.io.IoBridge.connect(IoBridge.java:112)
I/aMPdroid(14601): at java.net.PlainSocketImpl.connect(PlainSocketImpl.java:192)
I/aMPdroid(14601): at java.net.PlainSocketImpl.connect(PlainSocketImpl.java:459)
I/aMPdroid(14601): at java.net.Socket.connect(Socket.java:842)
I/aMPdroid(14601): at com.mediaportal.ampdroid.api.wifiremote.WifiRemoteMpController.connect(WifiRemoteMpController.java:361)
I/aMPdroid(14601): at com.mediaportal.ampdroid.api.ClientControlService$CheckConnectionTask.doInBackground(ClientControlService.java:31)
I/aMPdroid(14601): at com.mediaportal.ampdroid.api.ClientControlService$CheckConnectionTask.doInBackground(ClientControlService.java:1)
I/aMPdroid(14601): at android.os.AsyncTask$2.call(AsyncTask.java:264)
I/aMPdroid(14601): at java.util.concurrent.FutureTask$Sync.innerRun(FutureTask.java:305)
I/aMPdroid(14601): at java.util.concurrent.FutureTask.run(FutureTask.java:137)
I/aMPdroid(14601): at java.util.concurrent.ThreadPoolExecutor.runWorker(ThreadPoolExecutor.java:1076)
I/aMPdroid(14601): at java.util.concurrent.ThreadPoolExecutor$Worker.run(ThreadPoolExecutor.java:569)
I/aMPdroid(14601): at java.lang.Thread.run(Thread.java:856)
D/aMPdroid(14601): Reconnect failed, waiting 15000 ms
D/WifiHW ( 1234): >>> wifi_send_command, cmd= DRIVER RSSI-APPROX
D/WifiHW ( 1234): >>> wifi_send_command, cmd= DRIVER LINKSPEED
E/audio_hw_default( 1143): ICS-SASKEN:0
E/audio_hw_default( 1143): ICS-SASKEN:2
D/dalvikvm( 1234): GC_FOR_ALLOC freed 224K, 21% free 10477K/13255K, paused 228ms
W/GoogleAnalyticsTracker(14601): Store full. Not storing last event.
D/aMPdroid(14601): Add new listener class com.mediaportal.ampdroid.activities.HomeActivity
D/aMPdroid(14601): Number of listeners: 2
I/Ads (14601): To get test ads on this device, call adRequest.addTestDevice("B469587D396166332047AD0455E95F36");
I/aMPdroid(14601): Setting text to Grizzly in onCreateOptionsMenu
I/Ads (14601): adRequestUrlHtml:
I/aMPdroid(14601): Setting text to Grizzly in onStart
W/GoogleAnalyticsTracker(14601): Store full. Not storing last event.
D/aMPdroid(14601): Remove listener class com.mediaportal.ampdroid.activities.media.tvseries.ActivityMpTvSeries
D/aMPdroid(14601): Number of listeners: 1
I/aMPdroid(14601): onDestroy: 6
I/aMPdroid(14601): onDestroy: 6
I/Ads (14601): Received ad url: <"url": "http://googleads.g.doubleclick.net:80/mads/gma?preqs=1&u_sd=1&slotname=a14f0c97b4cbfe8&u_w=600&msid=com.mediaportal.ampdroid&cap=m&js=afma-sdk-a-v4.3.1&mv=8013013.com.android.vending&isu=B469587D396166332047AD0455E95F36&cipa=0&format=320x50_mb&net=wi&app_name=101.android.com.mediaportal.ampdroid&hl=de&u_h=976&u_audio=3&u_so=p&output=html®ion=mobile_app&u_tz=0&ex=1&client_sdk=1&askip=1&pto=0&caps=interactiveVideo_clickTracking_sdkAdmobApiForAds&jsv=27", "afmaNotifyDt": "null">
D/WifiHW ( 1234): >>> wifi_send_command, cmd= DRIVER RSSI-APPROX
I/Ads (14601): onReceiveAd()
D/aMPdroid(14601): Received Ad
D/WifiHW ( 1234): >>> wifi_send_command, cmd= DRIVER LINKSPEED
D/dalvikvm( 1234): GC_FOR_ALLOC freed 290K, 23% free 10333K/13255K, paused 191ms
W/NetworkManagementSocketTagger( 1234): setKernelCountSet(10029, 1) failed with errno -2
W/NetworkManagementSocketTagger( 1234): setKernelCountSet(10035, 0) failed with errno -2
D/aMPdroid(14601): Remove listener class com.mediaportal.ampdroid.activities.HomeActivity
D/aMPdroid(14601): Number of listeners: 0
D/aMPdroid(14601): 0 listeners reached, disconnecting
I/ActivityManager( 1234): START {act=android.intent.action.MAIN cat=[android.intent.category.LAUNCHER] flg=0x10200000 cmp=com.mediaportal.ampdroid/.activities.HomeActivity bnds=[12,202][108,298]} from pid 1364
W/NetworkManagementSocketTagger( 1234): setKernelCountSet(10035, 1) failed with errno -2
D/dalvikvm(14601): GC_CONCURRENT freed 767K, 13% free 9948K/11335K, paused 3ms+39ms
E/Ethernet( 1234): DHCP request error:Timed out waiting for DHCP to finish
D/ChangeLog(14601): lastVersion: 1.0.1 free
D/ChangeLog(14601): appVersion: 1.0.1 free
W/GoogleAnalyticsTracker(14601): Store full. Not storing last event.
D/OpenGLRenderer( 1364): Flushing caches (mode 1)
D/aMPdroid(14601): Add new listener class com.mediaportal.ampdroid.activities.HomeActivity
D/aMPdroid(14601): Number of listeners: 1
I/Ads (14601): To get test ads on this device, call adRequest.addTestDevice("B469587D396166332047AD0455E95F36");
I/Ads (14601): adRequestUrlHtml:
I/aMPdroid(14601): Setting text to Grizzly in onCreateOptionsMenu
I/aMPdroid(14601): Setting text to Grizzly in onStart
W/GoogleAnalyticsTracker(14601): Store full. Not storing last event.
D/webviewglue(14601): nativeDestroy view: 0x30c9b8
D/webviewglue(14601): nativeDestroy view: 0x445648
D/OpenGLRenderer( 1364): Flushing caches (mode 0)
I/ActivityManager( 1234): Displayed com.mediaportal.ampdroid/.activities.HomeActivity: +816ms
D/WifiHW ( 1234): >>> wifi_send_command, cmd= DRIVER RSSI-APPROX
D/WifiHW ( 1234): >>> wifi_send_command, cmd= DRIVER LINKSPEED
I/Ads (14601): Received ad url: <"url": "http://googleads.g.doubleclick.net:80/mads/gma?preqs=2&u_sd=1&slotname=a14f0c97b4cbfe8&u_w=600&msid=com.mediaportal.ampdroid&cap=m&js=afma-sdk-a-v4.3.1&mv=8013013.com.android.vending&isu=B469587D396166332047AD0455E95F36&cipa=0&format=320x50_mb&net=wi&app_name=101.android.com.mediaportal.ampdroid&hl=de&u_h=976&u_audio=3&u_so=p&output=html®ion=mobile_app&u_tz=0&ex=1&client_sdk=1&askip=2&pto=0&caps=interactiveVideo_clickTracking_sdkAdmobApiForAds&jsv=27", "afmaNotifyDt": "null">
W/NetworkManagementSocketTagger( 1234): setKernelCountSet(10029, 0) failed with errno -2
I/Ads (14601): onReceiveAd()
D/aMPdroid(14601): Received Ad
I/ActivityManager( 1234): START {cmp=com.mediaportal.ampdroid/.activities.remote.ActivityRemoteControl} from pid 14601
D/dalvikvm( 1234): GC_FOR_ALLOC freed 446K, 22% free 10367K/13255K, paused 76ms
D/dalvikvm(14601): GC_FOR_ALLOC freed 1200K, 16% free 9535K/11335K, paused 54ms
I/dalvikvm-heap(14601): Grow heap (frag case) to 9.813MB for 313616-byte allocation
D/dalvikvm(14601): GC_FOR_ALLOC freed 7K, 16% free 9833K/11655K, paused 43ms
D/dalvikvm(14601): GC_FOR_ALLOC freed 714K, 16% free 9875K/11655K, paused 43ms
D/dalvikvm(14601): GC_FOR_ALLOC freed 47K, 13% free 10157K/11655K, paused 45ms
I/dalvikvm-heap(14601): Grow heap (frag case) to 10.255MB for 139892-byte allocation
D/dalvikvm(14601): GC_FOR_ALLOC freed <1K, 14% free 10293K/11847K, paused 42ms
I/dalvikvm(14601): Jit: resizing JitTable from 4096 to 8192
D/dalvikvm(14601): GC_FOR_ALLOC freed 308K, 16% free 9987K/11847K, paused 42ms
D/dalvikvm(14601): GC_FOR_ALLOC freed <1K, 14% free 10294K/11847K, paused 42ms
I/dalvikvm-heap(14601): Grow heap (frag case) to 10.388MB for 139892-byte allocation
D/dalvikvm(14601): GC_FOR_ALLOC freed 0K, 14% free 10430K/12039K, paused 45ms
D/dalvikvm(14601): GC_FOR_ALLOC freed 308K, 16% free 10124K/12039K, paused 81ms
D/dalvikvm(14601): GC_FOR_ALLOC freed 308K, 15% free 10262K/12039K, paused 43ms
D/dalvikvm(14601): GC_FOR_ALLOC freed <1K, 13% free 10568K/12039K, paused 33ms
I/dalvikvm-heap(14601): Grow heap (frag case) to 10.657MB for 139892-byte allocation
D/dalvikvm(14601): GC_FOR_ALLOC freed 0K, 13% free 10704K/12231K, paused 30ms
D/dalvikvm(14601): GC_FOR_ALLOC freed 308K, 15% free 10399K/12231K, paused 30ms
D/dalvikvm(14601): GC_FOR_ALLOC freed <1K, 13% free 10705K/12231K, paused 33ms
I/dalvikvm-heap(14601): Grow heap (frag case) to 10.791MB for 139892-byte allocation
D/dalvikvm(14601): GC_FOR_ALLOC freed 0K, 13% free 10842K/12423K, paused 32ms
D/aMPdroid(14601): Add new listener class com.mediaportal.ampdroid.activities.remote.FragmentBasicRemote
D/aMPdroid(14601): Number of listeners: 2
W/GoogleAnalyticsTracker(14601): Store full. Not storing last event.
D/aMPdroid(14601): Add new listener class com.mediaportal.ampdroid.activities.remote.ActivityRemoteControl
D/aMPdroid(14601): Number of listeners: 3
W/GoogleAnalyticsTracker(14601): Store full. Not storing last event.
D/webviewglue(14601): nativeDestroy view: 0x3aeec8
I/ActivityManager( 1234): Displayed com.mediaportal.ampdroid/.activities.remote.ActivityRemoteControl: +1s240ms
D/aMPdroid(14601): Remove listener class com.mediaportal.ampdroid.activities.HomeActivity
D/aMPdroid(14601): Number of listeners: 2
D/WifiHW ( 1234): >>> wifi_send_command, cmd= DRIVER RSSI-APPROX
D/WifiHW ( 1234): >>> wifi_send_command, cmd= DRIVER LINKSPEED
D/WifiHW ( 1234): >>> wifi_send_command, cmd= DRIVER RSSI-APPROX
D/WifiHW ( 1234): >>> wifi_send_command, cmd= DRIVER LINKSPEED
I/aMPdroid(14601): Reconnecting (attempt nr.2)
I/aMPdroid(14601): Connecting WifiRemote: 192.168.178.27:8017
D/WifiHW ( 1234): >>> wifi_send_command, cmd= DRIVER RSSI-APPROX
D/WifiHW ( 1234): >>> wifi_send_command, cmd= DRIVER LINKSPEED
E/audio_hw_default( 1143): ICS-SASKEN:0
E/audio_hw_default( 1143): ICS-SASKEN:2
I/aMPdroid(14601): Error connecting WifiRemote
I/aMPdroid(14601): java.net.SocketTimeoutException: failed to connect to /192.168.178.27 (port 8017) after 2000ms
I/aMPdroid(14601): at libcore.io.IoBridge.connectErrno(IoBridge.java:150)
I/aMPdroid(14601): at libcore.io.IoBridge.connect(IoBridge.java:112)
I/aMPdroid(14601): at java.net.PlainSocketImpl.connect(PlainSocketImpl.java:192)
I/aMPdroid(14601): at java.net.PlainSocketImpl.connect(PlainSocketImpl.java:459)
I/aMPdroid(14601): at java.net.Socket.connect(Socket.java:842)
I/aMPdroid(14601): at com.mediaportal.ampdroid.api.wifiremote.WifiRemoteMpController.connect(WifiRemoteMpController.java:361)
I/aMPdroid(14601): at com.mediaportal.ampdroid.api.ClientControlService$CheckConnectionTask.doInBackground(ClientControlService.java:31)
I/aMPdroid(14601): at com.mediaportal.ampdroid.api.ClientControlService$CheckConnectionTask.doInBackground(ClientControlService.java:1)
I/aMPdroid(14601): at android.os.AsyncTask$2.call(AsyncTask.java:264)
I/aMPdroid(14601): at java.util.concurrent.FutureTask$Sync.innerRun(FutureTask.java:305)
I/aMPdroid(14601): at java.util.concurrent.FutureTask.run(FutureTask.java:137)
I/aMPdroid(14601): at java.util.concurrent.ThreadPoolExecutor.runWorker(ThreadPoolExecutor.java:1076)
I/aMPdroid(14601): at java.util.concurrent.ThreadPoolExecutor$Worker.run(ThreadPoolExecutor.java:569)
I/aMPdroid(14601): at java.lang.Thread.run(Thread.java:856)
D/aMPdroid(14601): Reconnect failed, waiting 15000 ms
D/aMPdroid(14601): Listener class com.mediaportal.ampdroid.activities.remote.ActivityRemoteControl already added
W/InputManagerService( 1234): Window already focused, ignoring focus gain of: com.android.internal.view.IInputMethodClient$Stub$Proxy@4146b298
W/System.err(14601): org.apache.http.conn.ConnectTimeoutException: Connect to /192.168.178.27:4322 timed out
W/System.err(14601): at org.apache.http.conn.scheme.PlainSocketFactory.connectSocket(PlainSocketFactory.java:121)
W/System.err(14601): at org.apache.http.impl.conn.DefaultClientConnectionOperator.openConnection(DefaultClientConnectionOperator.java:144)
W/System.err(14601): at org.apache.http.impl.conn.AbstractPoolEntry.open(AbstractPoolEntry.java:164)
W/System.err(14601): at org.apache.http.impl.conn.AbstractPooledConnAdapter.open(AbstractPooledConnAdapter.java:119)
W/System.err(14601): at org.apache.http.impl.client.DefaultRequestDirector.execute(DefaultRequestDirector.java:360)
W/System.err(14601): at org.apache.http.impl.client.AbstractHttpClient.execute(AbstractHttpClient.java:555)
W/System.err(14601): at org.apache.http.impl.client.AbstractHttpClient.execute(AbstractHttpClient.java:487)
W/System.err(14601): at org.apache.http.impl.client.AbstractHttpClient.execute(AbstractHttpClient.java:465)
W/System.err(14601): at com.mediaportal.ampdroid.api.JsonClient.executeRequestForStream(JsonClient.java:281)
W/System.err(14601): at com.mediaportal.ampdroid.api.JsonClient.DoExecuteForStream(JsonClient.java:233)
W/System.err(14601): at com.mediaportal.ampdroid.api.JsonClient.DoExecute(JsonClient.java:164)
W/System.err(14601): at com.mediaportal.ampdroid.api.JsonClient.Execute(JsonClient.java:134)
W/System.err(14601): at com.mediaportal.ampdroid.api.JsonClient.Execute(JsonClient.java:128)
W/System.err(14601): at com.mediaportal.ampdroid.api.mpext.media.MediaJsonWebserviceSeriesApi.getSeriesCount(MediaJsonWebserviceSeriesApi.java:135)
W/System.err(14601): at com.mediaportal.ampdroid.api.mpext.media.MediaJsonWebserviceApi.getSeriesCount(MediaJsonWebserviceApi.java:346)
W/System.err(14601): at com.mediaportal.ampdroid.api.DataHandler.getSeriesCount(DataHandler.java:373)
W/System.err(14601): at com.mediaportal.ampdroid.activities.media.tvseries.FragmentSeriesList$LoadSeriesTask.getItemsCount(FragmentSeriesList.java:89)
W/System.err(14601): at com.mediaportal.ampdroid.lists.LoadItemsTask$1.run(LoadItemsTask.java:85)
E/aMPdroid(14601): java.lang.NullPointerException
E/aMPdroid(14601): Error retrieving data for methodGetTVShowCount
D/aMPdroid(14601): Total items count: -99
D/aMPdroid(14601): Loading 20 items...
W/aMPdroid(14601): Received item count -99, aborting item loading
I/aMPdroid(14601): Connecting WifiRemote: 192.168.178.27:8017
D/WifiHW ( 1234): >>> wifi_send_command, cmd= DRIVER RSSI-APPROX
D/WifiHW ( 1234): >>> wifi_send_command, cmd= DRIVER LINKSPEED
I/aMPdroid(14601): Error connecting WifiRemote
I/aMPdroid(14601): java.net.SocketTimeoutException: failed to connect to /192.168.178.27 (port 8017) after 2000ms
I/aMPdroid(14601): at libcore.io.IoBridge.connectErrno(IoBridge.java:150)
I/aMPdroid(14601): at libcore.io.IoBridge.connect(IoBridge.java:112)
I/aMPdroid(14601): at java.net.PlainSocketImpl.connect(PlainSocketImpl.java:192)
I/aMPdroid(14601): at java.net.PlainSocketImpl.connect(PlainSocketImpl.java:459)
I/aMPdroid(14601): at java.net.Socket.connect(Socket.java:842)
I/aMPdroid(14601): at com.mediaportal.ampdroid.api.wifiremote.WifiRemoteMpController.connect(WifiRemoteMpController.java:361)
I/aMPdroid(14601): at com.mediaportal.ampdroid.api.ClientControlService.connect(ClientControlService.java:306)
I/aMPdroid(14601): at com.mediaportal.ampdroid.api.DataHandler.connectClientControl(DataHandler.java:784)
I/aMPdroid(14601): at com.mediaportal.ampdroid.activities.BaseActivity$ConnectClientControlTask.doInBackground(BaseActivity.java:87)
I/aMPdroid(14601): at com.mediaportal.ampdroid.activities.BaseActivity$ConnectClientControlTask.doInBackground(BaseActivity.java:1)
I/aMPdroid(14601): at android.os.AsyncTask$2.call(AsyncTask.java:264)
I/aMPdroid(14601): at java.util.concurrent.FutureTask$Sync.innerRun(FutureTask.java:305)
I/aMPdroid(14601): at java.util.concurrent.FutureTask.run(FutureTask.java:137)
I/aMPdroid(14601): at java.util.concurrent.ThreadPoolExecutor.runWorker(ThreadPoolExecutor.java:1076)
I/aMPdroid(14601): at java.util.concurrent.ThreadPoolExecutor$Worker.run(ThreadPoolExecutor.java:569)
I/aMPdroid(14601): at java.lang.Thread.run(Thread.java:856)
D/WifiHW ( 1234): >>> wifi_send_command, cmd= DRIVER RSSI-APPROX
D/WifiHW ( 1234): >>> wifi_send_command, cmd= DRIVER LINKSPEED
I/ActivityManager( 1234): START {act=android.intent.action.MAIN cat=[android.intent.category.HOME] flg=0x10200000 cmp=com.android.launcher/com.android.launcher2.Launcher} from pid 1234
W/NetworkManagementSocketTagger( 1234): setKernelCountSet(10029, 1) failed with errno -2
W/InputManagerService( 1234): Starting input on non-focused client com.android.internal.view.IInputMethodClient$Stub$Proxy@41425080 (uid=10035 pid=14601)
D/aMPdroid(14601): Remove listener class com.mediaportal.ampdroid.activities.remote.ActivityRemoteControl
D/aMPdroid(14601): Number of listeners: 1
D/aMPdroid(14601): Remove listener class com.mediaportal.ampdroid.activities.remote.FragmentBasicRemote
D/aMPdroid(14601): Number of listeners: 0
D/aMPdroid(14601): 0 listeners reached, disconnecting
W/NetworkManagementSocketTagger( 1234): setKernelCountSet(10035, 0) failed with errno -2
D/dalvikvm( 1364): GC_CONCURRENT freed 539K, 22% free 8445K/10695K, paused 3ms+11ms
D/WifiHW ( 1234): >>> wifi_send_command, cmd= DRIVER RSSI-APPROX
I/ActivityManager( 1234): START {act=android.intent.action.MAIN cat=[android.intent.category.LAUNCHER] flg=0x10000000 pkg=org.jtb.alogcat cmp=org.jtb.alogcat/.LogActivity bnds=[12,330][108,426]} from pid 1364
E/audio_hw_default( 1143): ICS-SASKEN:0
E/audio_hw_default( 1143): ICS-SASKEN:2
D/WifiHW ( 1234): >>> wifi_send_command, cmd= DRIVER LINKSPEED
D/dalvikvm( 1234): GC_FOR_ALLOC freed 347K, 22% free 10376K/13255K, paused 87ms
W/NetworkManagementSocketTagger( 1234): setKernelCountSet(10046, 1) failed with errno -2
D/dalvikvm(14564): GC_CONCURRENT freed 305K, 37% free 7094K/11207K, paused 3ms+7ms
W/IInputConnectionWrapper(14564): showStatusIcon on inactive InputConnection
D/OpenGLRenderer( 1364): Flushing caches (mode 1)
D/OpenGLRenderer( 1364): Flushing caches (mode 0)
W/NetworkManagementSocketTagger( 1234): setKernelCountSet(10029, 0) failed with errno -2
D/WifiHW ( 1234): >>> wifi_send_command, cmd= DRIVER RSSI-APPROX
D/WifiHW ( 1234): >>> wifi_send_command, cmd= DRIVER LINKSPEED