10-20 11:54:59.690 E/OMX-VDEC-1080P(  164):  Set the Output Buffer Idx: 1 Addr: 439d5000, pmem_fd=9400040
10-20 11:54:59.690 E/OMX-VDEC-1080P(  164): Allocate done for all i/p buffers
10-20 11:54:59.690 E/OMX-VDEC-1080P(  164): 
10-20 11:54:59.690 E/OMX-VDEC-1080P(  164):  No color conversion required
10-20 11:54:59.690 E/OMX-VDEC-1080P(  164): Get_parameter: OMX_IndexParamPortDefinition: nPortIndex (1), nFrameWidth (800), nFrameHeight (448), nStride (896), nSliceHeight (448), nBitrate (0), xFramerate (0x1e), nBufferSize (606208), nBufferCountMin (3), nBufferCountActual (7), bBuffersContiguous (1076055960), nBufferAlignment (1094958667), bEnabled (1), bPopulated (0), eCompressionFormat (0x0), eColorFormat (0x7fa30c03)
10-20 11:54:59.690 E/OMX-VDEC-1080P(  164): 
10-20 11:54:59.690 E/OMX-VDEC-1080P(  164):  Set the Output Buffer Idx: 2 Addr: 44546000, pmem_fd=9400042
10-20 11:54:59.690 E/OMX-VDEC-1080P(  164): Allocate done for all i/p buffers
10-20 11:54:59.780 E/OMX-VDEC-1080P(  164): 
10-20 11:54:59.780 E/OMX-VDEC-1080P(  164):  No color conversion required
10-20 11:54:59.780 E/OMX-VDEC-1080P(  164): Get_parameter: OMX_IndexParamPortDefinition: nPortIndex (1), nFrameWidth (800), nFrameHeight (448), nStride (896), nSliceHeight (448), nBitrate (0), xFramerate (0x1e), nBufferSize (606208), nBufferCountMin (3), nBufferCountActual (7), bBuffersContiguous (1076055960), nBufferAlignment (1094958667), bEnabled (1), bPopulated (0), eCompressionFormat (0x0), eColorFormat (0x7fa30c03)
10-20 11:54:59.780 E/OMX-VDEC-1080P(  164): 
10-20 11:54:59.780 E/OMX-VDEC-1080P(  164):  Set the Output Buffer Idx: 3 Addr: 4490e000, pmem_fd=9400044
10-20 11:54:59.780 E/OMX-VDEC-1080P(  164): Allocate done for all i/p buffers
10-20 11:54:59.780 E/OMX-VDEC-1080P(  164): 
10-20 11:54:59.780 E/OMX-VDEC-1080P(  164):  No color conversion required
10-20 11:54:59.780 E/OMX-VDEC-1080P(  164): Get_parameter: OMX_IndexParamPortDefinition: nPortIndex (1), nFrameWidth (800), nFrameHeight (448), nStride (896), nSliceHeight (448), nBitrate (0), xFramerate (0x1e), nBufferSize (606208), nBufferCountMin (3), nBufferCountActual (7), bBuffersContiguous (1076055960), nBufferAlignment (1094958667), bEnabled (1), bPopulated (0), eCompressionFormat (0x0), eColorFormat (0x7fa30c03)
10-20 11:54:59.780 E/OMX-VDEC-1080P(  164): 
10-20 11:54:59.780 E/OMX-VDEC-1080P(  164):  Set the Output Buffer Idx: 4 Addr: 44c4c000, pmem_fd=9400046
10-20 11:54:59.780 E/OMX-VDEC-1080P(  164): Allocate done for all i/p buffers
10-20 11:54:59.780 E/OMX-VDEC-1080P(  164): 
10-20 11:54:59.780 E/OMX-VDEC-1080P(  164):  No color conversion required
10-20 11:54:59.780 E/OMX-VDEC-1080P(  164): Get_parameter: OMX_IndexParamPortDefinition: nPortIndex (1), nFrameWidth (800), nFrameHeight (448), nStride (896), nSliceHeight (448), nBitrate (0), xFramerate (0x1e), nBufferSize (606208), nBufferCountMin (3), nBufferCountActual (7), bBuffersContiguous (1076055960), nBufferAlignment (1094958667), bEnabled (1), bPopulated (0), eCompressionFormat (0x0), eColorFormat (0x7fa30c03)
10-20 11:54:59.780 E/OMX-VDEC-1080P(  164): 
10-20 11:54:59.780 E/OMX-VDEC-1080P(  164):  Set the Output Buffer Idx: 5 Addr: 44f0a000, pmem_fd=9400048
10-20 11:54:59.780 E/OMX-VDEC-1080P(  164): Allocate done for all i/p buffers
10-20 11:54:59.790 E/OMX-VDEC-1080P(  164): 
10-20 11:54:59.790 E/OMX-VDEC-1080P(  164):  No color conversion required
10-20 11:54:59.790 E/OMX-VDEC-1080P(  164): Get_parameter: OMX_IndexParamPortDefinition: nPortIndex (1), nFrameWidth (800), nFrameHeight (448), nStride (896), nSliceHeight (448), nBitrate (0), xFramerate (0x1e), nBufferSize (606208), nBufferCountMin (3), nBufferCountActual (7), bBuffersContiguous (1076055960), nBufferAlignment (1094958667), bEnabled (1), bPopulated (0), eCompressionFormat (0x0), eColorFormat (0x7fa30c03)
10-20 11:54:59.790 E/OMX-VDEC-1080P(  164): 
10-20 11:54:59.790 E/OMX-VDEC-1080P(  164):  Set the Output Buffer Idx: 6 Addr: 45244000, pmem_fd=940004a
10-20 11:54:59.790 E/OMX-VDEC-1080P(  164): Allocate done for all i/p buffers
10-20 11:54:59.790 E/OMX-VDEC-1080P(  164): Allocate done for all o/p buffers
10-20 11:54:59.790 E/OMX-VDEC-1080P(  164): 
10-20 11:54:59.790 E/OMX-VDEC-1080P(  164):  OMX_CommandPortEnable complete for port [1]
10-20 11:54:59.800 D/overlay (  161): Set pipe=RGB1 dpy=0; Set pipe=VG1 dpy=0; 
10-20 11:54:59.810 I/SoftAAC2(  164): Reconfiguring decoder: 48000 Hz, 2 channels
10-20 11:54:59.810 I/OMXNodeInstance(  164): OMX_FreeBuffer for buffer header 0x41383be8 successful
10-20 11:54:59.810 I/OMXNodeInstance(  164): OMX_FreeBuffer for buffer header 0x41383d08 successful
10-20 11:54:59.810 I/OMXNodeInstance(  164): OMX_FreeBuffer for buffer header 0x43556e38 successful
10-20 11:54:59.810 I/OMXNodeInstance(  164): OMX_FreeBuffer for buffer header 0x43556f60 successful
10-20 11:54:59.820 W/MediaPlayer(15097): info/warning (3, 0)
10-20 11:54:59.820 I/MediaPlayer(15097): Info (3,0)
10-20 11:54:59.820 W/aMPdroid(15097): Streaming info: 3, extra:0
10-20 11:54:59.820 D/AudioStreamOutALSA(  164): mHandle->useCase: HiFi Lowlatency
10-20 11:54:59.820 D/ALSAModule(  164): s_route: devices 0x2 in mode 0
10-20 11:54:59.820 D/ALSAModule(  164): switchDevice: device 2 mode:0
10-20 11:54:59.820 D/ALSAModule(  164): No valid input device: 0
10-20 11:54:59.820 D/ALSAModule(  164): switchDevice,rxDev:Speaker, txDev:(null), curRxDev:Speaker, curTxDev:DMIC Endfire
10-20 11:54:59.820 D/alsa_ucm(  164): snd_use_case_set(): uc_mgr 0x4009b388 identifier _enadev value Speaker
10-20 11:54:59.820 D/ALSAModule(  164): switchDevice: curTxUCMDevivce DMIC Endfire curRxDevDevice Speaker
10-20 11:54:59.820 D/alsa_ucm(  164): snd_use_case_set(): uc_mgr 0x4009b388 identifier _verb value HiFi Lowlatency
10-20 11:54:59.820 D/alsa_ucm(  164): Set mixer controls for Speaker enable 1
10-20 11:54:59.820 D/ACDB-LOADER(  164): ACDB -> send_afe_cal
10-20 11:54:59.830 D/alsa_ucm(  164): Set mixer controls for HiFi Lowlatency enable 1
10-20 11:54:59.830 D/ALSAModule(  164): Device value returned is hw:0,14
10-20 11:54:59.830 D/ALSAModule(  164): setHardwareParams: reqBuffSize 1024 channels 2 sampleRate 48000
10-20 11:54:59.840 D/ALSAModule(  164): setHardwareParams: buffer_size 2048, period_size 1024, period_cnt 2
10-20 11:55:00.110 D/MinimalTextWidgetBase(13024): Pushing update request. Reason: Tick
10-20 11:55:00.110 D/MinimalTextUpdateService(13024): onStart:update
10-20 11:55:00.140 D/MinimalTextUpdateService(13024): Modes to apply: 4296695
10-20 11:55:00.140 D/MinimalTextUpdateService(13024): Checking if widget 66 needs an update
10-20 11:55:00.140 D/MinimalTextUpdateService(13024): No Update neccessary!
10-20 11:55:00.140 D/MinimalTextUpdateService(13024): Checking if widget 13 needs an update
10-20 11:55:00.140 D/MinimalTextUpdateService(13024): Checking if widget 37 needs an update
10-20 11:55:00.140 D/MinimalTextUpdateService(13024): No Update neccessary!
10-20 11:55:00.140 D/MinimalTextUpdateService(13024): Updating widget 13; Change: 4296695, Demand: 55
10-20 11:55:00.200 D/WidgetImageContentProvider(13024): Using a scale factor of 2.0
10-20 11:55:00.220 I/ActivityManager(  561): Start proc com.quoord.tapatalkpro.activity for broadcast com.quoord.tapatalkpro.activity/com.quoord.tapatalkpro.alarm.PingsOnAlarmReceiver: pid=13351 uid=10132 gids={50132, 3003, 1015, 1028}
10-20 11:55:00.371 W/System.err(13351): java.lang.NullPointerException
10-20 11:55:00.371 W/System.err(13351): 	at com.quoord.tapatalkpro.bean.TapatalkForum.readObject(TapatalkForum.java:245)
10-20 11:55:00.371 W/System.err(13351): 	at java.lang.reflect.Method.invokeNative(Native Method)
10-20 11:55:00.371 W/System.err(13351): 	at java.lang.reflect.Method.invoke(Method.java:511)
10-20 11:55:00.371 W/System.err(13351): 	at java.io.ObjectInputStream.readObjectForClass(ObjectInputStream.java:1357)
10-20 11:55:00.371 W/System.err(13351): 	at java.io.ObjectInputStream.readHierarchy(ObjectInputStream.java:1269)
10-20 11:55:00.371 W/System.err(13351): 	at java.io.ObjectInputStream.readNewObject(ObjectInputStream.java:1858)
10-20 11:55:00.371 W/System.err(13351): 	at java.io.ObjectInputStream.readNonPrimitiveContent(ObjectInputStream.java:787)
10-20 11:55:00.371 W/System.err(13351): 	at java.io.ObjectInputStream.readObject(ObjectInputStream.java:2006)
10-20 11:55:00.371 W/System.err(13351): 	at java.io.ObjectInputStream.readObject(ObjectInputStream.java:1963)
10-20 11:55:00.371 W/System.err(13351): 	at com.quoord.tapatalkpro.sqlhelper.FavoriateSqlHelper.getFavrivate(FavoriateSqlHelper.java:274)
10-20 11:55:00.371 W/System.err(13351): 	at com.quoord.tapatalkpro.alarm.NotificationAdapter.checkNotification(NotificationAdapter.java:547)
10-20 11:55:00.371 W/System.err(13351): 	at com.quoord.tapatalkpro.alarm.NotificationAlarmService.doWakefulWork(NotificationAlarmService.java:65)
10-20 11:55:00.371 W/System.err(13351): 	at com.quoord.tapatalkpro.alarm.WakefulIntentService.onHandleIntent(WakefulIntentService.java:38)
10-20 11:55:00.371 W/System.err(13351): 	at android.app.IntentService$ServiceHandler.handleMessage(IntentService.java:65)
10-20 11:55:00.371 W/System.err(13351): 	at android.os.Handler.dispatchMessage(Handler.java:99)
10-20 11:55:00.371 W/System.err(13351): 	at android.os.Looper.loop(Looper.java:137)
10-20 11:55:00.371 W/System.err(13351): 	at android.os.HandlerThread.run(HandlerThread.java:60)
10-20 11:55:00.391 W/System.err(13351): java.lang.NullPointerException
10-20 11:55:00.391 W/System.err(13351): 	at com.quoord.tapatalkpro.bean.TapatalkForum.readObject(TapatalkForum.java:245)
10-20 11:55:00.391 W/System.err(13351): 	at java.lang.reflect.Method.invokeNative(Native Method)
10-20 11:55:00.391 W/System.err(13351): 	at java.lang.reflect.Method.invoke(Method.java:511)
10-20 11:55:00.391 W/System.err(13351): 	at java.io.ObjectInputStream.readObjectForClass(ObjectInputStream.java:1357)
10-20 11:55:00.391 W/System.err(13351): 	at java.io.ObjectInputStream.readHierarchy(ObjectInputStream.java:1269)
10-20 11:55:00.391 W/System.err(13351): 	at java.io.ObjectInputStream.readNewObject(ObjectInputStream.java:1858)
10-20 11:55:00.391 W/System.err(13351): 	at java.io.ObjectInputStream.readNonPrimitiveContent(ObjectInputStream.java:787)
10-20 11:55:00.391 W/System.err(13351): 	at java.io.ObjectInputStream.readObject(ObjectInputStream.java:2006)
10-20 11:55:00.391 W/System.err(13351): 	at java.io.ObjectInputStream.readObject(ObjectInputStream.java:1963)
10-20 11:55:00.391 W/System.err(13351): 	at com.quoord.tapatalkpro.sqlhelper.FavoriateSqlHelper.getFavrivate(FavoriateSqlHelper.java:274)
10-20 11:55:00.391 W/System.err(13351): 	at com.quoord.tapatalkpro.alarm.NotificationAdapter.checkNotification(NotificationAdapter.java:547)
10-20 11:55:00.391 W/System.err(13351): 	at com.quoord.tapatalkpro.alarm.NotificationAlarmService.doWakefulWork(NotificationAlarmService.java:65)
10-20 11:55:00.391 W/System.err(13351): 	at com.quoord.tapatalkpro.alarm.WakefulIntentService.onHandleIntent(WakefulIntentService.java:38)
10-20 11:55:00.391 W/System.err(13351): 	at android.app.IntentService$ServiceHandler.handleMessage(IntentService.java:65)
10-20 11:55:00.391 W/System.err(13351): 	at android.os.Handler.dispatchMessage(Handler.java:99)
10-20 11:55:00.391 W/System.err(13351): 	at android.os.Looper.loop(Looper.java:137)
10-20 11:55:00.391 W/System.err(13351): 	at android.os.HandlerThread.run(HandlerThread.java:60)
10-20 11:55:00.401 I/CryptoHelper(13351): Invalid int: "0xmf"
10-20 11:55:00.431 D/MinimalTextUpdateService(13024): Number of 'dead' AppWidgetIds: 0
10-20 11:55:00.501 D/dalvikvm(13024): GC_CONCURRENT freed 2038K, 72% free 3130K/10884K, paused 5ms+5ms, total 49ms
10-20 11:55:00.501 D/dalvikvm(13024): WAIT_FOR_CONCURRENT_GC blocked 33ms
10-20 11:55:02.753 E/AwesomePlayer(  164): we're late by 66053 us nowUs 2735386, timeUs 2669333
10-20 11:55:03.964 I/aMPdroid(15097): Screen height without virtual buttons: 768
10-20 11:55:04.305 D/overlay (  161): Unset pipe=VG1 dpy=0; Unset pipe=RGB1 dpy=0; 
10-20 11:55:10.561 I/AwesomePlayer(  164): cache is running low (< 40000) , pausing.
10-20 11:55:10.571 W/MediaPlayer(15097): info/warning (703, 0)
10-20 11:55:10.571 W/MediaPlayer(15097): info/warning (701, 0)
10-20 11:55:10.571 I/MediaPlayer(15097): Info (703,0)
10-20 11:55:10.571 W/aMPdroid(15097): Streaming info: 703, extra:0
10-20 11:55:10.571 I/MediaPlayer(15097): Info (701,0)
10-20 11:55:10.571 W/aMPdroid(15097): Streaming info: MEDIA_INFO_BUFFERING_END, extra:0
10-20 11:55:11.042 W/InputEventReceiver(  561): Attempted to finish an input event but the input event receiver has already been disposed.
10-20 11:55:11.042 W/InputEventReceiver(  561): Attempted to finish an input event but the input event receiver has already been disposed.
10-20 11:55:11.042 W/InputEventReceiver(  561): Attempted to finish an input event but the input event receiver has already been disposed.
10-20 11:55:11.072 D/overlay (  161): Set pipe=RGB1 dpy=0; 
10-20 11:55:11.082 D/overlay (  161): Set pipe=VG1 dpy=0; 
10-20 11:55:11.953 D/aMPdroid(15097): Pausing playback
10-20 11:55:11.963 W/MediaPlayer(15097): info/warning (702, 0)
10-20 11:55:11.983 I/MediaPlayer(15097): Info (702,0)
10-20 11:55:11.983 W/aMPdroid(15097): Streaming info: MEDIA_INFO_BUFFERING_END, extra:0
10-20 11:55:13.635 D/alsa_ucm(  164): snd_use_case_set(): uc_mgr 0x4009b388 identifier _verb value Inactive
10-20 11:55:13.635 D/alsa_ucm(  164): Set mixer controls for HiFi Lowlatency enable 0
10-20 11:55:13.635 D/alsa_ucm(  164): snd_use_case_set(): uc_mgr 0x4009b388 identifier _disdev value DMIC Endfire
10-20 11:55:13.635 D/alsa_ucm(  164): disdev: device DMIC Endfire not enabled, no need to disable
10-20 11:55:13.635 D/alsa_ucm(  164): snd_use_case_set(): uc_mgr 0x4009b388 identifier _disdev value Speaker
10-20 11:55:13.635 D/alsa_ucm(  164): Set mixer controls for Speaker enable 0
10-20 11:55:14.566 I/aMPdroid(15097): Saving playback session state to db
10-20 11:55:14.586 W/TimedEventQueue(  164): Event 965 was not found in the queue, already cancelled?
10-20 11:55:14.586 I/OMXNodeInstance(  164): OMX_FreeBuffer for buffer header 0x41383aa0 successful
10-20 11:55:14.586 I/OMXNodeInstance(  164): OMX_FreeBuffer for buffer header 0x413839e8 successful
10-20 11:55:14.586 I/OMXNodeInstance(  164): OMX_FreeBuffer for buffer header 0x4139ad20 successful
10-20 11:55:14.586 I/OMXNodeInstance(  164): OMX_FreeBuffer for buffer header 0x4139ab68 successful
10-20 11:55:14.586 I/OMXNodeInstance(  164): OMX_FreeBuffer for buffer header 0x43f39ac0 successful
10-20 11:55:14.586 I/OMXNodeInstance(  164): OMX_FreeBuffer for buffer header 0x43f399d0 successful
10-20 11:55:14.586 I/OMXNodeInstance(  164): OMX_FreeBuffer for buffer header 0x41383af8 successful
10-20 11:55:14.586 I/OMXNodeInstance(  164): OMX_FreeBuffer for buffer header 0x41383ce8 successful
10-20 11:55:14.596 E/OMX-VDEC-1080P(  164): 
10-20 11:55:14.596 E/OMX-VDEC-1080P(  164):  send_command_proxy(): Current State 3, Expected State 2
10-20 11:55:14.596 E/OMX-VDEC-1080P(  164): 
10-20 11:55:14.596 E/OMX-VDEC-1080P(  164):  send_command_proxy(): OMX_CommandStateSet issued
10-20 11:55:14.596 E/OMX-VDEC-1080P(  164): 
10-20 11:55:14.596 E/OMX-VDEC-1080P(  164):  Current State 3, Expected State 2
10-20 11:55:14.596 E/OMX-VDEC-1080P(  164): 
10-20 11:55:14.596 E/OMX-VDEC-1080P(  164):  Driver flush i/p Port complete
10-20 11:55:14.596 E/OMX-VDEC-1080P(  164): 
10-20 11:55:14.596 E/OMX-VDEC-1080P(  164):  OMX flush i/p Port complete PenBuf(0)
10-20 11:55:14.596 E/OMX-VDEC-1080P(  164): 
10-20 11:55:14.596 E/OMX-VDEC-1080P(  164):  Driver flush o/p Port complete
10-20 11:55:14.596 E/OMX-VDEC-1080P(  164): 
10-20 11:55:14.596 E/OMX-VDEC-1080P(  164):  OMX flush o/p Port complete PenBuf(0)
10-20 11:55:14.596 E/OMX-VDEC-1080P(  164): 
10-20 11:55:14.596 E/OMX-VDEC-1080P(  164):  Rxd OMX_COMPONENT_GENERATE_STOP_DONE
10-20 11:55:14.596 E/OMX-VDEC-1080P(  164): 
10-20 11:55:14.596 E/OMX-VDEC-1080P(  164):  send_command_proxy(): Current State 2, Expected State 1
10-20 11:55:14.596 E/OMX-VDEC-1080P(  164): 
10-20 11:55:14.596 E/OMX-VDEC-1080P(  164):  send_command_proxy(): OMX_CommandStateSet issued
10-20 11:55:14.596 E/OMX-VDEC-1080P(  164): 
10-20 11:55:14.596 E/OMX-VDEC-1080P(  164):  Current State 2, Expected State 1
10-20 11:55:14.596 E/OMX-VDEC-1080P(  164): ION: free: handle(0xEAB1DE40), len(2097152), fd(0x36)
10-20 11:55:14.596 I/OMXNodeInstance(  164): OMX_FreeBuffer for buffer header 0x41258e30 successful
10-20 11:55:14.596 E/OMX-VDEC-1080P(  164): ION: free: handle(0xE7569C00), len(2097152), fd(0x34)
10-20 11:55:14.596 E/OMX-VDEC-1080P(  164): 
10-20 11:55:14.596 E/OMX-VDEC-1080P(  164):  ALL input buffers are freed/released
10-20 11:55:14.596 I/OMXNodeInstance(  164): OMX_FreeBuffer for buffer header 0x41258de0 successful
10-20 11:55:14.596 E/OMX-VDEC-1080P(  164): ION: free: handle(0xE7E2D4C0), len(802816), fd(0x39)
10-20 11:55:14.596 I/OMXNodeInstance(  164): OMX_FreeBuffer for buffer header 0x41383908 successful
10-20 11:55:14.596 I/OMXNodeInstance(  164): OMX_FreeBuffer for buffer header 0x413838b8 successful
10-20 11:55:14.596 I/OMXNodeInstance(  164): OMX_FreeBuffer for buffer header 0x41383868 successful
10-20 11:55:14.596 I/OMXNodeInstance(  164): OMX_FreeBuffer for buffer header 0x41383818 successful
10-20 11:55:14.596 I/OMXNodeInstance(  164): OMX_FreeBuffer for buffer header 0x413837c8 successful
10-20 11:55:14.596 I/OMXNodeInstance(  164): OMX_FreeBuffer for buffer header 0x41383778 successful
10-20 11:55:14.596 E/OMX-VDEC-1080P(  164): 
10-20 11:55:14.596 E/OMX-VDEC-1080P(  164):  ALL output buffers are freed/released
10-20 11:55:14.596 I/OMXNodeInstance(  164): OMX_FreeBuffer for buffer header 0x41383728 successful
10-20 11:55:14.596 E/OMX-VDEC-1080P(  164): 
10-20 11:55:14.596 E/OMX-VDEC-1080P(  164):  OMX_CommandStateSet complete, m_state = 1
10-20 11:55:14.596 E/OMX-VDEC-1080P(  164): 
10-20 11:55:14.596 E/OMX-VDEC-1080P(  164):  Playback Ended - PASSED
10-20 11:55:14.596 E/OMX-VDEC-1080P(  164): 
10-20 11:55:14.596 E/OMX-VDEC-1080P(  164):  ALL output buffers are freed/released
10-20 11:55:14.596 E/OMX-VDEC-1080P(  164): Calling VDEC_IOCTL_STOP_NEXT_MSG
10-20 11:55:14.596 E/OMX-VDEC-1080P(  164): 
10-20 11:55:14.596 E/OMX-VDEC-1080P(  164):  omx_vdec::component_deinit() complete
10-20 11:55:14.596 E/OMX-VDEC-1080P(  164): In OMX vdec Destructor
10-20 11:55:14.596 E/OMX-VDEC-1080P(  164): Waiting on OMX Msg Thread exit
10-20 11:55:14.596 E/OMX-VDEC-1080P(  164): 
10-20 11:55:14.596 E/OMX-VDEC-1080P(  164):  Error in ioctl read next msg
10-20 11:55:14.596 E/OMX-VDEC-1080P(  164): omx_vdec: Async thread stop
10-20 11:55:14.596 E/OMX-VDEC-1080P(  164): omx_vdec: message thread stop
10-20 11:55:14.596 E/OMX-VDEC-1080P(  164): Waiting on OMX Async Thread exit
10-20 11:55:14.596 E/OMX-VDEC-1080P(  164): Calling close() on Video Driver
10-20 11:55:14.616 E/OMX-VDEC-1080P(  164): Exit OMX vdec Destructor
10-20 11:55:14.616 E/        (  164): 
10-20 11:55:14.616 E/        (  164):  Destroy C2D instance
10-20 11:55:14.616 E/        (  164): 
10-20 11:55:14.616 E/        (  164):  Destroy C2D instance
10-20 11:55:14.616 W/AudioFlinger(  164): session id 207 not found for pid 15097
10-20 11:55:14.726 I/aMPdroid(15097): onActivityCreated
10-20 11:55:14.726 D/aMPdroid(15097): Started FragmentStreamingDetails with provider: 6, itemId: 84947_3x1, mediatype: TVEpisode, offset: 0
10-20 11:55:14.726 I/aMPdroid(15097): getting playback session state from db
10-20 11:55:14.726 D/aMPdroid(15097): Called url http://192.168.77.21:4322/MPExtended/MediaAccessService/json/GetFileInfo?provider=6&id=84947_3x1&mediatype=3&filetype=0&offset=0
10-20 11:55:14.746 W/GoogleAnalyticsTracker(15097): Store full. Not storing last event.
10-20 11:55:14.746 D/aMPdroid(15097): Add new listener class com.mediaportal.ampdroid.activities.mediaplayback.ActivityStreamingDetails
10-20 11:55:14.746 D/aMPdroid(15097): Number of listeners: 3
10-20 11:55:14.746 D/aMPdroid(15097): Called url http://192.168.77.21:4322/MPExtended/StreamingService/stream/ExtractImageResized?provider=6&type=3&itemId=84947_3x1&position=571&maxWidth=300&maxHeight=200
10-20 11:55:14.746 W/GoogleAnalyticsTracker(15097): Store full. Not storing last event.
10-20 11:55:14.746 I/aMPdroid(15097): getting playback session state from db
10-20 11:55:14.756 D/aMPdroid(15097): Called url http://192.168.77.21:4322/MPExtended/StreamingService/stream/ExtractImageResized?provider=6&type=3&itemId=84947_3x1&position=571&maxWidth=300&maxHeight=200
10-20 11:55:14.866 D/overlay (  161): Unset pipe=VG1 dpy=0; Unset pipe=RGB1 dpy=0; 
10-20 11:55:14.926 D/aMPdroid_VIDEO(15097): surfaceDestroyed called
10-20 11:55:15.146 D/overlay (  161): Set pipe=RGB1 dpy=0; 
10-20 11:55:15.186 D/aMPdroid(15097): Remove listener class com.mediaportal.ampdroid.activities.mediaplayback.ActivityVideoPlayer
10-20 11:55:15.186 D/aMPdroid(15097): Number of listeners: 2
10-20 11:55:15.186 D/aMPdroid(15097): Stopping UI Handler
10-20 11:55:15.186 D/aMPdroid(15097): Called url http://192.168.77.21:4322/MPExtended/StreamingService/json/FinishStream?identifier=aMPdroid.1496016683.ts
10-20 11:55:15.286 I/aMPdroid(15097): Connecting WifiRemote: 192.168.77.21:8017
10-20 11:55:16.598 D/dalvikvm( 5147): GC_CONCURRENT freed 1777K, 45% free 7352K/13196K, paused 3ms+1ms, total 48ms
10-20 11:55:16.848 D/overlay (  161): Unset pipe=VG0 dpy=0; Unset pipe=RGB1 dpy=0; 
10-20 11:55:17.289 I/aMPdroid(15097): Connection to WifiRemote (192.168.77.21) timed out
10-20 11:55:17.339 D/overlay (  161): Set pipe=RGB1 dpy=0; Set pipe=VG0 dpy=0; 
10-20 11:55:17.569 I/ActivityManager(  561): START u0 {act=com.android.systemui.recent.action.TOGGLE_RECENTS flg=0x10800000 cmp=com.android.systemui/.recent.RecentsActivity (has extras)} from pid 785
10-20 11:55:17.789 D/overlay (  161): Unset pipe=VG0 dpy=0; Unset pipe=RGB1 dpy=0; 
10-20 11:55:18.079 D/aMPdroid(15097): Remove listener class com.mediaportal.ampdroid.activities.mediaplayback.ActivityStreamingDetails
10-20 11:55:18.220 D/dalvikvm(15097): GC_FOR_ALLOC freed 5867K, 10% free 47991K/52788K, paused 146ms, total 146ms
10-20 11:55:18.230 D/aMPdroid(15097): Number of listeners: 1
10-20 11:55:18.230 W/MediaPlayer-JNI(15097): MediaPlayer finalized without being released
10-20 11:55:18.230 W/AudioFlinger(  164): session id 206 not found for pid 15097
10-20 11:55:19.451 D/dalvikvm(  561): GC_FOR_ALLOC freed 6200K, 38% free 28669K/45808K, paused 133ms, total 133ms
10-20 11:55:19.491 V/PhoneStatusBar(  785): setLightsOn(true)
10-20 11:55:19.771 W/aMPdroid(15097): Connection failed
10-20 11:55:19.771 W/aMPdroid(15097): org.apache.http.conn.ConnectTimeoutException: Connect to /192.168.77.21:4322 timed out
10-20 11:55:19.771 W/aMPdroid(15097): 	at org.apache.http.conn.scheme.PlainSocketFactory.connectSocket(PlainSocketFactory.java:121)
10-20 11:55:19.771 W/aMPdroid(15097): 	at org.apache.http.impl.conn.DefaultClientConnectionOperator.openConnection(DefaultClientConnectionOperator.java:144)
10-20 11:55:19.771 W/aMPdroid(15097): 	at org.apache.http.impl.conn.AbstractPoolEntry.open(AbstractPoolEntry.java:164)
10-20 11:55:19.771 W/aMPdroid(15097): 	at org.apache.http.impl.conn.AbstractPooledConnAdapter.open(AbstractPooledConnAdapter.java:119)
10-20 11:55:19.771 W/aMPdroid(15097): 	at org.apache.http.impl.client.DefaultRequestDirector.execute(DefaultRequestDirector.java:360)
10-20 11:55:19.771 W/aMPdroid(15097): 	at org.apache.http.impl.client.AbstractHttpClient.execute(AbstractHttpClient.java:555)
10-20 11:55:19.771 W/aMPdroid(15097): 	at org.apache.http.impl.client.AbstractHttpClient.execute(AbstractHttpClient.java:487)
10-20 11:55:19.771 W/aMPdroid(15097): 	at org.apache.http.impl.client.AbstractHttpClient.execute(AbstractHttpClient.java:465)
10-20 11:55:19.771 W/aMPdroid(15097): 	at com.mediaportal.ampdroid.api.JsonClient.executeRequestForStream(JsonClient.java:298)
10-20 11:55:19.771 W/aMPdroid(15097): 	at com.mediaportal.ampdroid.api.JsonClient.DoExecuteForStream(JsonClient.java:249)
10-20 11:55:19.771 W/aMPdroid(15097): 	at com.mediaportal.ampdroid.api.JsonClient.DoExecuteForBitmap(JsonClient.java:211)
10-20 11:55:19.771 W/aMPdroid(15097): 	at com.mediaportal.ampdroid.api.JsonClient.ExecuteForBitmap(JsonClient.java:167)
10-20 11:55:19.771 W/aMPdroid(15097): 	at com.mediaportal.ampdroid.api.mpext.StreamingJsonWebserviceApi.getBitmapFromMedia(StreamingJsonWebserviceApi.java:41)
10-20 11:55:19.771 W/aMPdroid(15097): 	at com.mediaportal.ampdroid.api.DataHandler.getBitmapFromMedia(DataHandler.java:1196)
10-20 11:55:19.771 W/aMPdroid(15097): 	at com.mediaportal.ampdroid.lists.ImageHandler.getBitmapFromWeb(ImageHandler.java:160)
10-20 11:55:19.771 W/aMPdroid(15097): 	at com.mediaportal.ampdroid.lists.ImageHandler$PhotosLoader.run(ImageHandler.java:329)
10-20 11:55:19.781 W/aMPdroid(15097): Connection failed
10-20 11:55:19.781 W/aMPdroid(15097): org.apache.http.conn.ConnectTimeoutException: Connect to /192.168.77.21:4322 timed out
10-20 11:55:19.781 W/aMPdroid(15097): 	at org.apache.http.conn.scheme.PlainSocketFactory.connectSocket(PlainSocketFactory.java:121)
10-20 11:55:19.781 W/aMPdroid(15097): 	at org.apache.http.impl.conn.DefaultClientConnectionOperator.openConnection(DefaultClientConnectionOperator.java:144)
10-20 11:55:19.781 W/aMPdroid(15097): 	at org.apache.http.impl.conn.AbstractPoolEntry.open(AbstractPoolEntry.java:164)
10-20 11:55:19.781 W/aMPdroid(15097): 	at org.apache.http.impl.conn.AbstractPooledConnAdapter.open(AbstractPooledConnAdapter.java:119)
10-20 11:55:19.781 W/aMPdroid(15097): 	at org.apache.http.impl.client.DefaultRequestDirector.execute(DefaultRequestDirector.java:360)
10-20 11:55:19.781 W/aMPdroid(15097): 	at org.apache.http.impl.client.AbstractHttpClient.execute(AbstractHttpClient.java:555)
10-20 11:55:19.781 W/aMPdroid(15097): 	at org.apache.http.impl.client.AbstractHttpClient.execute(AbstractHttpClient.java:487)
10-20 11:55:19.781 W/aMPdroid(15097): 	at org.apache.http.impl.client.AbstractHttpClient.execute(AbstractHttpClient.java:465)
10-20 11:55:19.781 W/aMPdroid(15097): 	at com.mediaportal.ampdroid.api.JsonClient.executeRequestForStream(JsonClient.java:298)
10-20 11:55:19.781 W/aMPdroid(15097): 	at com.mediaportal.ampdroid.api.JsonClient.DoExecuteForStream(JsonClient.java:249)
10-20 11:55:19.781 W/aMPdroid(15097): 	at com.mediaportal.ampdroid.api.JsonClient.DoExecuteForBitmap(JsonClient.java:211)
10-20 11:55:19.781 W/aMPdroid(15097): 	at com.mediaportal.ampdroid.api.JsonClient.ExecuteForBitmap(JsonClient.java:167)
10-20 11:55:19.781 W/aMPdroid(15097): 	at com.mediaportal.ampdroid.api.mpext.StreamingJsonWebserviceApi.getBitmapFromMedia(StreamingJsonWebserviceApi.java:41)
10-20 11:55:19.781 W/aMPdroid(15097): 	at com.mediaportal.ampdroid.api.DataHandler.getBitmapFromMedia(DataHandler.java:1196)
10-20 11:55:19.781 W/aMPdroid(15097): 	at com.mediaportal.ampdroid.lists.ImageHandler.getBitmapFromWeb(ImageHandler.java:160)
10-20 11:55:19.781 W/aMPdroid(15097): 	at com.mediaportal.ampdroid.lists.ImageHandler$PhotosLoader.run(ImageHandler.java:329)
10-20 11:55:20.162 D/aMPdroid(15097): Called url http://192.168.77.21:4322/MPExtended/StreamingService/json/GetMediaInfo?provider=6&itemId=84947_3x1&type=3&offset=0
10-20 11:55:20.162 I/CryptoHelper(13351): Invalid int: "0x0%"
10-20 11:55:20.462 D/aMPdroid(15097): Called url http://192.168.77.21:4322/MPExtended/StreamingService/json/GetTranscoderProfilesForTarget?target=android
10-20 11:55:20.502 I/ActivityManager(  561): No longer want com.google.android.tts (pid 11319): empty #17
10-20 11:55:24.536 D/AndroidRuntime(13497): 
10-20 11:55:24.536 D/AndroidRuntime(13497): >>>>>> AndroidRuntime START com.android.internal.os.RuntimeInit <<<<<<
10-20 11:55:24.536 D/AndroidRuntime(13497): CheckJNI is OFF
10-20 11:55:24.546 D/dalvikvm(13497): Trying to load lib libjavacore.so 0x0
10-20 11:55:24.556 D/dalvikvm(13497): Added shared lib libjavacore.so 0x0
10-20 11:55:24.556 D/dalvikvm(13497): Trying to load lib libnativehelper.so 0x0
10-20 11:55:24.556 D/dalvikvm(13497): Added shared lib libnativehelper.so 0x0
