10-20 11:53:59.916 D/i       (11254): scheduled task [GmmLocationControllerStatus Update]
10-20 11:54:00.056 D/AndroidRuntime(13055): 
10-20 11:54:00.056 D/AndroidRuntime(13055): >>>>>> AndroidRuntime START com.android.internal.os.RuntimeInit <<<<<<
10-20 11:54:00.056 D/AndroidRuntime(13055): CheckJNI is OFF
10-20 11:54:00.076 D/MinimalTextWidgetBase(13024): Pushing update request. Reason: Tick
10-20 11:54:00.076 D/dalvikvm(13055): Trying to load lib libjavacore.so 0x0
10-20 11:54:00.076 D/MinimalTextUpdateService(13024): onStart:update
10-20 11:54:00.086 D/dalvikvm(13055): Added shared lib libjavacore.so 0x0
10-20 11:54:00.096 D/dalvikvm(13055): Trying to load lib libnativehelper.so 0x0
10-20 11:54:00.096 D/dalvikvm(13055): Added shared lib libnativehelper.so 0x0
10-20 11:54:00.106 D/MinimalTextUpdateService(13024): Modes to apply: 4296695
10-20 11:54:00.106 D/MinimalTextUpdateService(13024): Checking if widget 66 needs an update
10-20 11:54:00.106 D/MinimalTextUpdateService(13024): No Update neccessary!
10-20 11:54:00.106 D/MinimalTextUpdateService(13024): Checking if widget 13 needs an update
10-20 11:54:00.106 D/MinimalTextUpdateService(13024): Checking if widget 37 needs an update
10-20 11:54:00.106 D/MinimalTextUpdateService(13024): No Update neccessary!
10-20 11:54:00.116 D/MinimalTextUpdateService(13024): Updating widget 13; Change: 4296695, Demand: 55
10-20 11:54:00.236 D/WidgetImageContentProvider(13024): Using a scale factor of 2.0
10-20 11:54:00.246 D/AndroidRuntime(13070): 
10-20 11:54:00.246 D/AndroidRuntime(13070): >>>>>> AndroidRuntime START com.android.internal.os.RuntimeInit <<<<<<
10-20 11:54:00.246 D/AndroidRuntime(13070): CheckJNI is OFF
10-20 11:54:00.256 D/dalvikvm(13070): Trying to load lib libjavacore.so 0x0
10-20 11:54:00.256 D/dalvikvm(13070): Added shared lib libjavacore.so 0x0
10-20 11:54:00.266 D/dalvikvm(13070): Trying to load lib libnativehelper.so 0x0
10-20 11:54:00.266 D/dalvikvm(13070): Added shared lib libnativehelper.so 0x0
10-20 11:54:00.266 D/AndroidRuntime(13075): 
10-20 11:54:00.266 D/AndroidRuntime(13075): >>>>>> AndroidRuntime START com.android.internal.os.RuntimeInit <<<<<<
10-20 11:54:00.266 D/AndroidRuntime(13075): CheckJNI is OFF
10-20 11:54:00.276 D/dalvikvm(13075): Trying to load lib libjavacore.so 0x0
10-20 11:54:00.276 D/dalvikvm(13075): Added shared lib libjavacore.so 0x0
10-20 11:54:00.286 D/dalvikvm(13075): Trying to load lib libnativehelper.so 0x0
10-20 11:54:00.286 D/dalvikvm(13075): Added shared lib libnativehelper.so 0x0
10-20 11:54:00.296 D/dalvikvm( 5418): GC_CONCURRENT freed 2663K, 49% free 6967K/13564K, paused 3ms+17ms, total 81ms
10-20 11:54:00.326 V/PhoneStatusBar(  785): setLightsOn(true)
10-20 11:54:00.487 D/MinimalTextUpdateService(13024): Number of 'dead' AppWidgetIds: 0
10-20 11:54:00.507 D/AndroidRuntime(13075): Calling main entry com.android.commands.am.Am
10-20 11:54:00.507 D/dalvikvm(13075): Note: class Landroid/app/ActivityManagerNative; has 158 unimplemented (abstract) methods
10-20 11:54:00.517 D/AndroidRuntime(13070): Calling main entry com.android.commands.am.Am
10-20 11:54:00.517 D/dalvikvm(13070): Note: class Landroid/app/ActivityManagerNative; has 158 unimplemented (abstract) methods
10-20 11:54:00.527 D/AndroidRuntime(13075): Shutting down VM
10-20 11:54:00.527 D/dalvikvm(13075): GC_CONCURRENT freed 93K, 16% free 508K/604K, paused 0ms+0ms, total 2ms
10-20 11:54:00.537 D/dalvikvm(13024): GC_CONCURRENT freed 1990K, 72% free 3120K/10884K, paused 5ms+6ms, total 32ms
10-20 11:54:00.547 D/AndroidRuntime(13070): Shutting down VM
10-20 11:54:00.547 D/dalvikvm(13070): GC_CONCURRENT freed 93K, 16% free 508K/604K, paused 0ms+0ms, total 3ms
10-20 11:54:00.557 D/overlay (  161): Set pipe=RGB1 dpy=0; Set pipe=VG0 dpy=0; Set pipe=VG1 dpy=0; 
10-20 11:54:00.587 D/AndroidRuntime(13055): Calling main entry com.android.commands.am.Am
10-20 11:54:00.587 D/dalvikvm(13055): Note: class Landroid/app/ActivityManagerNative; has 158 unimplemented (abstract) methods
10-20 11:54:00.597 D/AndroidRuntime(13055): Shutting down VM
10-20 11:54:00.607 D/dalvikvm(13055): GC_CONCURRENT freed 93K, 16% free 508K/604K, paused 0ms+1ms, total 4ms
10-20 11:54:00.927 D/i       (11254): scheduled task [GmmLocationControllerStatus Update]
10-20 11:54:01.868 D/overlay (  161): Unset pipe=VG0 dpy=0; Unset pipe=VG1 dpy=0; Unset pipe=RGB1 dpy=0; 
10-20 11:54:01.938 D/i       (11254): scheduled task [GmmLocationControllerStatus Update]
10-20 11:54:02.389 D/overlay (  161): Set pipe=RGB1 dpy=0; Set pipe=VG0 dpy=0; Set pipe=VG1 dpy=0; 
10-20 11:54:02.969 D/i       (11254): scheduled task [GmmLocationControllerStatus Update]
10-20 11:54:03.880 D/overlay (  161): Unset pipe=VG0 dpy=0; Unset pipe=VG1 dpy=0; Unset pipe=RGB1 dpy=0; 
10-20 11:54:03.900 D/dalvikvm( 5147): GC_CONCURRENT freed 5704K, 46% free 7154K/13208K, paused 3ms+3ms, total 80ms
10-20 11:54:04.050 I/ActivityManager(  561): START u0 {act=com.android.systemui.recent.action.TOGGLE_RECENTS flg=0x10800000 cmp=com.android.systemui/.recent.RecentsActivity (has extras)} from pid 785
10-20 11:54:04.161 D/dalvikvm(  561): GC_EXPLICIT freed 2805K, 35% free 29808K/45808K, paused 7ms+14ms, total 190ms
10-20 11:54:04.171 D/i       (11254): scheduled task [GmmLocationControllerStatus Update]
10-20 11:54:04.281 D/dalvikvm( 1244): GC_CONCURRENT freed 2019K, 46% free 5952K/10884K, paused 4ms+19ms, total 99ms
10-20 11:54:04.501 D/overlay (  161): Set pipe=RGB1 dpy=0; Set pipe=VG0 dpy=0; Set pipe=VG1 dpy=0; 
10-20 11:54:05.192 D/i       (11254): scheduled task [GmmLocationControllerStatus Update]
10-20 11:54:05.822 I/ActivityManager(  561): No longer want com.usk.app.notifymyandroid (pid 10630): empty #17
10-20 11:54:05.822 I/ActivityManager(  561): Killing 10630:com.usk.app.notifymyandroid/u0a10087: remove task
10-20 11:54:05.842 I/WindowState(  561): WIN DEATH: Window{42629620 u0 com.usk.app.notifymyandroid/com.usk.app.notifymyandroid.ViewNotifications}
10-20 11:54:06.203 D/i       (11254): scheduled task [GmmLocationControllerStatus Update]
10-20 11:54:06.633 I/aMPdroid(15097): onActivityCreated
10-20 11:54:06.633 D/aMPdroid(15097): Started FragmentStreamingDetails with provider: 6, itemId: 84947_3x1, mediatype: TVEpisode, offset: 0
10-20 11:54:06.633 I/aMPdroid(15097): getting playback session state from db
10-20 11:54:06.633 D/aMPdroid(15097): Called url http://192.168.77.21:4322/MPExtended/MediaAccessService/json/GetFileInfo?provider=6&id=84947_3x1&mediatype=3&filetype=0&offset=0
10-20 11:54:06.663 W/GoogleAnalyticsTracker(15097): Store full. Not storing last event.
10-20 11:54:06.663 D/aMPdroid(15097): Add new listener class com.mediaportal.ampdroid.activities.mediaplayback.ActivityStreamingDetails
10-20 11:54:06.663 D/aMPdroid(15097): Number of listeners: 2
10-20 11:54:06.663 W/GoogleAnalyticsTracker(15097): Store full. Not storing last event.
10-20 11:54:06.663 I/aMPdroid(15097): getting playback session state from db
10-20 11:54:06.773 D/overlay (  161): Unset pipe=VG0 dpy=0; Unset pipe=VG1 dpy=0; Unset pipe=RGB1 dpy=0; 
10-20 11:54:07.044 D/overlay (  161): Set pipe=RGB1 dpy=0; Set pipe=VG0 dpy=0; 
10-20 11:54:07.214 D/i       (11254): scheduled task [GmmLocationControllerStatus Update]
10-20 11:54:07.714 D/aMPdroid(15097): Called url http://192.168.77.21:4322/MPExtended/StreamingService/json/GetMediaInfo?provider=6&itemId=84947_3x1&type=3&offset=0
10-20 11:54:07.714 D/dalvikvm( 2971): GC_CONCURRENT freed 2066K, 69% free 3440K/10880K, paused 1ms+3ms, total 30ms
10-20 11:54:07.714 D/dalvikvm( 2971): WAIT_FOR_CONCURRENT_GC blocked 18ms
10-20 11:54:08.225 D/i       (11254): scheduled task [GmmLocationControllerStatus Update]
10-20 11:54:08.305 D/aMPdroid(15097): Called url http://192.168.77.21:4322/MPExtended/StreamingService/json/GetTranscoderProfilesForTarget?target=android
10-20 11:54:09.236 D/i       (11254): scheduled task [GmmLocationControllerStatus Update]
10-20 11:54:09.566 D/overlay (  161): Unset pipe=VG0 dpy=0; Unset pipe=RGB1 dpy=0; 
10-20 11:54:10.277 D/i       (11254): scheduled task [GmmLocationControllerStatus Update]
10-20 11:54:11.318 D/i       (11254): scheduled task [GmmLocationControllerStatus Update]
10-20 11:54:11.328 D/overlay (  161): Set pipe=RGB1 dpy=0; Set pipe=VG0 dpy=0; 
10-20 11:54:11.438 I/ActivityManager(  561): START u0 {cmp=com.mediaportal.ampdroid/.activities.mediaplayback.ActivityVideoPlayer (has extras)} from pid 15097
10-20 11:54:11.468 D/overlay (  161): Unset pipe=VG0 dpy=0; Unset pipe=RGB1 dpy=0; 
10-20 11:54:11.478 I/ActivityManager(  561): Config changes=480 {1.0 262mcc2mnc de_DE ldltr sw384dp w598dp h359dp 320dpi nrml land finger -keyb/v/h -nav/h s.77 themeResource=null}
10-20 11:54:11.488 I/InputReader(  561): Reconfiguring input devices.  changes=0x00000004
10-20 11:54:11.488 I/InputReader(  561): Device reconfigured: id=6, name='touch_dev', size 768x1280, orientation 1, mode 1, display id 0
10-20 11:54:11.578 E/BufferQueue(  161): [com.android.systemui.ImageWallpaper] connect: already connected (cur=2, req=1)
10-20 11:54:11.578 E/libEGL  (  785): EGLNativeWindowType 0x728c1540 already connected to another API
10-20 11:54:11.578 E/libEGL  (  785): eglCreateWindowSurface:298 error 300b (EGL_BAD_NATIVE_WINDOW)
10-20 11:54:11.578 E/ImageWallpaperGL(  785): createWindowSurface returned EGL_BAD_NATIVE_WINDOW.
10-20 11:54:11.588 D/aMPdroid(15097): Current screen width: 1196x768
10-20 11:54:11.588 D/aMPdroid(15097): Starting UI Handler
10-20 11:54:11.598 I/aMPdroid(15097): Started FragmentVideoPlayer with provider: 6, itemId: 84947_3x1, mediatype: TVEpisode, offset: 0
10-20 11:54:11.598 E/aMPdroid(15097): java.net.SocketException: Socket closed
10-20 11:54:11.608 D/BluetoothAdapter(  785): 1107374992: getState() :  mService = null. Returning STATE_OFF
10-20 11:54:11.618 D/aMPdroid(15097): realheight onCreateView: 0
10-20 11:54:11.628 W/GoogleAnalyticsTracker(15097): Store full. Not storing last event.
10-20 11:54:11.628 D/aMPdroid(15097): Add new listener class com.mediaportal.ampdroid.activities.mediaplayback.ActivityVideoPlayer
10-20 11:54:11.628 D/aMPdroid(15097): Number of listeners: 3
10-20 11:54:11.628 W/GoogleAnalyticsTracker(15097): Store full. Not storing last event.
10-20 11:54:11.628 D/aMPdroid(15097): MediaPlayer onResume
10-20 11:54:11.628 D/aMPdroid(15097): MediaPlayer onStart, screen on -> start playback
10-20 11:54:11.628 I/aMPdroid(15097): Downloading overlay for position 0
10-20 11:54:11.628 I/aMPdroid(15097): Start streaming task
10-20 11:54:11.628 D/aMPdroid(15097): Called url http://192.168.77.21:4322/MPExtended/MediaAccessService/json/GetFileInfo?provider=6&id=84947_3x1&mediatype=3&filetype=0&offset=0
10-20 11:54:11.628 D/aMPdroid(15097): Called url http://192.168.77.21:4322/MPExtended/StreamingService/stream/ExtractImageResized?provider=6&type=3&itemId=84947_3x1&position=0&maxWidth=0&maxHeight=0
10-20 11:54:11.679 D/aMPdroid_VIDEO(15097): surfaceCreated called
10-20 11:54:11.679 D/aMPdroid(15097): surfaceChanged called: 4, 1196x718
10-20 11:54:11.749 I/ActivityManager(  561): Displayed com.mediaportal.ampdroid/.activities.mediaplayback.ActivityVideoPlayer: +290ms
10-20 11:54:11.759 D/dalvikvm(  785): GC_FOR_ALLOC freed 7887K, 34% free 22516K/33724K, paused 48ms, total 48ms
10-20 11:54:11.789 D/aMPdroid(15097): Remove listener class com.mediaportal.ampdroid.activities.mediaplayback.ActivityStreamingDetails
10-20 11:54:11.789 D/aMPdroid(15097): Number of listeners: 2
10-20 11:54:12.129 D/dalvikvm( 1040): GC_CONCURRENT freed 2064K, 32% free 7481K/10880K, paused 5ms+5ms, total 84ms
10-20 11:54:12.149 D/dalvikvm( 1110): GC_EXPLICIT freed 188K, 65% free 3863K/10880K, paused 9ms+3ms, total 67ms
10-20 11:54:12.169 D/aMPdroid(15097): Called url http://192.168.77.21:4322/MPExtended/StreamingService/json/GetMediaInfo?provider=6&itemId=84947_3x1&type=3&offset=0
10-20 11:54:12.219 D/overlay (  161): Set pipe=RGB1 dpy=0; Set pipe=VG0 dpy=0; 
10-20 11:54:12.329 D/i       (11254): scheduled task [GmmLocationControllerStatus Update]
10-20 11:54:12.549 D/dalvikvm(15097): GC_FOR_ALLOC freed 3944K, 10% free 48211K/53564K, paused 176ms, total 176ms
10-20 11:54:12.559 I/dalvikvm-heap(15097): Grow heap (frag case) to 52.937MB for 3686416-byte allocation
10-20 11:54:12.569 I/aMPdroid(15097): Initialising Media Stream (type:TVEpisode, id: 84947_3x1)
10-20 11:54:12.569 D/aMPdroid(15097): Called url http://192.168.77.21:4322/MPExtended/StreamingService/json/InitStream?provider=6&type=3&itemId=84947_3x1&offset=0&clientDescription=aMPdroid%40nexus4&identifier=aMPdroid.1496016683.ts
10-20 11:54:12.600 D/aMPdroid(15097): Set overlay image to bitmap
10-20 11:54:12.780 I/aMPdroid(15097): Initialising finished with result: true
10-20 11:54:12.780 I/aMPdroid(15097): Starting Media Stream (type:TVEpisode, pos: 0, profile: Android FFmpeg HQ, audio: -1, sub: -2)
10-20 11:54:12.790 D/aMPdroid(15097): Called url http://192.168.77.21:4322/MPExtended/StreamingService/json/StartStreamWithStreamSelection?startPosition=0&profileName=Android+FFmpeg+HQ&identifier=aMPdroid.1496016683.ts&audioId=-1&subtitleId=-2
10-20 11:54:13.340 D/i       (11254): scheduled task [GmmLocationControllerStatus Update]
10-20 11:54:13.490 I/aMPdroid(15097): New Streaming url: http://192.168.77.21:4322/MPExtended/StreamingService/stream/RetrieveStream?identifier=aMPdroid.1496016683.ts
10-20 11:54:13.541 D/aMPdroid_VIDEO(15097): Setting up MediaPlayer
10-20 11:54:13.541 I/AwesomePlayer(  164): setDataSource_l(URL suppressed)
10-20 11:54:13.541 D/aMPdroid_VIDEO(15097): MediaPlayer ready for playback
10-20 11:54:13.541 D/aMPdroid(15097): realheight playVideo: 718
10-20 11:54:13.541 I/aMPdroid(15097): Finish StartStream AsyncTask
10-20 11:54:13.941 D/dalvikvm(  561): GC_EXPLICIT freed 3240K, 38% free 28587K/45808K, paused 5ms+11ms, total 172ms
10-20 11:54:14.351 D/i       (11254): scheduled task [GmmLocationControllerStatus Update]
10-20 11:54:14.512 I/avc_utils(  164): found AVC codec config (800 x 448, Baseline-profile level 3.0)
10-20 11:54:14.512 I/ESQueue (  164): found AAC codec config (48000 Hz, 2 channels)
10-20 11:54:14.512 I/MPEG2TSExtractor(  164): haveAudio=1, haveVideo=1
10-20 11:54:14.512 E/OMX-VDEC-1080P(  164): In OMX vdec Constructor
10-20 11:54:14.512 E/OMX-VDEC-1080P(  164): vidc.dec.debug.ts value is 0
10-20 11:54:14.512 E/OMX-VDEC-1080P(  164): vidc.dec.debug.concealedmb value is 0
10-20 11:54:14.512 E/OMX-VDEC-1080P(  164): vidc.dec.debug.extradata value is 0
10-20 11:54:14.512 E/OMX-VDEC-1080P(  164): 
10-20 11:54:14.512 E/OMX-VDEC-1080P(  164):  omx_vdec::component_init(): Start of New Playback : role  = OMX.qcom.video.decoder.avc : DEVICE = /dev/msm_vidc_dec
10-20 11:54:14.562 E/OMX-VDEC-1080P(  164): 
10-20 11:54:14.562 E/OMX-VDEC-1080P(  164):  omx_vdec::component_init(): Open returned fd 42, errno 22
10-20 11:54:14.562 E/OMX-VDEC-1080P(  164): 
10-20 11:54:14.562 E/OMX-VDEC-1080P(  164):  omx_vdec::component_init() success
10-20 11:54:14.562 I/OMXCodec(  164): [OMX.qcom.video.decoder.avc] AVC profile = 66 (Baseline), level = 30
10-20 11:54:14.562 E/OMX-VDEC-1080P(  164): Get_parameter: OMX_IndexParamVideoPortFormat: nPortIndex (0), nIndex (0), eCompressionFormat (0x7), eColorFormat (0x0), xFramerate (0x4)
10-20 11:54:14.562 E/OMX-VDEC-1080P(  164): Set_parameter: OMX_IndexParamVideoPortFormat: nPortIndex (0), nIndex (0), eCompressionFormat (0x7), eColorFormat (0x0), xFramerate (0x4)
10-20 11:54:14.562 E/OMX-VDEC-1080P(  164): Get_parameter: OMX_IndexParamVideoPortFormat: nPortIndex (1), nIndex (0), eCompressionFormat (0x0), eColorFormat (0x7fa30c03), xFramerate (0x41413798)
10-20 11:54:14.562 E/OMX-VDEC-1080P(  164): Set_parameter: OMX_IndexParamVideoPortFormat: nPortIndex (1), nIndex (0), eCompressionFormat (0x0), eColorFormat (0x7fa30c03), xFramerate (0x41413798)
10-20 11:54:14.562 E/OMX-VDEC-1080P(  164): Get_parameter: OMX_IndexParamPortDefinition: nPortIndex (0), nFrameWidth (1920), nFrameHeight (1088), nStride (1920), nSliceHeight (1088), nBitrate (4), xFramerate (0x1e), nBufferSize (2097088), nBufferCountMin (1), nBufferCountActual (2), bBuffersContiguous (1118924048), nBufferAlignment (-1265270272), bEnabled (1), bPopulated (0), eCompressionFormat (0x7), eColorFormat (0x0)
10-20 11:54:14.562 E/OMX-VDEC-1080P(  164): Set_parameter: OMX_IndexParamPortDefinition: nPortIndex (0), nFrameWidth (800), nFrameHeight (448), nStride (1920), nSliceHeight (1088), nBitrate (4), xFramerate (0x1e), nBufferSize (2097088), nBufferCountMin (1), nBufferCountActual (2), bBuffersContiguous (1118924048), nBufferAlignment (-1265270272), bEnabled (1), bPopulated (0), eCompressionFormat (0x7), eColorFormat (0x0)
10-20 11:54:14.562 E/OMX-VDEC-1080P(  164): 
10-20 11:54:14.562 E/OMX-VDEC-1080P(  164):  No color conversion required
10-20 11:54:14.562 E/OMX-VDEC-1080P(  164): Get_parameter: OMX_IndexParamPortDefinition: nPortIndex (1), nFrameWidth (800), nFrameHeight (448), nStride (896), nSliceHeight (448), nBitrate (4), xFramerate (0x1e), nBufferSize (606208), nBufferCountMin (18), nBufferCountActual (22), bBuffersContiguous (1118924048), nBufferAlignment (-1265270272), bEnabled (1), bPopulated (0), eCompressionFormat (0x0), eColorFormat (0x7fa30c03)
10-20 11:54:14.562 E/OMX-VDEC-1080P(  164): 
10-20 11:54:14.562 E/OMX-VDEC-1080P(  164):  No color conversion required
10-20 11:54:14.562 E/OMX-VDEC-1080P(  164): Set_parameter: OMX_IndexParamPortDefinition: nPortIndex (1), nFrameWidth (800), nFrameHeight (448), nStride (896), nSliceHeight (448), nBitrate (4), xFramerate (0x1e), nBufferSize (606208), nBufferCountMin (18), nBufferCountActual (22), bBuffersContiguous (1118924048), nBufferAlignment (-1265270272), bEnabled (1), bPopulated (0), eCompressionFormat (0x0), eColorFormat (0x7fa30c03)
10-20 11:54:14.562 E/OMX-VDEC-1080P(  164): 
10-20 11:54:14.562 E/OMX-VDEC-1080P(  164):  No color conversion required
10-20 11:54:14.562 E/OMX-VDEC-1080P(  164): Get_parameter: OMX_IndexParamPortDefinition: nPortIndex (1), nFrameWidth (800), nFrameHeight (448), nStride (896), nSliceHeight (448), nBitrate (0), xFramerate (0x1e), nBufferSize (606208), nBufferCountMin (18), nBufferCountActual (22), bBuffersContiguous (1118923948), nBufferAlignment (1074210624), bEnabled (1), bPopulated (0), eCompressionFormat (0x0), eColorFormat (0x7fa30c03)
10-20 11:54:14.562 E/OMX-VDEC-1080P(  164): get_config: unknown param 117440527
10-20 11:54:14.562 I/OMXCodec(  164): [OMX.qcom.video.decoder.avc] video dimensions are 800 x 448
10-20 11:54:14.572 E/OMX-VDEC-1080P(  164): omx_vdec: Async thread start
10-20 11:54:14.572 E/OMX-VDEC-1080P(  164): omx_vdec: message thread start
10-20 11:54:14.572 E/OMX-VDEC-1080P(  164): 
10-20 11:54:14.572 E/OMX-VDEC-1080P(  164):  send_command_proxy(): Current State 1, Expected State 2
10-20 11:54:14.572 E/OMX-VDEC-1080P(  164): 
10-20 11:54:14.572 E/OMX-VDEC-1080P(  164):  send_command_proxy(): OMX_CommandStateSet issued
10-20 11:54:14.572 E/OMX-VDEC-1080P(  164): 
10-20 11:54:14.572 E/OMX-VDEC-1080P(  164):  Current State 1, Expected State 2
10-20 11:54:14.572 E/OMX-VDEC-1080P(  164): Get_parameter: OMX_IndexParamPortDefinition: nPortIndex (0), nFrameWidth (800), nFrameHeight (448), nStride (896), nSliceHeight (448), nBitrate (1094590472), xFramerate (0x1e), nBufferSize (2097088), nBufferCountMin (1), nBufferCountActual (2), bBuffersContiguous (0), nBufferAlignment (0), bEnabled (1), bPopulated (0), eCompressionFormat (0x7), eColorFormat (0x0)
10-20 11:54:14.572 E/OMX-VDEC-1080P(  164): 
10-20 11:54:14.572 E/OMX-VDEC-1080P(  164):  Allocate i/p buffer Header: Cnt(2) Sz(2097152)
10-20 11:54:14.572 E/OMX-VDEC-1080P(  164): ION: alloc_data: handle(0xEC456540), len(2097152), align(8192), flags(0x2000100), fd_data: handle(0xec456540), fd(0x34)
10-20 11:54:14.572 E/OMX-VDEC-1080P(  164): ION: alloc_data: handle(0xEC4564C0), len(2097152), align(8192), flags(0x2000100), fd_data: handle(0xec4564c0), fd(0x36)
10-20 11:54:14.572 E/OMX-VDEC-1080P(  164): Allocate done for all i/p buffers
10-20 11:54:14.572 E/OMX-VDEC-1080P(  164): 
10-20 11:54:14.572 E/OMX-VDEC-1080P(  164):  No color conversion required
10-20 11:54:14.572 E/OMX-VDEC-1080P(  164): Get_parameter: OMX_IndexParamPortDefinition: nPortIndex (1), nFrameWidth (800), nFrameHeight (448), nStride (896), nSliceHeight (448), nBitrate (1), xFramerate (0x1e), nBufferSize (606208), nBufferCountMin (18), nBufferCountActual (22), bBuffersContiguous (1118924032), nBufferAlignment (1075372561), bEnabled (1), bPopulated (0), eCompressionFormat (0x0), eColorFormat (0x7fa30c03)
10-20 11:54:14.592 E/OMX-VDEC-1080P(  164): 
10-20 11:54:14.592 E/OMX-VDEC-1080P(  164):  No color conversion required
10-20 11:54:14.592 E/OMX-VDEC-1080P(  164): Get_parameter: OMX_IndexParamPortDefinition: nPortIndex (1), nFrameWidth (800), nFrameHeight (448), nStride (896), nSliceHeight (448), nBitrate (0), xFramerate (0x1e), nBufferSize (606208), nBufferCountMin (18), nBufferCountActual (22), bBuffersContiguous (1076055960), nBufferAlignment (1094958667), bEnabled (1), bPopulated (0), eCompressionFormat (0x0), eColorFormat (0x7fa30c03)
10-20 11:54:14.592 E/OMX-VDEC-1080P(  164): Use_op_buf:Allocating output headers
10-20 11:54:14.592 E/OMX-VDEC-1080P(  164): 
10-20 11:54:14.592 E/OMX-VDEC-1080P(  164):  Use o/p buffer case - Header List allocation
10-20 11:54:14.592 E/OMX-VDEC-1080P(  164): GET_MV_BUFFER_SIZE returned: Size: 114688 and alignment: 8192
10-20 11:54:14.592 E/OMX-VDEC-1080P(  164): ION: alloc_data: handle(0xE738C400), len(2523136), align(8192), flags(0x2000100), fd_data: handle(0xe738c400), fd(0x39)
10-20 11:54:14.592 E/OMX-VDEC-1080P(  164): 
10-20 11:54:14.592 E/OMX-VDEC-1080P(  164):  Set the Output Buffer Idx: 0 Addr: 4285a000, pmem_fd=940003a
10-20 11:54:14.592 E/OMX-VDEC-1080P(  164): Allocate done for all i/p buffers
10-20 11:54:14.602 E/OMX-VDEC-1080P(  164): 
10-20 11:54:14.602 E/OMX-VDEC-1080P(  164):  No color conversion required
10-20 11:54:14.602 E/OMX-VDEC-1080P(  164): Get_parameter: OMX_IndexParamPortDefinition: nPortIndex (1), nFrameWidth (800), nFrameHeight (448), nStride (896), nSliceHeight (448), nBitrate (0), xFramerate (0x1e), nBufferSize (606208), nBufferCountMin (18), nBufferCountActual (22), bBuffersContiguous (1076055960), nBufferAlignment (1094958667), bEnabled (1), bPopulated (0), eCompressionFormat (0x0), eColorFormat (0x7fa30c03)
10-20 11:54:14.602 E/OMX-VDEC-1080P(  164): 
10-20 11:54:14.602 E/OMX-VDEC-1080P(  164):  Set the Output Buffer Idx: 1 Addr: 43e90000, pmem_fd=940003e
10-20 11:54:14.602 E/OMX-VDEC-1080P(  164): Allocate done for all i/p buffers
10-20 11:54:14.612 E/OMX-VDEC-1080P(  164): 
10-20 11:54:14.612 E/OMX-VDEC-1080P(  164):  No color conversion required
10-20 11:54:14.612 E/OMX-VDEC-1080P(  164): Get_parameter: OMX_IndexParamPortDefinition: nPortIndex (1), nFrameWidth (800), nFrameHeight (448), nStride (896), nSliceHeight (448), nBitrate (0), xFramerate (0x1e), nBufferSize (606208), nBufferCountMin (18), nBufferCountActual (22), bBuffersContiguous (1076055960), nBufferAlignment (1094958667), bEnabled (1), bPopulated (0), eCompressionFormat (0x0), eColorFormat (0x7fa30c03)
10-20 11:54:14.612 E/OMX-VDEC-1080P(  164): 
10-20 11:54:14.612 E/OMX-VDEC-1080P(  164):  Set the Output Buffer Idx: 2 Addr: 4441b000, pmem_fd=9400040
10-20 11:54:14.612 E/OMX-VDEC-1080P(  164): Allocate done for all i/p buffers
10-20 11:54:14.622 E/OMX-VDEC-1080P(  164): 
10-20 11:54:14.622 E/OMX-VDEC-1080P(  164):  No color conversion required
10-20 11:54:14.622 E/OMX-VDEC-1080P(  164): Get_parameter: OMX_IndexParamPortDefinition: nPortIndex (1), nFrameWidth (800), nFrameHeight (448), nStride (896), nSliceHeight (448), nBitrate (0), xFramerate (0x1e), nBufferSize (606208), nBufferCountMin (18), nBufferCountActual (22), bBuffersContiguous (1076055960), nBufferAlignment (1094958667), bEnabled (1), bPopulated (0), eCompressionFormat (0x0), eColorFormat (0x7fa30c03)
10-20 11:54:14.622 E/OMX-VDEC-1080P(  164): 
10-20 11:54:14.622 E/OMX-VDEC-1080P(  164):  Set the Output Buffer Idx: 3 Addr: 44d30000, pmem_fd=9400042
10-20 11:54:14.622 E/OMX-VDEC-1080P(  164): Allocate done for all i/p buffers
10-20 11:54:14.632 E/OMX-VDEC-1080P(  164): 
10-20 11:54:14.632 E/OMX-VDEC-1080P(  164):  No color conversion required
10-20 11:54:14.632 E/OMX-VDEC-1080P(  164): Get_parameter: OMX_IndexParamPortDefinition: nPortIndex (1), nFrameWidth (800), nFrameHeight (448), nStride (896), nSliceHeight (448), nBitrate (0), xFramerate (0x1e), nBufferSize (606208), nBufferCountMin (18), nBufferCountActual (22), bBuffersContiguous (1076055960), nBufferAlignment (1094958667), bEnabled (1), bPopulated (0), eCompressionFormat (0x0), eColorFormat (0x7fa30c03)
10-20 11:54:14.632 E/OMX-VDEC-1080P(  164): 
10-20 11:54:14.632 E/OMX-VDEC-1080P(  164):  Set the Output Buffer Idx: 4 Addr: 44f83000, pmem_fd=9400044
10-20 11:54:14.632 E/OMX-VDEC-1080P(  164): Allocate done for all i/p buffers
10-20 11:54:14.632 E/OMX-VDEC-1080P(  164): 
10-20 11:54:14.632 E/OMX-VDEC-1080P(  164):  No color conversion required
10-20 11:54:14.632 E/OMX-VDEC-1080P(  164): Get_parameter: OMX_IndexParamPortDefinition: nPortIndex (1), nFrameWidth (800), nFrameHeight (448), nStride (896), nSliceHeight (448), nBitrate (0), xFramerate (0x1e), nBufferSize (606208), nBufferCountMin (18), nBufferCountActual (22), bBuffersContiguous (1076055960), nBufferAlignment (1094958667), bEnabled (1), bPopulated (0), eCompressionFormat (0x0), eColorFormat (0x7fa30c03)
10-20 11:54:14.632 E/OMX-VDEC-1080P(  164): 
10-20 11:54:14.632 E/OMX-VDEC-1080P(  164):  Set the Output Buffer Idx: 5 Addr: 451fe000, pmem_fd=9400046
10-20 11:54:14.632 E/OMX-VDEC-1080P(  164): Allocate done for all i/p buffers
10-20 11:54:14.632 E/OMX-VDEC-1080P(  164): 
10-20 11:54:14.632 E/OMX-VDEC-1080P(  164):  No color conversion required
10-20 11:54:14.632 E/OMX-VDEC-1080P(  164): Get_parameter: OMX_IndexParamPortDefinition: nPortIndex (1), nFrameWidth (800), nFrameHeight (448), nStride (896), nSliceHeight (448), nBitrate (0), xFramerate (0x1e), nBufferSize (606208), nBufferCountMin (18), nBufferCountActual (22), bBuffersContiguous (1076055960), nBufferAlignment (1094958667), bEnabled (1), bPopulated (0), eCompressionFormat (0x0), eColorFormat (0x7fa30c03)
10-20 11:54:14.632 E/OMX-VDEC-1080P(  164): 
10-20 11:54:14.632 E/OMX-VDEC-1080P(  164):  Set the Output Buffer Idx: 6 Addr: 454a6000, pmem_fd=9400048
10-20 11:54:14.632 E/OMX-VDEC-1080P(  164): Allocate done for all i/p buffers
10-20 11:54:14.632 E/OMX-VDEC-1080P(  164): 
10-20 11:54:14.632 E/OMX-VDEC-1080P(  164):  No color conversion required
10-20 11:54:14.632 E/OMX-VDEC-1080P(  164): Get_parameter: OMX_IndexParamPortDefinition: nPortIndex (1), nFrameWidth (800), nFrameHeight (448), nStride (896), nSliceHeight (448), nBitrate (0), xFramerate (0x1e), nBufferSize (606208), nBufferCountMin (18), nBufferCountActual (22), bBuffersContiguous (1076055960), nBufferAlignment (1094958667), bEnabled (1), bPopulated (0), eCompressionFormat (0x0), eColorFormat (0x7fa30c03)
10-20 11:54:14.632 E/OMX-VDEC-1080P(  164): 
10-20 11:54:14.632 E/OMX-VDEC-1080P(  164):  Set the Output Buffer Idx: 7 Addr: 4567d000, pmem_fd=940004a
10-20 11:54:14.632 E/OMX-VDEC-1080P(  164): Allocate done for all i/p buffers
10-20 11:54:14.642 E/OMX-VDEC-1080P(  164): 
10-20 11:54:14.642 E/OMX-VDEC-1080P(  164):  No color conversion required
10-20 11:54:14.642 E/OMX-VDEC-1080P(  164): Get_parameter: OMX_IndexParamPortDefinition: nPortIndex (1), nFrameWidth (800), nFrameHeight (448), nStride (896), nSliceHeight (448), nBitrate (0), xFramerate (0x1e), nBufferSize (606208), nBufferCountMin (18), nBufferCountActual (22), bBuffersContiguous (1076055960), nBufferAlignment (1094958667), bEnabled (1), bPopulated (0), eCompressionFormat (0x0), eColorFormat (0x7fa30c03)
10-20 11:54:14.642 E/OMX-VDEC-1080P(  164): 
10-20 11:54:14.642 E/OMX-VDEC-1080P(  164):  Set the Output Buffer Idx: 8 Addr: 458b0000, pmem_fd=940004c
10-20 11:54:14.642 E/OMX-VDEC-1080P(  164): Allocate done for all i/p buffers
10-20 11:54:14.642 E/OMX-VDEC-1080P(  164): 
10-20 11:54:14.642 E/OMX-VDEC-1080P(  164):  No color conversion required
10-20 11:54:14.642 E/OMX-VDEC-1080P(  164): Get_parameter: OMX_IndexParamPortDefinition: nPortIndex (1), nFrameWidth (800), nFrameHeight (448), nStride (896), nSliceHeight (448), nBitrate (0), xFramerate (0x1e), nBufferSize (606208), nBufferCountMin (18), nBufferCountActual (22), bBuffersContiguous (1076055960), nBufferAlignment (1094958667), bEnabled (1), bPopulated (0), eCompressionFormat (0x0), eColorFormat (0x7fa30c03)
10-20 11:54:14.642 E/OMX-VDEC-1080P(  164): 
10-20 11:54:14.642 E/OMX-VDEC-1080P(  164):  Set the Output Buffer Idx: 9 Addr: 45b6f000, pmem_fd=940004e
10-20 11:54:14.642 E/OMX-VDEC-1080P(  164): Allocate done for all i/p buffers
10-20 11:54:14.642 E/OMX-VDEC-1080P(  164): 
10-20 11:54:14.642 E/OMX-VDEC-1080P(  164):  No color conversion required
10-20 11:54:14.642 E/OMX-VDEC-1080P(  164): Get_parameter: OMX_IndexParamPortDefinition: nPortIndex (1), nFrameWidth (800), nFrameHeight (448), nStride (896), nSliceHeight (448), nBitrate (0), xFramerate (0x1e), nBufferSize (606208), nBufferCountMin (18), nBufferCountActual (22), bBuffersContiguous (1076055960), nBufferAlignment (1094958667), bEnabled (1), bPopulated (0), eCompressionFormat (0x0), eColorFormat (0x7fa30c03)
10-20 11:54:14.642 E/OMX-VDEC-1080P(  164): 
10-20 11:54:14.642 E/OMX-VDEC-1080P(  164):  Set the Output Buffer Idx: 10 Addr: 45d9e000, pmem_fd=9400050
10-20 11:54:14.642 E/OMX-VDEC-1080P(  164): Allocate done for all i/p buffers
10-20 11:54:14.652 E/OMX-VDEC-1080P(  164): 
10-20 11:54:14.652 E/OMX-VDEC-1080P(  164):  No color conversion required
10-20 11:54:14.652 E/OMX-VDEC-1080P(  164): Get_parameter: OMX_IndexParamPortDefinition: nPortIndex (1), nFrameWidth (800), nFrameHeight (448), nStride (896), nSliceHeight (448), nBitrate (0), xFramerate (0x1e), nBufferSize (606208), nBufferCountMin (18), nBufferCountActual (22), bBuffersContiguous (1076055960), nBufferAlignment (1094958667), bEnabled (1), bPopulated (0), eCompressionFormat (0x0), eColorFormat (0x7fa30c03)
10-20 11:54:14.652 E/OMX-VDEC-1080P(  164): 
10-20 11:54:14.652 E/OMX-VDEC-1080P(  164):  Set the Output Buffer Idx: 11 Addr: 45ee7000, pmem_fd=9400052
10-20 11:54:14.652 E/OMX-VDEC-1080P(  164): Allocate done for all i/p buffers
10-20 11:54:14.652 E/OMX-VDEC-1080P(  164): 
10-20 11:54:14.652 E/OMX-VDEC-1080P(  164):  No color conversion required
10-20 11:54:14.652 E/OMX-VDEC-1080P(  164): Get_parameter: OMX_IndexParamPortDefinition: nPortIndex (1), nFrameWidth (800), nFrameHeight (448), nStride (896), nSliceHeight (448), nBitrate (0), xFramerate (0x1e), nBufferSize (606208), nBufferCountMin (18), nBufferCountActual (22), bBuffersContiguous (1076055960), nBufferAlignment (1094958667), bEnabled (1), bPopulated (0), eCompressionFormat (0x0), eColorFormat (0x7fa30c03)
10-20 11:54:14.652 E/OMX-VDEC-1080P(  164): 
10-20 11:54:14.652 E/OMX-VDEC-1080P(  164):  Set the Output Buffer Idx: 12 Addr: 4612b000, pmem_fd=9400054
10-20 11:54:14.652 E/OMX-VDEC-1080P(  164): Allocate done for all i/p buffers
10-20 11:54:14.652 E/OMX-VDEC-1080P(  164): 
10-20 11:54:14.652 E/OMX-VDEC-1080P(  164):  No color conversion required
10-20 11:54:14.652 E/OMX-VDEC-1080P(  164): Get_parameter: OMX_IndexParamPortDefinition: nPortIndex (1), nFrameWidth (800), nFrameHeight (448), nStride (896), nSliceHeight (448), nBitrate (0), xFramerate (0x1e), nBufferSize (606208), nBufferCountMin (18), nBufferCountActual (22), bBuffersContiguous (1076055960), nBufferAlignment (1094958667), bEnabled (1), bPopulated (0), eCompressionFormat (0x0), eColorFormat (0x7fa30c03)
10-20 11:54:14.652 E/OMX-VDEC-1080P(  164): 
10-20 11:54:14.652 E/OMX-VDEC-1080P(  164):  Set the Output Buffer Idx: 13 Addr: 462f3000, pmem_fd=9400056
10-20 11:54:14.652 E/OMX-VDEC-1080P(  164): Allocate done for all i/p buffers
10-20 11:54:14.652 E/OMX-VDEC-1080P(  164): 
10-20 11:54:14.652 E/OMX-VDEC-1080P(  164):  No color conversion required
10-20 11:54:14.652 E/OMX-VDEC-1080P(  164): Get_parameter: OMX_IndexParamPortDefinition: nPortIndex (1), nFrameWidth (800), nFrameHeight (448), nStride (896), nSliceHeight (448), nBitrate (0), xFramerate (0x1e), nBufferSize (606208), nBufferCountMin (18), nBufferCountActual (22), bBuffersContiguous (1076055960), nBufferAlignment (1094958667), bEnabled (1), bPopulated (0), eCompressionFormat (0x0), eColorFormat (0x7fa30c03)
10-20 11:54:14.652 E/OMX-VDEC-1080P(  164): 
10-20 11:54:14.652 E/OMX-VDEC-1080P(  164):  Set the Output Buffer Idx: 14 Addr: 46551000, pmem_fd=9400058
10-20 11:54:14.652 E/OMX-VDEC-1080P(  164): Allocate done for all i/p buffers
10-20 11:54:14.662 E/OMX-VDEC-1080P(  164): 
10-20 11:54:14.662 E/OMX-VDEC-1080P(  164):  No color conversion required
10-20 11:54:14.662 E/OMX-VDEC-1080P(  164): Get_parameter: OMX_IndexParamPortDefinition: nPortIndex (1), nFrameWidth (800), nFrameHeight (448), nStride (896), nSliceHeight (448), nBitrate (0), xFramerate (0x1e), nBufferSize (606208), nBufferCountMin (18), nBufferCountActual (22), bBuffersContiguous (1076055960), nBufferAlignment (1094958667), bEnabled (1), bPopulated (0), eCompressionFormat (0x0), eColorFormat (0x7fa30c03)
10-20 11:54:14.662 E/OMX-VDEC-1080P(  164): 
10-20 11:54:14.662 E/OMX-VDEC-1080P(  164):  Set the Output Buffer Idx: 15 Addr: 4673f000, pmem_fd=940005a
10-20 11:54:14.662 E/OMX-VDEC-1080P(  164): Allocate done for all i/p buffers
10-20 11:54:14.662 E/OMX-VDEC-1080P(  164): 
10-20 11:54:14.662 E/OMX-VDEC-1080P(  164):  No color conversion required
10-20 11:54:14.662 E/OMX-VDEC-1080P(  164): Get_parameter: OMX_IndexParamPortDefinition: nPortIndex (1), nFrameWidth (800), nFrameHeight (448), nStride (896), nSliceHeight (448), nBitrate (0), xFramerate (0x1e), nBufferSize (606208), nBufferCountMin (18), nBufferCountActual (22), bBuffersContiguous (1076055960), nBufferAlignment (1094958667), bEnabled (1), bPopulated (0), eCompressionFormat (0x0), eColorFormat (0x7fa30c03)
10-20 11:54:14.662 E/OMX-VDEC-1080P(  164): 
10-20 11:54:14.662 E/OMX-VDEC-1080P(  164):  Set the Output Buffer Idx: 16 Addr: 46a1c000, pmem_fd=940005c
10-20 11:54:14.672 E/OMX-VDEC-1080P(  164): Allocate done for all i/p buffers
10-20 11:54:14.672 E/OMX-VDEC-1080P(  164): 
10-20 11:54:14.672 E/OMX-VDEC-1080P(  164):  No color conversion required
10-20 11:54:14.672 E/OMX-VDEC-1080P(  164): Get_parameter: OMX_IndexParamPortDefinition: nPortIndex (1), nFrameWidth (800), nFrameHeight (448), nStride (896), nSliceHeight (448), nBitrate (0), xFramerate (0x1e), nBufferSize (606208), nBufferCountMin (18), nBufferCountActual (22), bBuffersContiguous (1076055960), nBufferAlignment (1094958667), bEnabled (1), bPopulated (0), eCompressionFormat (0x0), eColorFormat (0x7fa30c03)
10-20 11:54:14.672 E/OMX-VDEC-1080P(  164): 
10-20 11:54:14.672 E/OMX-VDEC-1080P(  164):  Set the Output Buffer Idx: 17 Addr: 46c3f000, pmem_fd=940005e
10-20 11:54:14.672 E/OMX-VDEC-1080P(  164): Allocate done for all i/p buffers
10-20 11:54:14.672 E/OMX-VDEC-1080P(  164): 
10-20 11:54:14.672 E/OMX-VDEC-1080P(  164):  No color conversion required
10-20 11:54:14.672 E/OMX-VDEC-1080P(  164): Get_parameter: OMX_IndexParamPortDefinition: nPortIndex (1), nFrameWidth (800), nFrameHeight (448), nStride (896), nSliceHeight (448), nBitrate (0), xFramerate (0x1e), nBufferSize (606208), nBufferCountMin (18), nBufferCountActual (22), bBuffersContiguous (1076055960), nBufferAlignment (1094958667), bEnabled (1), bPopulated (0), eCompressionFormat (0x0), eColorFormat (0x7fa30c03)
10-20 11:54:14.672 E/OMX-VDEC-1080P(  164): 
10-20 11:54:14.672 E/OMX-VDEC-1080P(  164):  Set the Output Buffer Idx: 18 Addr: 46e79000, pmem_fd=9400060
10-20 11:54:14.672 E/OMX-VDEC-1080P(  164): Allocate done for all i/p buffers
10-20 11:54:14.672 E/OMX-VDEC-1080P(  164): 
10-20 11:54:14.672 E/OMX-VDEC-1080P(  164):  No color conversion required
10-20 11:54:14.672 E/OMX-VDEC-1080P(  164): Get_parameter: OMX_IndexParamPortDefinition: nPortIndex (1), nFrameWidth (800), nFrameHeight (448), nStride (896), nSliceHeight (448), nBitrate (0), xFramerate (0x1e), nBufferSize (606208), nBufferCountMin (18), nBufferCountActual (22), bBuffersContiguous (1076055960), nBufferAlignment (1094958667), bEnabled (1), bPopulated (0), eCompressionFormat (0x0), eColorFormat (0x7fa30c03)
10-20 11:54:14.682 E/OMX-VDEC-1080P(  164): 
10-20 11:54:14.682 E/OMX-VDEC-1080P(  164):  Set the Output Buffer Idx: 19 Addr: 4715e000, pmem_fd=9400062
10-20 11:54:14.682 E/OMX-VDEC-1080P(  164): Allocate done for all i/p buffers
10-20 11:54:14.682 E/OMX-VDEC-1080P(  164): 
10-20 11:54:14.682 E/OMX-VDEC-1080P(  164):  No color conversion required
10-20 11:54:14.682 E/OMX-VDEC-1080P(  164): Get_parameter: OMX_IndexParamPortDefinition: nPortIndex (1), nFrameWidth (800), nFrameHeight (448), nStride (896), nSliceHeight (448), nBitrate (0), xFramerate (0x1e), nBufferSize (606208), nBufferCountMin (18), nBufferCountActual (22), bBuffersContiguous (1076055960), nBufferAlignment (1094958667), bEnabled (1), bPopulated (0), eCompressionFormat (0x0), eColorFormat (0x7fa30c03)
10-20 11:54:14.682 E/OMX-VDEC-1080P(  164): 
10-20 11:54:14.682 E/OMX-VDEC-1080P(  164):  Set the Output Buffer Idx: 20 Addr: 47440000, pmem_fd=9400064
10-20 11:54:14.682 E/OMX-VDEC-1080P(  164): Allocate done for all i/p buffers
10-20 11:54:14.682 E/OMX-VDEC-1080P(  164): 
10-20 11:54:14.682 E/OMX-VDEC-1080P(  164):  No color conversion required
10-20 11:54:14.682 E/OMX-VDEC-1080P(  164): Get_parameter: OMX_IndexParamPortDefinition: nPortIndex (1), nFrameWidth (800), nFrameHeight (448), nStride (896), nSliceHeight (448), nBitrate (0), xFramerate (0x1e), nBufferSize (606208), nBufferCountMin (18), nBufferCountActual (22), bBuffersContiguous (1076055960), nBufferAlignment (1094958667), bEnabled (1), bPopulated (0), eCompressionFormat (0x0), eColorFormat (0x7fa30c03)
10-20 11:54:14.682 E/OMX-VDEC-1080P(  164): 
10-20 11:54:14.682 E/OMX-VDEC-1080P(  164):  Set the Output Buffer Idx: 21 Addr: 47612000, pmem_fd=9400066
10-20 11:54:14.682 E/OMX-VDEC-1080P(  164): Allocate done for all i/p buffers
10-20 11:54:14.682 E/OMX-VDEC-1080P(  164): Allocate done for all o/p buffers
10-20 11:54:14.692 E/OMX-VDEC-1080P(  164): 
10-20 11:54:14.692 E/OMX-VDEC-1080P(  164):  OMX_CommandStateSet complete, m_state = 2
10-20 11:54:14.692 E/OMX-VDEC-1080P(  164): 
10-20 11:54:14.692 E/OMX-VDEC-1080P(  164):  send_command_proxy(): Current State 2, Expected State 3
10-20 11:54:14.692 E/OMX-VDEC-1080P(  164): 
10-20 11:54:14.692 E/OMX-VDEC-1080P(  164):  send_command_proxy(): OMX_CommandStateSet issued
10-20 11:54:14.692 E/OMX-VDEC-1080P(  164): 
10-20 11:54:14.692 E/OMX-VDEC-1080P(  164):  Current State 2, Expected State 3
10-20 11:54:14.822 E/OMX-VDEC-1080P(  164): 
10-20 11:54:14.822 E/OMX-VDEC-1080P(  164):  Rxd OMX_COMPONENT_GENERATE_START_DONE
10-20 11:54:15.342 D/overlay (  161): Unset pipe=VG0 dpy=0; Unset pipe=RGB1 dpy=0; 
10-20 11:54:15.352 D/i       (11254): scheduled task [GmmLocationControllerStatus Update]
10-20 11:54:15.833 V/aMPdroid_VIDEO(15097): onVideoSizeChanged called
10-20 11:54:15.833 D/aMPdroid_VIDEO(15097): Setting surface to 1196x669
10-20 11:54:15.893 D/overlay (  161): Set pipe=RGB1 dpy=0; Set pipe=VG0 dpy=0; 
10-20 11:54:15.913 D/aMPdroid(15097): surfaceChanged called: 4, 1196x669
10-20 11:54:15.953 D/aMPdroid_VIDEO(15097): onPrepared called
10-20 11:54:15.953 V/aMPdroid_VIDEO(15097): startVideoPlayback
10-20 11:54:15.953 D/aMPdroid(15097): Set overlay image to null
10-20 11:54:15.973 E/OMX-VDEC-1080P(  164): 
10-20 11:54:15.973 E/OMX-VDEC-1080P(  164):  Port settings changed
10-20 11:54:15.973 E/OMX-VDEC-1080P(  164): 
10-20 11:54:15.973 E/OMX-VDEC-1080P(  164):  Rxd OMX_COMPONENT_GENERATE_PORT_RECONFIG
10-20 11:54:15.973 E/OMX-VDEC-1080P(  164): 
10-20 11:54:15.973 E/OMX-VDEC-1080P(  164):  send_command_proxy(): Current State 3, Expected State 1
10-20 11:54:15.973 E/OMX-VDEC-1080P(  164): 
10-20 11:54:15.973 E/OMX-VDEC-1080P(  164):  send_command_proxy(): OMX_CommandPortDisable issuedwith param1: 1
10-20 11:54:15.973 E/OMX-VDEC-1080P(  164): ION: free: handle(0xE738C400), len(2523136), fd(0x39)
10-20 11:54:15.973 I/OMXNodeInstance(  164): OMX_FreeBuffer for buffer header 0x41379e68 successful
10-20 11:54:15.973 I/OMXNodeInstance(  164): OMX_FreeBuffer for buffer header 0x41379e18 successful
10-20 11:54:15.973 E/OMX-VDEC-1080P(  164): 
10-20 11:54:15.973 E/OMX-VDEC-1080P(  164):  Driver flush o/p Port complete
10-20 11:54:15.973 E/OMX-VDEC-1080P(  164): 
10-20 11:54:15.973 E/OMX-VDEC-1080P(  164):  OMX flush o/p Port complete PenBuf(0)
10-20 11:54:15.973 I/OMXNodeInstance(  164): OMX_FreeBuffer for buffer header 0x413797d8 successful
10-20 11:54:15.973 I/OMXNodeInstance(  164): OMX_FreeBuffer for buffer header 0x41379828 successful
10-20 11:54:15.973 I/OMXNodeInstance(  164): OMX_FreeBuffer for buffer header 0x41379878 successful
10-20 11:54:15.973 I/OMXNodeInstance(  164): OMX_FreeBuffer for buffer header 0x413798c8 successful
10-20 11:54:15.973 I/OMXNodeInstance(  164): OMX_FreeBuffer for buffer header 0x41379918 successful
10-20 11:54:15.973 I/OMXNodeInstance(  164): OMX_FreeBuffer for buffer header 0x41379968 successful
10-20 11:54:15.983 I/OMXNodeInstance(  164): OMX_FreeBuffer for buffer header 0x413799b8 successful
10-20 11:54:15.983 I/OMXNodeInstance(  164): OMX_FreeBuffer for buffer header 0x41379a08 successful
10-20 11:54:15.983 I/OMXNodeInstance(  164): OMX_FreeBuffer for buffer header 0x41379a58 successful
10-20 11:54:15.983 I/OMXNodeInstance(  164): OMX_FreeBuffer for buffer header 0x41379aa8 successful
10-20 11:54:15.983 I/OMXNodeInstance(  164): OMX_FreeBuffer for buffer header 0x41379af8 successful
10-20 11:54:15.983 I/OMXNodeInstance(  164): OMX_FreeBuffer for buffer header 0x41379b48 successful
10-20 11:54:15.983 I/OMXNodeInstance(  164): OMX_FreeBuffer for buffer header 0x41379b98 successful
10-20 11:54:15.983 I/OMXNodeInstance(  164): OMX_FreeBuffer for buffer header 0x41379be8 successful
10-20 11:54:15.983 I/OMXNodeInstance(  164): OMX_FreeBuffer for buffer header 0x41379c38 successful
10-20 11:54:15.983 I/OMXNodeInstance(  164): OMX_FreeBuffer for buffer header 0x41379c88 successful
10-20 11:54:15.983 I/OMXNodeInstance(  164): OMX_FreeBuffer for buffer header 0x41379cd8 successful
10-20 11:54:15.983 I/OMXNodeInstance(  164): OMX_FreeBuffer for buffer header 0x41379d28 successful
10-20 11:54:15.993 I/OMXNodeInstance(  164): OMX_FreeBuffer for buffer header 0x41379d78 successful
10-20 11:54:15.993 E/OMX-VDEC-1080P(  164): 
10-20 11:54:15.993 E/OMX-VDEC-1080P(  164):  ALL output buffers are freed/released
10-20 11:54:15.993 E/OMX-VDEC-1080P(  164): 
10-20 11:54:15.993 E/OMX-VDEC-1080P(  164):  OMX_CommandPortDisable complete for port [1]
10-20 11:54:15.993 E/OMX-VDEC-1080P(  164): 
10-20 11:54:15.993 E/OMX-VDEC-1080P(  164):  No color conversion required
10-20 11:54:15.993 I/OMXNodeInstance(  164): OMX_FreeBuffer for buffer header 0x41379dc8 successful
10-20 11:54:15.993 E/OMX-VDEC-1080P(  164): 
10-20 11:54:15.993 E/OMX-VDEC-1080P(  164):  No color conversion required
10-20 11:54:15.993 E/OMX-VDEC-1080P(  164): Get_parameter: OMX_IndexParamPortDefinition: nPortIndex (1), nFrameWidth (800), nFrameHeight (448), nStride (896), nSliceHeight (448), nBitrate (19), xFramerate (0x1e), nBufferSize (606208), nBufferCountMin (3), nBufferCountActual (7), bBuffersContiguous (0), nBufferAlignment (1094218608), bEnabled (0), bPopulated (0), eCompressionFormat (0x0), eColorFormat (0x7fa30c03)
10-20 11:54:15.993 E/OMX-VDEC-1080P(  164): get_config: unknown param 117440527
10-20 11:54:15.993 I/OMXCodec(  164): [OMX.qcom.video.decoder.avc] video dimensions are 800 x 448
10-20 11:54:15.993 E/OMX-VDEC-1080P(  164): 
10-20 11:54:15.993 E/OMX-VDEC-1080P(  164):  send_command_proxy(): Current State 3, Expected State 1
10-20 11:54:15.993 E/OMX-VDEC-1080P(  164): 
10-20 11:54:15.993 E/OMX-VDEC-1080P(  164):  send_command_proxy(): OMX_CommandPortEnable issuedwith param1: 1
10-20 11:54:15.993 E/OMX-VDEC-1080P(  164): 
10-20 11:54:15.993 E/OMX-VDEC-1080P(  164):  No color conversion required
10-20 11:54:15.993 E/OMX-VDEC-1080P(  164): Get_parameter: OMX_IndexParamPortDefinition: nPortIndex (1), nFrameWidth (800), nFrameHeight (448), nStride (896), nSliceHeight (448), nBitrate (4), xFramerate (0x1e), nBufferSize (606208), nBufferCountMin (3), nBufferCountActual (7), bBuffersContiguous (1134414948), nBufferAlignment (1094188696), bEnabled (1), bPopulated (0), eCompressionFormat (0x0), eColorFormat (0x7fa30c03)
10-20 11:54:15.993 E/OMX-VDEC-1080P(  164): 
10-20 11:54:15.993 E/OMX-VDEC-1080P(  164):  No color conversion required
10-20 11:54:15.993 E/OMX-VDEC-1080P(  164): Get_parameter: OMX_IndexParamPortDefinition: nPortIndex (1), nFrameWidth (800), nFrameHeight (448), nStride (896), nSliceHeight (448), nBitrate (0), xFramerate (0x1e), nBufferSize (606208), nBufferCountMin (3), nBufferCountActual (7), bBuffersContiguous (1076055960), nBufferAlignment (1094958667), bEnabled (1), bPopulated (0), eCompressionFormat (0x0), eColorFormat (0x7fa30c03)
10-20 11:54:15.993 E/OMX-VDEC-1080P(  164): Use_op_buf:Allocating output headers
10-20 11:54:15.993 E/OMX-VDEC-1080P(  164): 
10-20 11:54:15.993 E/OMX-VDEC-1080P(  164):  Use o/p buffer case - Header List allocation
10-20 11:54:15.993 E/OMX-VDEC-1080P(  164): GET_MV_BUFFER_SIZE returned: Size: 114688 and alignment: 8192
10-20 11:54:15.993 E/OMX-VDEC-1080P(  164): ION: alloc_data: handle(0xE9642480), len(802816), align(8192), flags(0x2000100), fd_data: handle(0xe9642480), fd(0x39)
10-20 11:54:15.993 E/OMX-VDEC-1080P(  164): 
10-20 11:54:15.993 E/OMX-VDEC-1080P(  164):  Set the Output Buffer Idx: 0 Addr: 4248e000, pmem_fd=940003a
10-20 11:54:15.993 E/OMX-VDEC-1080P(  164): Allocate done for all i/p buffers
10-20 11:54:16.003 E/OMX-VDEC-1080P(  164): 
10-20 11:54:16.003 E/OMX-VDEC-1080P(  164):  No color conversion required
10-20 11:54:16.003 E/OMX-VDEC-1080P(  164): Get_parameter: OMX_IndexParamPortDefinition: nPortIndex (1), nFrameWidth (800), nFrameHeight (448), nStride (896), nSliceHeight (448), nBitrate (0), xFramerate (0x1e), nBufferSize (606208), nBufferCountMin (3), nBufferCountActual (7), bBuffersContiguous (1076055960), nBufferAlignment (1094958667), bEnabled (1), bPopulated (0), eCompressionFormat (0x0), eColorFormat (0x7fa30c03)
10-20 11:54:16.003 E/OMX-VDEC-1080P(  164): 
10-20 11:54:16.003 E/OMX-VDEC-1080P(  164):  Set the Output Buffer Idx: 1 Addr: 43e90000, pmem_fd=9400040
10-20 11:54:16.003 E/OMX-VDEC-1080P(  164): Allocate done for all i/p buffers
10-20 11:54:16.003 E/OMX-VDEC-1080P(  164): 
10-20 11:54:16.003 E/OMX-VDEC-1080P(  164):  No color conversion required
10-20 11:54:16.003 E/OMX-VDEC-1080P(  164): Get_parameter: OMX_IndexParamPortDefinition: nPortIndex (1), nFrameWidth (800), nFrameHeight (448), nStride (896), nSliceHeight (448), nBitrate (0), xFramerate (0x1e), nBufferSize (606208), nBufferCountMin (3), nBufferCountActual (7), bBuffersContiguous (1076055960), nBufferAlignment (1094958667), bEnabled (1), bPopulated (0), eCompressionFormat (0x0), eColorFormat (0x7fa30c03)
10-20 11:54:16.003 E/OMX-VDEC-1080P(  164): 
10-20 11:54:16.003 E/OMX-VDEC-1080P(  164):  Set the Output Buffer Idx: 2 Addr: 44949000, pmem_fd=9400042
10-20 11:54:16.003 E/OMX-VDEC-1080P(  164): Allocate done for all i/p buffers
10-20 11:54:16.013 E/OMX-VDEC-1080P(  164): 
10-20 11:54:16.013 E/OMX-VDEC-1080P(  164):  No color conversion required
10-20 11:54:16.013 E/OMX-VDEC-1080P(  164): Get_parameter: OMX_IndexParamPortDefinition: nPortIndex (1), nFrameWidth (800), nFrameHeight (448), nStride (896), nSliceHeight (448), nBitrate (0), xFramerate (0x1e), nBufferSize (606208), nBufferCountMin (3), nBufferCountActual (7), bBuffersContiguous (1076055960), nBufferAlignment (1094958667), bEnabled (1), bPopulated (0), eCompressionFormat (0x0), eColorFormat (0x7fa30c03)
10-20 11:54:16.013 E/OMX-VDEC-1080P(  164): 
10-20 11:54:16.013 E/OMX-VDEC-1080P(  164):  Set the Output Buffer Idx: 3 Addr: 44b82000, pmem_fd=9400044
10-20 11:54:16.013 E/OMX-VDEC-1080P(  164): Allocate done for all i/p buffers
10-20 11:54:16.013 E/OMX-VDEC-1080P(  164): 
10-20 11:54:16.013 E/OMX-VDEC-1080P(  164):  No color conversion required
10-20 11:54:16.013 E/OMX-VDEC-1080P(  164): Get_parameter: OMX_IndexParamPortDefinition: nPortIndex (1), nFrameWidth (800), nFrameHeight (448), nStride (896), nSliceHeight (448), nBitrate (0), xFramerate (0x1e), nBufferSize (606208), nBufferCountMin (3), nBufferCountActual (7), bBuffersContiguous (1076055960), nBufferAlignment (1094958667), bEnabled (1), bPopulated (0), eCompressionFormat (0x0), eColorFormat (0x7fa30c03)
10-20 11:54:16.013 E/OMX-VDEC-1080P(  164): 
10-20 11:54:16.013 E/OMX-VDEC-1080P(  164):  Set the Output Buffer Idx: 4 Addr: 44d9a000, pmem_fd=9400046
10-20 11:54:16.013 E/OMX-VDEC-1080P(  164): Allocate done for all i/p buffers
10-20 11:54:16.013 E/OMX-VDEC-1080P(  164): 
10-20 11:54:16.013 E/OMX-VDEC-1080P(  164):  No color conversion required
10-20 11:54:16.013 E/OMX-VDEC-1080P(  164): Get_parameter: OMX_IndexParamPortDefinition: nPortIndex (1), nFrameWidth (800), nFrameHeight (448), nStride (896), nSliceHeight (448), nBitrate (0), xFramerate (0x1e), nBufferSize (606208), nBufferCountMin (3), nBufferCountActual (7), bBuffersContiguous (1076055960), nBufferAlignment (1094958667), bEnabled (1), bPopulated (0), eCompressionFormat (0x0), eColorFormat (0x7fa30c03)
10-20 11:54:16.013 E/OMX-VDEC-1080P(  164): 
10-20 11:54:16.013 E/OMX-VDEC-1080P(  164):  Set the Output Buffer Idx: 5 Addr: 44ff3000, pmem_fd=9400048
10-20 11:54:16.013 E/OMX-VDEC-1080P(  164): Allocate done for all i/p buffers
10-20 11:54:16.013 E/OMX-VDEC-1080P(  164): 
10-20 11:54:16.013 E/OMX-VDEC-1080P(  164):  No color conversion required
