10-20 11:54:16.013 E/OMX-VDEC-1080P(  164): Get_parameter: OMX_IndexParamPortDefinition: nPortIndex (1), nFrameWidth (800), nFrameHeight (448), nStride (896), nSliceHeight (448), nBitrate (0), xFramerate (0x1e), nBufferSize (606208), nBufferCountMin (3), nBufferCountActual (7), bBuffersContiguous (1076055960), nBufferAlignment (1094958667), bEnabled (1), bPopulated (0), eCompressionFormat (0x0), eColorFormat (0x7fa30c03)
10-20 11:54:16.013 E/OMX-VDEC-1080P(  164): 
10-20 11:54:16.013 E/OMX-VDEC-1080P(  164):  Set the Output Buffer Idx: 6 Addr: 45277000, pmem_fd=940004a
10-20 11:54:16.013 E/OMX-VDEC-1080P(  164): Allocate done for all i/p buffers
10-20 11:54:16.013 E/OMX-VDEC-1080P(  164): Allocate done for all o/p buffers
10-20 11:54:16.013 E/OMX-VDEC-1080P(  164): 
10-20 11:54:16.013 E/OMX-VDEC-1080P(  164):  OMX_CommandPortEnable complete for port [1]
10-20 11:54:16.033 I/SoftAAC2(  164): Reconfiguring decoder: 48000 Hz, 2 channels
10-20 11:54:16.033 I/OMXNodeInstance(  164): OMX_FreeBuffer for buffer header 0x41240038 successful
10-20 11:54:16.033 I/OMXNodeInstance(  164): OMX_FreeBuffer for buffer header 0x41240248 successful
10-20 11:54:16.033 I/OMXNodeInstance(  164): OMX_FreeBuffer for buffer header 0x4122a030 successful
10-20 11:54:16.033 I/OMXNodeInstance(  164): OMX_FreeBuffer for buffer header 0x4122a158 successful
10-20 11:54:16.033 D/AudioStreamOutALSA(  164): mHandle->useCase: HiFi Lowlatency
10-20 11:54:16.033 D/ALSAModule(  164): s_route: devices 0x2 in mode 0
10-20 11:54:16.033 D/ALSAModule(  164): switchDevice: device 2 mode:0
10-20 11:54:16.033 D/ALSAModule(  164): No valid input device: 0
10-20 11:54:16.033 D/ALSAModule(  164): switchDevice,rxDev:Speaker, txDev:(null), curRxDev:Speaker, curTxDev:DMIC Endfire
10-20 11:54:16.033 D/alsa_ucm(  164): snd_use_case_set(): uc_mgr 0x4009b388 identifier _enadev value Speaker
10-20 11:54:16.033 D/ALSAModule(  164): switchDevice: curTxUCMDevivce DMIC Endfire curRxDevDevice Speaker
10-20 11:54:16.033 D/alsa_ucm(  164): snd_use_case_set(): uc_mgr 0x4009b388 identifier _verb value HiFi Lowlatency
10-20 11:54:16.033 D/alsa_ucm(  164): Set mixer controls for Speaker enable 1
10-20 11:54:16.033 D/ACDB-LOADER(  164): ACDB -> send_afe_cal
10-20 11:54:16.033 W/MediaPlayer(15097): info/warning (3, 0)
10-20 11:54:16.033 I/MediaPlayer(15097): Info (3,0)
10-20 11:54:16.033 W/aMPdroid(15097): Streaming info: 3, extra:0
10-20 11:54:16.043 D/alsa_ucm(  164): Set mixer controls for HiFi Lowlatency enable 1
10-20 11:54:16.043 D/ALSAModule(  164): Device value returned is hw:0,14
10-20 11:54:16.043 D/ALSAModule(  164): setHardwareParams: reqBuffSize 1024 channels 2 sampleRate 48000
10-20 11:54:16.053 D/dalvikvm( 5418): GC_CONCURRENT freed 1871K, 44% free 7037K/12372K, paused 8ms+5ms, total 54ms
10-20 11:54:16.053 D/overlay (  161): Set pipe=VG1 dpy=0; 
10-20 11:54:16.053 D/ALSAModule(  164): setHardwareParams: buffer_size 2048, period_size 1024, period_cnt 2
10-20 11:54:16.384 D/i       (11254): scheduled task [GmmLocationControllerStatus Update]
10-20 11:54:17.415 D/i       (11254): scheduled task [GmmLocationControllerStatus Update]
10-20 11:54:18.476 D/i       (11254): scheduled task [GmmLocationControllerStatus Update]
10-20 11:54:18.866 I/ActivityManager(  561): No longer want com.google.android.apps.maps (pid 11254): empty #17
10-20 11:54:18.886 I/patts   (11319): [jni_text_analysis_api.cc:236] jni: deleting text normalizer ...
10-20 11:54:18.936 I/patts   (11319): [jni_hmm_synthesizer_api.cc:83] jni: deleting synthesizer ...
10-20 11:54:18.936 I/patts   (11319): [jni_project_file_api.cc:110] jni: deleting project file ...
10-20 11:54:18.936 I/patts   (11319): [jni_project_file_api.cc:123] jni: deleting project resource holder ...
10-20 11:54:20.898 I/aMPdroid(15097): Screen height without virtual buttons: 768
10-20 11:54:21.249 D/overlay (  161): Unset pipe=VG1 dpy=0; Unset pipe=RGB1 dpy=0; 
10-20 11:54:28.156 E/AvastAccountReportService( 1244): Could not send Avast account status information.
10-20 11:54:28.156 E/AvastAccountReportService( 1244): com.avast.android.generic.internet.c.h: org.apache.http.NoHttpResponseException: The target server failed to respond
10-20 11:54:28.156 E/AvastAccountReportService( 1244): 	at com.avast.android.generic.internet.c.c.a(AvastAccountConnector.java:745)
10-20 11:54:28.156 E/AvastAccountReportService( 1244): 	at com.avast.android.generic.internet.c.c.a(AvastAccountConnector.java:692)
10-20 11:54:28.156 E/AvastAccountReportService( 1244): 	at com.avast.android.mobilesecurity.app.account.c.a(AccountStatusSender.java:132)
10-20 11:54:28.156 E/AvastAccountReportService( 1244): 	at com.avast.android.mobilesecurity.app.account.b.a(AccountReportService.java:85)
10-20 11:54:28.156 E/AvastAccountReportService( 1244): 	at com.avast.android.mobilesecurity.app.account.b.doInBackground(AccountReportService.java:49)
10-20 11:54:28.156 E/AvastAccountReportService( 1244): 	at android.os.AsyncTask$2.call(AsyncTask.java:287)
10-20 11:54:28.156 E/AvastAccountReportService( 1244): 	at java.util.concurrent.FutureTask.run(FutureTask.java:234)
10-20 11:54:28.156 E/AvastAccountReportService( 1244): 	at android.os.AsyncTask$SerialExecutor$1.run(AsyncTask.java:230)
10-20 11:54:28.156 E/AvastAccountReportService( 1244): 	at java.util.concurrent.ThreadPoolExecutor.runWorker(ThreadPoolExecutor.java:1080)
10-20 11:54:28.156 E/AvastAccountReportService( 1244): 	at java.util.concurrent.ThreadPoolExecutor$Worker.run(ThreadPoolExecutor.java:573)
10-20 11:54:28.156 E/AvastAccountReportService( 1244): 	at java.lang.Thread.run(Thread.java:856)
10-20 11:54:28.156 E/AvastAccountReportService( 1244): Caused by: org.apache.http.NoHttpResponseException: The target server failed to respond
10-20 11:54:28.156 E/AvastAccountReportService( 1244): 	at org.apache.http.impl.conn.DefaultResponseParser.parseHead(DefaultResponseParser.java:85)
10-20 11:54:28.156 E/AvastAccountReportService( 1244): 	at org.apache.http.impl.io.AbstractMessageParser.parse(AbstractMessageParser.java:174)
10-20 11:54:28.156 E/AvastAccountReportService( 1244): 	at org.apache.http.impl.AbstractHttpClientConnection.receiveResponseHeader(AbstractHttpClientConnection.java:180)
10-20 11:54:28.156 E/AvastAccountReportService( 1244): 	at org.apache.http.impl.conn.DefaultClientConnection.receiveResponseHeader(DefaultClientConnection.java:235)
10-20 11:54:28.156 E/AvastAccountReportService( 1244): 	at org.apache.http.impl.conn.AbstractClientConnAdapter.receiveResponseHeader(AbstractClientConnAdapter.java:259)
10-20 11:54:28.156 E/AvastAccountReportService( 1244): 	at org.apache.http.protocol.HttpRequestExecutor.doReceiveResponse(HttpRequestExecutor.java:279)
10-20 11:54:28.156 E/AvastAccountReportService( 1244): 	at org.apache.http.protocol.HttpRequestExecutor.execute(HttpRequestExecutor.java:121)
10-20 11:54:28.156 E/AvastAccountReportService( 1244): 	at org.apache.http.impl.client.DefaultRequestDirector.execute(DefaultRequestDirector.java:428)
10-20 11:54:28.156 E/AvastAccountReportService( 1244): 	at org.apache.http.impl.client.AbstractHttpClient.execute(AbstractHttpClient.java:555)
10-20 11:54:28.156 E/AvastAccountReportService( 1244): 	at org.apache.http.impl.client.AbstractHttpClient.execute(AbstractHttpClient.java:487)
10-20 11:54:28.156 E/AvastAccountReportService( 1244): 	at android.b.a.a.execute(AndroidHttpClient.java:248)
10-20 11:54:28.156 E/AvastAccountReportService( 1244): 	at com.avast.android.generic.internet.c.c.a(AvastAccountConnector.java:733)
10-20 11:54:28.156 E/AvastAccountReportService( 1244): 	... 10 more
10-20 11:54:34.403 I/dalvikvm(11177): Jit: resizing JitTable from 4096 to 8192
10-20 11:54:36.235 W/InputEventReceiver(  561): Attempted to finish an input event but the input event receiver has already been disposed.
10-20 11:54:36.235 W/InputEventReceiver(  561): Attempted to finish an input event but the input event receiver has already been disposed.
10-20 11:54:36.275 D/overlay (  161): Set pipe=RGB1 dpy=0; Set pipe=VG1 dpy=0; 
10-20 11:54:37.746 D/dalvikvm( 2971): GC_CONCURRENT freed 2050K, 69% free 3438K/10880K, paused 3ms+3ms, total 39ms
10-20 11:54:37.746 D/dalvikvm( 2971): WAIT_FOR_CONCURRENT_GC blocked 14ms
10-20 11:54:38.327 D/overlay (  161): Unset pipe=VG1 dpy=0; Unset pipe=RGB1 dpy=0; 
10-20 11:54:39.158 W/InputMethodManagerService(  561): Window already focused, ignoring focus gain of: com.android.internal.view.IInputMethodClient$Stub$Proxy@41e2f560 attribute=null, token = android.os.BinderProxy@42c395a0
10-20 11:54:39.378 D/overlay (  161): Set pipe=RGB1 dpy=0; Set pipe=VG1 dpy=0; 
10-20 11:54:40.870 D/GCM     ( 1110): Message class epz
10-20 11:54:41.370 D/ConnectivityService(  561): handleInetConditionHoldEnd: net=1, condition=100, published condition=100
10-20 11:54:41.901 I/aMPdroid(15097): Screen height without virtual buttons: 768
10-20 11:54:42.261 D/overlay (  161): Unset pipe=VG1 dpy=0; Unset pipe=RGB1 dpy=0; 
10-20 11:54:44.393 W/InputEventReceiver(  561): Attempted to finish an input event but the input event receiver has already been disposed.
10-20 11:54:44.393 W/InputEventReceiver(  561): Attempted to finish an input event but the input event receiver has already been disposed.
10-20 11:54:44.433 D/overlay (  161): Set pipe=RGB1 dpy=0; 
10-20 11:54:44.444 D/overlay (  161): Set pipe=VG1 dpy=0; 
10-20 11:54:47.537 I/aMPdroid(15097): EndStream called for aMPdroid.1496016683.ts
10-20 11:54:47.537 D/aMPdroid(15097): Called url http://192.168.77.21:4322/MPExtended/StreamingService/json/StopStream?identifier=aMPdroid.1496016683.ts
10-20 11:54:47.617 W/TimedEventQueue(  164): Event 2902 was not found in the queue, already cancelled?
10-20 11:54:47.617 I/OMXNodeInstance(  164): OMX_FreeBuffer for buffer header 0x4123feb0 successful
10-20 11:54:47.617 I/OMXNodeInstance(  164): OMX_FreeBuffer for buffer header 0x4123fdf8 successful
10-20 11:54:47.617 I/OMXNodeInstance(  164): OMX_FreeBuffer for buffer header 0x41e1abf0 successful
10-20 11:54:47.617 I/OMXNodeInstance(  164): OMX_FreeBuffer for buffer header 0x41e1aa38 successful
10-20 11:54:47.617 I/OMXNodeInstance(  164): OMX_FreeBuffer for buffer header 0x4123fff8 successful
10-20 11:54:47.617 I/OMXNodeInstance(  164): OMX_FreeBuffer for buffer header 0x4123ff08 successful
10-20 11:54:47.617 I/OMXNodeInstance(  164): OMX_FreeBuffer for buffer header 0x4122a030 successful
10-20 11:54:47.617 I/OMXNodeInstance(  164): OMX_FreeBuffer for buffer header 0x40043eb8 successful
10-20 11:54:47.617 E/OMX-VDEC-1080P(  164): 
10-20 11:54:47.617 E/OMX-VDEC-1080P(  164):  send_command_proxy(): Current State 3, Expected State 2
10-20 11:54:47.617 E/OMX-VDEC-1080P(  164): 
10-20 11:54:47.617 E/OMX-VDEC-1080P(  164):  send_command_proxy(): OMX_CommandStateSet issued
10-20 11:54:47.617 E/OMX-VDEC-1080P(  164): 
10-20 11:54:47.617 E/OMX-VDEC-1080P(  164):  Current State 3, Expected State 2
10-20 11:54:47.617 E/OMX-VDEC-1080P(  164): 
10-20 11:54:47.617 E/OMX-VDEC-1080P(  164):  Driver flush i/p Port complete
10-20 11:54:47.617 E/OMX-VDEC-1080P(  164): 
10-20 11:54:47.617 E/OMX-VDEC-1080P(  164):  OMX flush i/p Port complete PenBuf(0)
10-20 11:54:47.617 E/OMX-VDEC-1080P(  164): 
10-20 11:54:47.617 E/OMX-VDEC-1080P(  164):  Driver flush o/p Port complete
10-20 11:54:47.617 E/OMX-VDEC-1080P(  164): 
10-20 11:54:47.617 E/OMX-VDEC-1080P(  164):  OMX flush o/p Port complete PenBuf(0)
10-20 11:54:47.617 E/OMX-VDEC-1080P(  164): 
10-20 11:54:47.617 E/OMX-VDEC-1080P(  164):  Rxd OMX_COMPONENT_GENERATE_STOP_DONE
10-20 11:54:47.617 E/OMX-VDEC-1080P(  164): 
10-20 11:54:47.617 E/OMX-VDEC-1080P(  164):  send_command_proxy(): Current State 2, Expected State 1
10-20 11:54:47.617 E/OMX-VDEC-1080P(  164): 
10-20 11:54:47.617 E/OMX-VDEC-1080P(  164):  send_command_proxy(): OMX_CommandStateSet issued
10-20 11:54:47.617 E/OMX-VDEC-1080P(  164): 
10-20 11:54:47.617 E/OMX-VDEC-1080P(  164):  Current State 2, Expected State 1
10-20 11:54:47.617 E/OMX-VDEC-1080P(  164): ION: free: handle(0xEC4564C0), len(2097152), fd(0x36)
10-20 11:54:47.617 I/OMXNodeInstance(  164): OMX_FreeBuffer for buffer header 0x413a0da8 successful
10-20 11:54:47.617 E/OMX-VDEC-1080P(  164): ION: free: handle(0xEC456540), len(2097152), fd(0x34)
10-20 11:54:47.617 E/OMX-VDEC-1080P(  164): 
10-20 11:54:47.617 E/OMX-VDEC-1080P(  164):  ALL input buffers are freed/released
10-20 11:54:47.617 I/OMXNodeInstance(  164): OMX_FreeBuffer for buffer header 0x413a0d58 successful
10-20 11:54:47.617 E/OMX-VDEC-1080P(  164): ION: free: handle(0xE9642480), len(802816), fd(0x39)
10-20 11:54:47.617 I/OMXNodeInstance(  164): OMX_FreeBuffer for buffer header 0x413870c8 successful
10-20 11:54:47.617 I/OMXNodeInstance(  164): OMX_FreeBuffer for buffer header 0x41387078 successful
10-20 11:54:47.617 I/OMXNodeInstance(  164): OMX_FreeBuffer for buffer header 0x41387028 successful
10-20 11:54:47.617 I/OMXNodeInstance(  164): OMX_FreeBuffer for buffer header 0x41386fd8 successful
10-20 11:54:47.617 I/OMXNodeInstance(  164): OMX_FreeBuffer for buffer header 0x41386f88 successful
10-20 11:54:47.617 I/OMXNodeInstance(  164): OMX_FreeBuffer for buffer header 0x41386f38 successful
10-20 11:54:47.617 E/OMX-VDEC-1080P(  164): 
10-20 11:54:47.617 E/OMX-VDEC-1080P(  164):  ALL output buffers are freed/released
10-20 11:54:47.617 I/OMXNodeInstance(  164): OMX_FreeBuffer for buffer header 0x41386ee8 successful
10-20 11:54:47.617 E/OMX-VDEC-1080P(  164): 
10-20 11:54:47.617 E/OMX-VDEC-1080P(  164):  OMX_CommandStateSet complete, m_state = 1
10-20 11:54:47.617 E/OMX-VDEC-1080P(  164): 
10-20 11:54:47.617 E/OMX-VDEC-1080P(  164):  Playback Ended - PASSED
10-20 11:54:47.617 E/OMX-VDEC-1080P(  164): 
10-20 11:54:47.617 E/OMX-VDEC-1080P(  164):  ALL output buffers are freed/released
10-20 11:54:47.617 E/OMX-VDEC-1080P(  164): Calling VDEC_IOCTL_STOP_NEXT_MSG
10-20 11:54:47.617 E/OMX-VDEC-1080P(  164): 
10-20 11:54:47.617 E/OMX-VDEC-1080P(  164):  omx_vdec::component_deinit() complete
10-20 11:54:47.617 E/OMX-VDEC-1080P(  164): In OMX vdec Destructor
10-20 11:54:47.617 E/OMX-VDEC-1080P(  164): Waiting on OMX Msg Thread exit
10-20 11:54:47.617 E/OMX-VDEC-1080P(  164): 
10-20 11:54:47.617 E/OMX-VDEC-1080P(  164):  Error in ioctl read next msg
10-20 11:54:47.617 E/OMX-VDEC-1080P(  164): omx_vdec: Async thread stop
10-20 11:54:47.617 E/OMX-VDEC-1080P(  164): omx_vdec: message thread stop
10-20 11:54:47.617 E/OMX-VDEC-1080P(  164): Waiting on OMX Async Thread exit
10-20 11:54:47.617 E/OMX-VDEC-1080P(  164): Calling close() on Video Driver
10-20 11:54:47.637 E/OMX-VDEC-1080P(  164): Exit OMX vdec Destructor
10-20 11:54:47.637 E/        (  164): 
10-20 11:54:47.637 E/        (  164):  Destroy C2D instance
10-20 11:54:47.637 E/        (  164): 
10-20 11:54:47.637 E/        (  164):  Destroy C2D instance
10-20 11:54:47.647 I/aMPdroid(15097): Start streaming task
10-20 11:54:47.647 I/aMPdroid(15097): Downloading overlay for position 560
10-20 11:54:47.647 D/aMPdroid(15097): Called url http://192.168.77.21:4322/MPExtended/StreamingService/stream/ExtractImageResized?provider=6&type=3&itemId=84947_3x1&position=560&maxWidth=598&maxHeight=334
10-20 11:54:47.647 I/aMPdroid(15097): Starting Media Stream (type:TVEpisode, pos: 560, profile: Android FFmpeg HQ, audio: -1, sub: -2)
10-20 11:54:47.647 D/aMPdroid(15097): Called url http://192.168.77.21:4322/MPExtended/StreamingService/json/StartStreamWithStreamSelection?startPosition=560&profileName=Android+FFmpeg+HQ&identifier=aMPdroid.1496016683.ts&audioId=-1&subtitleId=-2
10-20 11:54:48.918 D/overlay (  161): Unset pipe=VG1 dpy=0; Unset pipe=RGB1 dpy=0; 
10-20 11:54:48.978 I/aMPdroid(15097): New Streaming url: http://192.168.77.21:4322/MPExtended/StreamingService/stream/RetrieveStream?identifier=aMPdroid.1496016683.ts
10-20 11:54:48.978 D/aMPdroid_VIDEO(15097): Setting up MediaPlayer
10-20 11:54:48.978 I/AwesomePlayer(  164): setDataSource_l(URL suppressed)
10-20 11:54:48.978 D/aMPdroid_VIDEO(15097): MediaPlayer ready for playback
10-20 11:54:48.978 D/aMPdroid(15097): realheight playVideo: 718
10-20 11:54:48.978 I/aMPdroid(15097): Finish StartStream AsyncTask
10-20 11:54:49.008 D/overlay (  161): Set pipe=RGB1 dpy=0; Set pipe=VG1 dpy=0; 
10-20 11:54:50.590 I/dalvikvm(11574): Total arena pages for JIT: 18
10-20 11:54:50.610 D/alsa_ucm(  164): snd_use_case_set(): uc_mgr 0x4009b388 identifier _verb value Inactive
10-20 11:54:50.610 D/alsa_ucm(  164): Set mixer controls for HiFi Lowlatency enable 0
10-20 11:54:50.610 D/alsa_ucm(  164): snd_use_case_set(): uc_mgr 0x4009b388 identifier _disdev value DMIC Endfire
10-20 11:54:50.610 D/alsa_ucm(  164): disdev: device DMIC Endfire not enabled, no need to disable
10-20 11:54:50.610 D/alsa_ucm(  164): snd_use_case_set(): uc_mgr 0x4009b388 identifier _disdev value Speaker
10-20 11:54:50.610 D/alsa_ucm(  164): Set mixer controls for Speaker enable 0
10-20 11:54:50.660 I/GCoreUlr( 1040): Successfully inserted location
10-20 11:54:50.670 I/GCoreUlr( 1040): Not calling LocationReportingService, hasMoved: false, elapsed millis: 546707, request: Phone
10-20 11:54:50.670 D/aMPdroid(15097): Set overlay image to bitmap
10-20 11:54:54.674 D/dalvikvm(11058): GC_CONCURRENT freed 1943K, 76% free 2642K/10880K, paused 1ms+1ms, total 18ms
10-20 11:54:57.778 D/dalvikvm( 2971): GC_CONCURRENT freed 2034K, 69% free 3443K/10880K, paused 3ms+3ms, total 27ms
10-20 11:54:57.968 I/Elixir2-Widgets( 5067): Updating widgets: [APPWIDGET:8], all: true, updateLevel: 10
10-20 11:54:58.248 D/Elixir2-Widgets( 5067): WIDGET[APPWIDGET:8, 4x3]: updated in 278 ms
10-20 11:54:58.278 D/Elixir2-Widgets( 5067): Refresh 59699 ms later, refreshNeeded: false
10-20 11:54:58.288 I/avc_utils(  164): found AVC codec config (800 x 448, Baseline-profile level 3.0)
10-20 11:54:58.318 I/ESQueue (  164): found AAC codec config (48000 Hz, 2 channels)
10-20 11:54:58.318 I/MPEG2TSExtractor(  164): haveAudio=1, haveVideo=1
10-20 11:54:58.318 E/OMX-VDEC-1080P(  164): In OMX vdec Constructor
10-20 11:54:58.318 E/OMX-VDEC-1080P(  164): vidc.dec.debug.ts value is 0
10-20 11:54:58.318 E/OMX-VDEC-1080P(  164): vidc.dec.debug.concealedmb value is 0
10-20 11:54:58.318 E/OMX-VDEC-1080P(  164): vidc.dec.debug.extradata value is 0
10-20 11:54:58.318 E/OMX-VDEC-1080P(  164): 
10-20 11:54:58.318 E/OMX-VDEC-1080P(  164):  omx_vdec::component_init(): Start of New Playback : role  = OMX.qcom.video.decoder.avc : DEVICE = /dev/msm_vidc_dec
10-20 11:54:58.348 E/OMX-VDEC-1080P(  164): 
10-20 11:54:58.348 E/OMX-VDEC-1080P(  164):  omx_vdec::component_init(): Open returned fd 42, errno 22
10-20 11:54:58.348 E/OMX-VDEC-1080P(  164): omx_vdec: message thread start
10-20 11:54:58.348 E/OMX-VDEC-1080P(  164): omx_vdec: Async thread start
10-20 11:54:58.348 E/OMX-VDEC-1080P(  164): 
10-20 11:54:58.348 E/OMX-VDEC-1080P(  164):  omx_vdec::component_init() success
10-20 11:54:58.348 I/OMXCodec(  164): [OMX.qcom.video.decoder.avc] AVC profile = 66 (Baseline), level = 30
10-20 11:54:58.348 E/OMX-VDEC-1080P(  164): Get_parameter: OMX_IndexParamVideoPortFormat: nPortIndex (0), nIndex (0), eCompressionFormat (0x7), eColorFormat (0x0), xFramerate (0x4)
10-20 11:54:58.348 E/OMX-VDEC-1080P(  164): Set_parameter: OMX_IndexParamVideoPortFormat: nPortIndex (0), nIndex (0), eCompressionFormat (0x7), eColorFormat (0x0), xFramerate (0x4)
10-20 11:54:58.348 E/OMX-VDEC-1080P(  164): Get_parameter: OMX_IndexParamVideoPortFormat: nPortIndex (1), nIndex (0), eCompressionFormat (0x0), eColorFormat (0x7fa30c03), xFramerate (0x4003e700)
10-20 11:54:58.348 E/OMX-VDEC-1080P(  164): Set_parameter: OMX_IndexParamVideoPortFormat: nPortIndex (1), nIndex (0), eCompressionFormat (0x0), eColorFormat (0x7fa30c03), xFramerate (0x4003e700)
10-20 11:54:58.348 E/OMX-VDEC-1080P(  164): Get_parameter: OMX_IndexParamPortDefinition: nPortIndex (0), nFrameWidth (1920), nFrameHeight (1088), nStride (1920), nSliceHeight (1088), nBitrate (4), xFramerate (0x1e), nBufferSize (2097088), nBufferCountMin (1), nBufferCountActual (2), bBuffersContiguous (1118924048), nBufferAlignment (-1265270272), bEnabled (1), bPopulated (0), eCompressionFormat (0x7), eColorFormat (0x0)
10-20 11:54:58.348 E/OMX-VDEC-1080P(  164): Set_parameter: OMX_IndexParamPortDefinition: nPortIndex (0), nFrameWidth (800), nFrameHeight (448), nStride (1920), nSliceHeight (1088), nBitrate (4), xFramerate (0x1e), nBufferSize (2097088), nBufferCountMin (1), nBufferCountActual (2), bBuffersContiguous (1118924048), nBufferAlignment (-1265270272), bEnabled (1), bPopulated (0), eCompressionFormat (0x7), eColorFormat (0x0)
10-20 11:54:58.348 E/OMX-VDEC-1080P(  164): 
10-20 11:54:58.348 E/OMX-VDEC-1080P(  164):  No color conversion required
10-20 11:54:58.348 E/OMX-VDEC-1080P(  164): Get_parameter: OMX_IndexParamPortDefinition: nPortIndex (1), nFrameWidth (800), nFrameHeight (448), nStride (896), nSliceHeight (448), nBitrate (4), xFramerate (0x1e), nBufferSize (606208), nBufferCountMin (18), nBufferCountActual (22), bBuffersContiguous (1118924048), nBufferAlignment (-1265270272), bEnabled (1), bPopulated (0), eCompressionFormat (0x0), eColorFormat (0x7fa30c03)
10-20 11:54:58.348 E/OMX-VDEC-1080P(  164): 
10-20 11:54:58.348 E/OMX-VDEC-1080P(  164):  No color conversion required
10-20 11:54:58.348 E/OMX-VDEC-1080P(  164): Set_parameter: OMX_IndexParamPortDefinition: nPortIndex (1), nFrameWidth (800), nFrameHeight (448), nStride (896), nSliceHeight (448), nBitrate (4), xFramerate (0x1e), nBufferSize (606208), nBufferCountMin (18), nBufferCountActual (22), bBuffersContiguous (1118924048), nBufferAlignment (-1265270272), bEnabled (1), bPopulated (0), eCompressionFormat (0x0), eColorFormat (0x7fa30c03)
10-20 11:54:58.348 E/OMX-VDEC-1080P(  164): 
10-20 11:54:58.348 E/OMX-VDEC-1080P(  164):  No color conversion required
10-20 11:54:58.348 E/OMX-VDEC-1080P(  164): Get_parameter: OMX_IndexParamPortDefinition: nPortIndex (1), nFrameWidth (800), nFrameHeight (448), nStride (896), nSliceHeight (448), nBitrate (0), xFramerate (0x1e), nBufferSize (606208), nBufferCountMin (18), nBufferCountActual (22), bBuffersContiguous (1118923948), nBufferAlignment (1074009104), bEnabled (1), bPopulated (0), eCompressionFormat (0x0), eColorFormat (0x7fa30c03)
10-20 11:54:58.348 E/OMX-VDEC-1080P(  164): get_config: unknown param 117440527
10-20 11:54:58.348 I/OMXCodec(  164): [OMX.qcom.video.decoder.avc] video dimensions are 800 x 448
10-20 11:54:58.348 E/OMX-VDEC-1080P(  164): 
10-20 11:54:58.348 E/OMX-VDEC-1080P(  164):  send_command_proxy(): Current State 1, Expected State 2
10-20 11:54:58.348 E/OMX-VDEC-1080P(  164): 
10-20 11:54:58.348 E/OMX-VDEC-1080P(  164):  send_command_proxy(): OMX_CommandStateSet issued
10-20 11:54:58.348 E/OMX-VDEC-1080P(  164): 
10-20 11:54:58.348 E/OMX-VDEC-1080P(  164):  Current State 1, Expected State 2
10-20 11:54:58.348 E/OMX-VDEC-1080P(  164): Get_parameter: OMX_IndexParamPortDefinition: nPortIndex (0), nFrameWidth (800), nFrameHeight (448), nStride (896), nSliceHeight (448), nBitrate (1094590472), xFramerate (0x1e), nBufferSize (2097088), nBufferCountMin (1), nBufferCountActual (2), bBuffersContiguous (0), nBufferAlignment (0), bEnabled (1), bPopulated (0), eCompressionFormat (0x7), eColorFormat (0x0)
10-20 11:54:58.348 E/OMX-VDEC-1080P(  164): 
10-20 11:54:58.348 E/OMX-VDEC-1080P(  164):  Allocate i/p buffer Header: Cnt(2) Sz(2097152)
10-20 11:54:58.348 E/OMX-VDEC-1080P(  164): ION: alloc_data: handle(0xE7569C00), len(2097152), align(8192), flags(0x2000100), fd_data: handle(0xe7569c00), fd(0x34)
10-20 11:54:58.348 E/OMX-VDEC-1080P(  164): ION: alloc_data: handle(0xEAB1DE40), len(2097152), align(8192), flags(0x2000100), fd_data: handle(0xeab1de40), fd(0x36)
10-20 11:54:58.348 E/OMX-VDEC-1080P(  164): Allocate done for all i/p buffers
10-20 11:54:58.348 E/OMX-VDEC-1080P(  164): 
10-20 11:54:58.348 E/OMX-VDEC-1080P(  164):  No color conversion required
10-20 11:54:58.348 E/OMX-VDEC-1080P(  164): Get_parameter: OMX_IndexParamPortDefinition: nPortIndex (1), nFrameWidth (800), nFrameHeight (448), nStride (896), nSliceHeight (448), nBitrate (1), xFramerate (0x1e), nBufferSize (606208), nBufferCountMin (18), nBufferCountActual (22), bBuffersContiguous (1118924032), nBufferAlignment (1075372561), bEnabled (1), bPopulated (0), eCompressionFormat (0x0), eColorFormat (0x7fa30c03)
10-20 11:54:58.348 E/OMX-VDEC-1080P(  164): 
10-20 11:54:58.348 E/OMX-VDEC-1080P(  164):  No color conversion required
10-20 11:54:58.348 E/OMX-VDEC-1080P(  164): Get_parameter: OMX_IndexParamPortDefinition: nPortIndex (1), nFrameWidth (800), nFrameHeight (448), nStride (896), nSliceHeight (448), nBitrate (0), xFramerate (0x1e), nBufferSize (606208), nBufferCountMin (18), nBufferCountActual (22), bBuffersContiguous (1076055960), nBufferAlignment (1094958667), bEnabled (1), bPopulated (0), eCompressionFormat (0x0), eColorFormat (0x7fa30c03)
10-20 11:54:58.348 E/OMX-VDEC-1080P(  164): Use_op_buf:Allocating output headers
10-20 11:54:58.348 E/OMX-VDEC-1080P(  164): 
10-20 11:54:58.348 E/OMX-VDEC-1080P(  164):  Use o/p buffer case - Header List allocation
10-20 11:54:58.348 E/OMX-VDEC-1080P(  164): GET_MV_BUFFER_SIZE returned: Size: 114688 and alignment: 8192
10-20 11:54:58.348 E/OMX-VDEC-1080P(  164): ION: alloc_data: handle(0xEAB1D1C0), len(2523136), align(8192), flags(0x2000100), fd_data: handle(0xeab1d1c0), fd(0x39)
10-20 11:54:58.348 E/OMX-VDEC-1080P(  164): 
10-20 11:54:58.348 E/OMX-VDEC-1080P(  164):  Set the Output Buffer Idx: 0 Addr: 4285a000, pmem_fd=940003a
10-20 11:54:58.348 E/OMX-VDEC-1080P(  164): Allocate done for all i/p buffers
10-20 11:54:58.358 E/OMX-VDEC-1080P(  164): 
10-20 11:54:58.358 E/OMX-VDEC-1080P(  164):  No color conversion required
10-20 11:54:58.358 E/OMX-VDEC-1080P(  164): Get_parameter: OMX_IndexParamPortDefinition: nPortIndex (1), nFrameWidth (800), nFrameHeight (448), nStride (896), nSliceHeight (448), nBitrate (0), xFramerate (0x1e), nBufferSize (606208), nBufferCountMin (18), nBufferCountActual (22), bBuffersContiguous (1076055960), nBufferAlignment (1094958667), bEnabled (1), bPopulated (0), eCompressionFormat (0x0), eColorFormat (0x7fa30c03)
10-20 11:54:58.358 E/OMX-VDEC-1080P(  164): 
10-20 11:54:58.358 E/OMX-VDEC-1080P(  164):  Set the Output Buffer Idx: 1 Addr: 4370b000, pmem_fd=940003e
10-20 11:54:58.358 E/OMX-VDEC-1080P(  164): Allocate done for all i/p buffers
10-20 11:54:58.358 E/OMX-VDEC-1080P(  164): 
10-20 11:54:58.358 E/OMX-VDEC-1080P(  164):  No color conversion required
10-20 11:54:58.358 E/OMX-VDEC-1080P(  164): Get_parameter: OMX_IndexParamPortDefinition: nPortIndex (1), nFrameWidth (800), nFrameHeight (448), nStride (896), nSliceHeight (448), nBitrate (0), xFramerate (0x1e), nBufferSize (606208), nBufferCountMin (18), nBufferCountActual (22), bBuffersContiguous (1076055960), nBufferAlignment (1094958667), bEnabled (1), bPopulated (0), eCompressionFormat (0x0), eColorFormat (0x7fa30c03)
10-20 11:54:58.358 E/OMX-VDEC-1080P(  164): 
10-20 11:54:58.358 E/OMX-VDEC-1080P(  164):  Set the Output Buffer Idx: 2 Addr: 43e84000, pmem_fd=9400040
10-20 11:54:58.358 E/OMX-VDEC-1080P(  164): Allocate done for all i/p buffers
10-20 11:54:58.358 E/OMX-VDEC-1080P(  164): 
10-20 11:54:58.358 E/OMX-VDEC-1080P(  164):  No color conversion required
10-20 11:54:58.358 E/OMX-VDEC-1080P(  164): Get_parameter: OMX_IndexParamPortDefinition: nPortIndex (1), nFrameWidth (800), nFrameHeight (448), nStride (896), nSliceHeight (448), nBitrate (0), xFramerate (0x1e), nBufferSize (606208), nBufferCountMin (18), nBufferCountActual (22), bBuffersContiguous (1076055960), nBufferAlignment (1094958667), bEnabled (1), bPopulated (0), eCompressionFormat (0x0), eColorFormat (0x7fa30c03)
10-20 11:54:58.358 E/OMX-VDEC-1080P(  164): 
10-20 11:54:58.358 E/OMX-VDEC-1080P(  164):  Set the Output Buffer Idx: 3 Addr: 4490e000, pmem_fd=9400042
10-20 11:54:58.358 E/OMX-VDEC-1080P(  164): Allocate done for all i/p buffers
10-20 11:54:58.368 E/OMX-VDEC-1080P(  164): 
10-20 11:54:58.368 E/OMX-VDEC-1080P(  164):  No color conversion required
10-20 11:54:58.368 E/OMX-VDEC-1080P(  164): Get_parameter: OMX_IndexParamPortDefinition: nPortIndex (1), nFrameWidth (800), nFrameHeight (448), nStride (896), nSliceHeight (448), nBitrate (0), xFramerate (0x1e), nBufferSize (606208), nBufferCountMin (18), nBufferCountActual (22), bBuffersContiguous (1076055960), nBufferAlignment (1094958667), bEnabled (1), bPopulated (0), eCompressionFormat (0x0), eColorFormat (0x7fa30c03)
10-20 11:54:58.368 E/OMX-VDEC-1080P(  164): 
10-20 11:54:58.368 E/OMX-VDEC-1080P(  164):  Set the Output Buffer Idx: 4 Addr: 44b5e000, pmem_fd=9400044
10-20 11:54:58.368 E/OMX-VDEC-1080P(  164): Allocate done for all i/p buffers
10-20 11:54:58.368 E/OMX-VDEC-1080P(  164): 
10-20 11:54:58.368 E/OMX-VDEC-1080P(  164):  No color conversion required
10-20 11:54:58.368 E/OMX-VDEC-1080P(  164): Get_parameter: OMX_IndexParamPortDefinition: nPortIndex (1), nFrameWidth (800), nFrameHeight (448), nStride (896), nSliceHeight (448), nBitrate (0), xFramerate (0x1e), nBufferSize (606208), nBufferCountMin (18), nBufferCountActual (22), bBuffersContiguous (1076055960), nBufferAlignment (1094958667), bEnabled (1), bPopulated (0), eCompressionFormat (0x0), eColorFormat (0x7fa30c03)
10-20 11:54:58.368 E/OMX-VDEC-1080P(  164): 
10-20 11:54:58.368 E/OMX-VDEC-1080P(  164):  Set the Output Buffer Idx: 5 Addr: 44d97000, pmem_fd=9400046
10-20 11:54:58.368 E/OMX-VDEC-1080P(  164): Allocate done for all i/p buffers
10-20 11:54:58.368 E/OMX-VDEC-1080P(  164): 
10-20 11:54:58.368 E/OMX-VDEC-1080P(  164):  No color conversion required
10-20 11:54:58.368 E/OMX-VDEC-1080P(  164): Get_parameter: OMX_IndexParamPortDefinition: nPortIndex (1), nFrameWidth (800), nFrameHeight (448), nStride (896), nSliceHeight (448), nBitrate (0), xFramerate (0x1e), nBufferSize (606208), nBufferCountMin (18), nBufferCountActual (22), bBuffersContiguous (1076055960), nBufferAlignment (1094958667), bEnabled (1), bPopulated (0), eCompressionFormat (0x0), eColorFormat (0x7fa30c03)
10-20 11:54:58.378 E/OMX-VDEC-1080P(  164): 
10-20 11:54:58.378 E/OMX-VDEC-1080P(  164):  Set the Output Buffer Idx: 6 Addr: 450a9000, pmem_fd=9400048
10-20 11:54:58.378 E/OMX-VDEC-1080P(  164): Allocate done for all i/p buffers
10-20 11:54:58.378 E/OMX-VDEC-1080P(  164): 
10-20 11:54:58.378 E/OMX-VDEC-1080P(  164):  No color conversion required
10-20 11:54:58.378 E/OMX-VDEC-1080P(  164): Get_parameter: OMX_IndexParamPortDefinition: nPortIndex (1), nFrameWidth (800), nFrameHeight (448), nStride (896), nSliceHeight (448), nBitrate (0), xFramerate (0x1e), nBufferSize (606208), nBufferCountMin (18), nBufferCountActual (22), bBuffersContiguous (1076055960), nBufferAlignment (1094958667), bEnabled (1), bPopulated (0), eCompressionFormat (0x0), eColorFormat (0x7fa30c03)
10-20 11:54:58.378 E/OMX-VDEC-1080P(  164): 
10-20 11:54:58.378 E/OMX-VDEC-1080P(  164):  Set the Output Buffer Idx: 7 Addr: 45339000, pmem_fd=940004a
10-20 11:54:58.378 E/OMX-VDEC-1080P(  164): Allocate done for all i/p buffers
10-20 11:54:58.378 E/OMX-VDEC-1080P(  164): 
10-20 11:54:58.378 E/OMX-VDEC-1080P(  164):  No color conversion required
10-20 11:54:58.378 E/OMX-VDEC-1080P(  164): Get_parameter: OMX_IndexParamPortDefinition: nPortIndex (1), nFrameWidth (800), nFrameHeight (448), nStride (896), nSliceHeight (448), nBitrate (0), xFramerate (0x1e), nBufferSize (606208), nBufferCountMin (18), nBufferCountActual (22), bBuffersContiguous (1076055960), nBufferAlignment (1094958667), bEnabled (1), bPopulated (0), eCompressionFormat (0x0), eColorFormat (0x7fa30c03)
10-20 11:54:58.378 E/OMX-VDEC-1080P(  164): 
10-20 11:54:58.378 E/OMX-VDEC-1080P(  164):  Set the Output Buffer Idx: 8 Addr: 455e2000, pmem_fd=940004c
10-20 11:54:58.378 E/OMX-VDEC-1080P(  164): Allocate done for all i/p buffers
10-20 11:54:58.378 E/OMX-VDEC-1080P(  164): 
10-20 11:54:58.378 E/OMX-VDEC-1080P(  164):  No color conversion required
10-20 11:54:58.378 E/OMX-VDEC-1080P(  164): Get_parameter: OMX_IndexParamPortDefinition: nPortIndex (1), nFrameWidth (800), nFrameHeight (448), nStride (896), nSliceHeight (448), nBitrate (0), xFramerate (0x1e), nBufferSize (606208), nBufferCountMin (18), nBufferCountActual (22), bBuffersContiguous (1076055960), nBufferAlignment (1094958667), bEnabled (1), bPopulated (0), eCompressionFormat (0x0), eColorFormat (0x7fa30c03)
10-20 11:54:58.388 E/OMX-VDEC-1080P(  164): 
10-20 11:54:58.388 E/OMX-VDEC-1080P(  164):  Set the Output Buffer Idx: 9 Addr: 45af6000, pmem_fd=940004e
10-20 11:54:58.388 E/OMX-VDEC-1080P(  164): Allocate done for all i/p buffers
10-20 11:54:58.388 E/OMX-VDEC-1080P(  164): 
10-20 11:54:58.388 E/OMX-VDEC-1080P(  164):  No color conversion required
10-20 11:54:58.388 E/OMX-VDEC-1080P(  164): Get_parameter: OMX_IndexParamPortDefinition: nPortIndex (1), nFrameWidth (800), nFrameHeight (448), nStride (896), nSliceHeight (448), nBitrate (0), xFramerate (0x1e), nBufferSize (606208), nBufferCountMin (18), nBufferCountActual (22), bBuffersContiguous (1076055960), nBufferAlignment (1094958667), bEnabled (1), bPopulated (0), eCompressionFormat (0x0), eColorFormat (0x7fa30c03)
10-20 11:54:58.388 E/OMX-VDEC-1080P(  164): 
10-20 11:54:58.388 E/OMX-VDEC-1080P(  164):  Set the Output Buffer Idx: 10 Addr: 45dab000, pmem_fd=9400050
10-20 11:54:58.388 E/OMX-VDEC-1080P(  164): Allocate done for all i/p buffers
10-20 11:54:58.388 E/OMX-VDEC-1080P(  164): 
10-20 11:54:58.388 E/OMX-VDEC-1080P(  164):  No color conversion required
10-20 11:54:58.388 E/OMX-VDEC-1080P(  164): Get_parameter: OMX_IndexParamPortDefinition: nPortIndex (1), nFrameWidth (800), nFrameHeight (448), nStride (896), nSliceHeight (448), nBitrate (0), xFramerate (0x1e), nBufferSize (606208), nBufferCountMin (18), nBufferCountActual (22), bBuffersContiguous (1076055960), nBufferAlignment (1094958667), bEnabled (1), bPopulated (0), eCompressionFormat (0x0), eColorFormat (0x7fa30c03)
10-20 11:54:58.388 E/OMX-VDEC-1080P(  164): 
10-20 11:54:58.388 E/OMX-VDEC-1080P(  164):  Set the Output Buffer Idx: 11 Addr: 46070000, pmem_fd=9400052
10-20 11:54:58.388 E/OMX-VDEC-1080P(  164): Allocate done for all i/p buffers
10-20 11:54:58.388 E/OMX-VDEC-1080P(  164): 
10-20 11:54:58.388 E/OMX-VDEC-1080P(  164):  No color conversion required
10-20 11:54:58.398 E/OMX-VDEC-1080P(  164): Get_parameter: OMX_IndexParamPortDefinition: nPortIndex (1), nFrameWidth (800), nFrameHeight (448), nStride (896), nSliceHeight (448), nBitrate (0), xFramerate (0x1e), nBufferSize (606208), nBufferCountMin (18), nBufferCountActual (22), bBuffersContiguous (1076055960), nBufferAlignment (1094958667), bEnabled (1), bPopulated (0), eCompressionFormat (0x0), eColorFormat (0x7fa30c03)
10-20 11:54:58.398 E/OMX-VDEC-1080P(  164): 
10-20 11:54:58.398 E/OMX-VDEC-1080P(  164):  Set the Output Buffer Idx: 12 Addr: 46365000, pmem_fd=9400054
10-20 11:54:58.398 E/OMX-VDEC-1080P(  164): Allocate done for all i/p buffers
10-20 11:54:58.398 E/OMX-VDEC-1080P(  164): 
10-20 11:54:58.398 E/OMX-VDEC-1080P(  164):  No color conversion required
10-20 11:54:58.398 E/OMX-VDEC-1080P(  164): Get_parameter: OMX_IndexParamPortDefinition: nPortIndex (1), nFrameWidth (800), nFrameHeight (448), nStride (896), nSliceHeight (448), nBitrate (0), xFramerate (0x1e), nBufferSize (606208), nBufferCountMin (18), nBufferCountActual (22), bBuffersContiguous (1076055960), nBufferAlignment (1094958667), bEnabled (1), bPopulated (0), eCompressionFormat (0x0), eColorFormat (0x7fa30c03)
10-20 11:54:58.398 E/OMX-VDEC-1080P(  164): 
10-20 11:54:58.398 E/OMX-VDEC-1080P(  164):  Set the Output Buffer Idx: 13 Addr: 4673d000, pmem_fd=9400056
10-20 11:54:58.398 E/OMX-VDEC-1080P(  164): Allocate done for all i/p buffers
10-20 11:54:58.398 E/OMX-VDEC-1080P(  164): 
10-20 11:54:58.398 E/OMX-VDEC-1080P(  164):  No color conversion required
10-20 11:54:58.398 E/OMX-VDEC-1080P(  164): Get_parameter: OMX_IndexParamPortDefinition: nPortIndex (1), nFrameWidth (800), nFrameHeight (448), nStride (896), nSliceHeight (448), nBitrate (0), xFramerate (0x1e), nBufferSize (606208), nBufferCountMin (18), nBufferCountActual (22), bBuffersContiguous (1076055960), nBufferAlignment (1094958667), bEnabled (1), bPopulated (0), eCompressionFormat (0x0), eColorFormat (0x7fa30c03)
10-20 11:54:58.398 E/OMX-VDEC-1080P(  164): 
10-20 11:54:58.398 E/OMX-VDEC-1080P(  164):  Set the Output Buffer Idx: 14 Addr: 46aa8000, pmem_fd=9400058
10-20 11:54:58.398 E/OMX-VDEC-1080P(  164): Allocate done for all i/p buffers
10-20 11:54:58.398 E/OMX-VDEC-1080P(  164): 
10-20 11:54:58.398 E/OMX-VDEC-1080P(  164):  No color conversion required
10-20 11:54:58.398 E/OMX-VDEC-1080P(  164): Get_parameter: OMX_IndexParamPortDefinition: nPortIndex (1), nFrameWidth (800), nFrameHeight (448), nStride (896), nSliceHeight (448), nBitrate (0), xFramerate (0x1e), nBufferSize (606208), nBufferCountMin (18), nBufferCountActual (22), bBuffersContiguous (1076055960), nBufferAlignment (1094958667), bEnabled (1), bPopulated (0), eCompressionFormat (0x0), eColorFormat (0x7fa30c03)
10-20 11:54:58.398 E/OMX-VDEC-1080P(  164): 
10-20 11:54:58.398 E/OMX-VDEC-1080P(  164):  Set the Output Buffer Idx: 15 Addr: 47368000, pmem_fd=940005a
10-20 11:54:58.398 E/OMX-VDEC-1080P(  164): Allocate done for all i/p buffers
10-20 11:54:58.408 E/OMX-VDEC-1080P(  164): 
10-20 11:54:58.408 E/OMX-VDEC-1080P(  164):  No color conversion required
10-20 11:54:58.408 E/OMX-VDEC-1080P(  164): Get_parameter: OMX_IndexParamPortDefinition: nPortIndex (1), nFrameWidth (800), nFrameHeight (448), nStride (896), nSliceHeight (448), nBitrate (0), xFramerate (0x1e), nBufferSize (606208), nBufferCountMin (18), nBufferCountActual (22), bBuffersContiguous (1076055960), nBufferAlignment (1094958667), bEnabled (1), bPopulated (0), eCompressionFormat (0x0), eColorFormat (0x7fa30c03)
10-20 11:54:58.408 E/OMX-VDEC-1080P(  164): 
10-20 11:54:58.408 E/OMX-VDEC-1080P(  164):  Set the Output Buffer Idx: 16 Addr: 475c4000, pmem_fd=940005c
10-20 11:54:58.408 E/OMX-VDEC-1080P(  164): Allocate done for all i/p buffers
10-20 11:54:58.408 E/OMX-VDEC-1080P(  164): 
10-20 11:54:58.408 E/OMX-VDEC-1080P(  164):  No color conversion required
10-20 11:54:58.408 E/OMX-VDEC-1080P(  164): Get_parameter: OMX_IndexParamPortDefinition: nPortIndex (1), nFrameWidth (800), nFrameHeight (448), nStride (896), nSliceHeight (448), nBitrate (0), xFramerate (0x1e), nBufferSize (606208), nBufferCountMin (18), nBufferCountActual (22), bBuffersContiguous (1076055960), nBufferAlignment (1094958667), bEnabled (1), bPopulated (0), eCompressionFormat (0x0), eColorFormat (0x7fa30c03)
10-20 11:54:58.408 E/OMX-VDEC-1080P(  164): 
10-20 11:54:58.408 E/OMX-VDEC-1080P(  164):  Set the Output Buffer Idx: 17 Addr: 47810000, pmem_fd=940005e
10-20 11:54:58.408 E/OMX-VDEC-1080P(  164): Allocate done for all i/p buffers
10-20 11:54:58.408 E/OMX-VDEC-1080P(  164): 
10-20 11:54:58.408 E/OMX-VDEC-1080P(  164):  No color conversion required
10-20 11:54:58.408 E/OMX-VDEC-1080P(  164): Get_parameter: OMX_IndexParamPortDefinition: nPortIndex (1), nFrameWidth (800), nFrameHeight (448), nStride (896), nSliceHeight (448), nBitrate (0), xFramerate (0x1e), nBufferSize (606208), nBufferCountMin (18), nBufferCountActual (22), bBuffersContiguous (1076055960), nBufferAlignment (1094958667), bEnabled (1), bPopulated (0), eCompressionFormat (0x0), eColorFormat (0x7fa30c03)
10-20 11:54:58.408 E/OMX-VDEC-1080P(  164): 
10-20 11:54:58.408 E/OMX-VDEC-1080P(  164):  Set the Output Buffer Idx: 18 Addr: 47aa2000, pmem_fd=9400060
10-20 11:54:58.408 E/OMX-VDEC-1080P(  164): Allocate done for all i/p buffers
10-20 11:54:58.408 E/OMX-VDEC-1080P(  164): 
10-20 11:54:58.408 E/OMX-VDEC-1080P(  164):  No color conversion required
10-20 11:54:58.408 E/OMX-VDEC-1080P(  164): Get_parameter: OMX_IndexParamPortDefinition: nPortIndex (1), nFrameWidth (800), nFrameHeight (448), nStride (896), nSliceHeight (448), nBitrate (0), xFramerate (0x1e), nBufferSize (606208), nBufferCountMin (18), nBufferCountActual (22), bBuffersContiguous (1076055960), nBufferAlignment (1094958667), bEnabled (1), bPopulated (0), eCompressionFormat (0x0), eColorFormat (0x7fa30c03)
10-20 11:54:58.408 E/OMX-VDEC-1080P(  164): 
10-20 11:54:58.408 E/OMX-VDEC-1080P(  164):  Set the Output Buffer Idx: 19 Addr: 47c71000, pmem_fd=9400062
10-20 11:54:58.408 E/OMX-VDEC-1080P(  164): Allocate done for all i/p buffers
10-20 11:54:58.418 E/OMX-VDEC-1080P(  164): 
10-20 11:54:58.418 E/OMX-VDEC-1080P(  164):  No color conversion required
10-20 11:54:58.418 E/OMX-VDEC-1080P(  164): Get_parameter: OMX_IndexParamPortDefinition: nPortIndex (1), nFrameWidth (800), nFrameHeight (448), nStride (896), nSliceHeight (448), nBitrate (0), xFramerate (0x1e), nBufferSize (606208), nBufferCountMin (18), nBufferCountActual (22), bBuffersContiguous (1076055960), nBufferAlignment (1094958667), bEnabled (1), bPopulated (0), eCompressionFormat (0x0), eColorFormat (0x7fa30c03)
10-20 11:54:58.418 E/OMX-VDEC-1080P(  164): 
10-20 11:54:58.418 E/OMX-VDEC-1080P(  164):  Set the Output Buffer Idx: 20 Addr: 47f00000, pmem_fd=9400064
10-20 11:54:58.418 E/OMX-VDEC-1080P(  164): Allocate done for all i/p buffers
10-20 11:54:58.418 E/OMX-VDEC-1080P(  164): 
10-20 11:54:58.418 E/OMX-VDEC-1080P(  164):  No color conversion required
10-20 11:54:58.418 E/OMX-VDEC-1080P(  164): Get_parameter: OMX_IndexParamPortDefinition: nPortIndex (1), nFrameWidth (800), nFrameHeight (448), nStride (896), nSliceHeight (448), nBitrate (0), xFramerate (0x1e), nBufferSize (606208), nBufferCountMin (18), nBufferCountActual (22), bBuffersContiguous (1076055960), nBufferAlignment (1094958667), bEnabled (1), bPopulated (0), eCompressionFormat (0x0), eColorFormat (0x7fa30c03)
10-20 11:54:58.418 E/OMX-VDEC-1080P(  164): 
10-20 11:54:58.418 E/OMX-VDEC-1080P(  164):  Set the Output Buffer Idx: 21 Addr: 48189000, pmem_fd=9400066
10-20 11:54:58.418 E/OMX-VDEC-1080P(  164): Allocate done for all i/p buffers
10-20 11:54:58.418 E/OMX-VDEC-1080P(  164): Allocate done for all o/p buffers
10-20 11:54:58.418 E/OMX-VDEC-1080P(  164): 
10-20 11:54:58.418 E/OMX-VDEC-1080P(  164):  OMX_CommandStateSet complete, m_state = 2
10-20 11:54:58.418 E/OMX-VDEC-1080P(  164): 
10-20 11:54:58.418 E/OMX-VDEC-1080P(  164):  send_command_proxy(): Current State 2, Expected State 3
10-20 11:54:58.418 E/OMX-VDEC-1080P(  164): 
10-20 11:54:58.418 E/OMX-VDEC-1080P(  164):  send_command_proxy(): OMX_CommandStateSet issued
10-20 11:54:58.418 E/OMX-VDEC-1080P(  164): 
10-20 11:54:58.418 E/OMX-VDEC-1080P(  164):  Current State 2, Expected State 3
10-20 11:54:58.559 E/OMX-VDEC-1080P(  164): 
10-20 11:54:58.559 E/OMX-VDEC-1080P(  164):  Rxd OMX_COMPONENT_GENERATE_START_DONE
10-20 11:54:58.849 D/dalvikvm( 1244): GC_CONCURRENT freed 1976K, 46% free 5978K/10884K, paused 26ms+14ms, total 96ms
10-20 11:54:59.039 D/overlay (  161): Unset pipe=VG1 dpy=0; Unset pipe=RGB1 dpy=0; 
10-20 11:54:59.570 V/aMPdroid_VIDEO(15097): onVideoSizeChanged called
10-20 11:54:59.570 D/aMPdroid_VIDEO(15097): Setting surface to 1196x669
10-20 11:54:59.570 D/aMPdroid_VIDEO(15097): onPrepared called
10-20 11:54:59.570 V/aMPdroid_VIDEO(15097): startVideoPlayback
10-20 11:54:59.570 D/aMPdroid(15097): Set overlay image to null
10-20 11:54:59.610 E/OMX-VDEC-1080P(  164): 
10-20 11:54:59.610 E/OMX-VDEC-1080P(  164):  Port settings changed
10-20 11:54:59.610 E/OMX-VDEC-1080P(  164): 
10-20 11:54:59.610 E/OMX-VDEC-1080P(  164):  Rxd OMX_COMPONENT_GENERATE_PORT_RECONFIG
10-20 11:54:59.610 E/OMX-VDEC-1080P(  164): 
10-20 11:54:59.610 E/OMX-VDEC-1080P(  164):  send_command_proxy(): Current State 3, Expected State 1
10-20 11:54:59.610 E/OMX-VDEC-1080P(  164): 
10-20 11:54:59.610 E/OMX-VDEC-1080P(  164):  send_command_proxy(): OMX_CommandPortDisable issuedwith param1: 1
10-20 11:54:59.610 E/OMX-VDEC-1080P(  164): ION: free: handle(0xEAB1D1C0), len(2523136), fd(0x39)
10-20 11:54:59.610 I/OMXNodeInstance(  164): OMX_FreeBuffer for buffer header 0x41e2bcc0 successful
10-20 11:54:59.610 I/OMXNodeInstance(  164): OMX_FreeBuffer for buffer header 0x41e2bc70 successful
10-20 11:54:59.610 E/OMX-VDEC-1080P(  164): 
10-20 11:54:59.610 E/OMX-VDEC-1080P(  164):  Driver flush o/p Port complete
10-20 11:54:59.620 I/OMXNodeInstance(  164): OMX_FreeBuffer for buffer header 0x41e2b630 successful
10-20 11:54:59.620 E/OMX-VDEC-1080P(  164): 
10-20 11:54:59.620 E/OMX-VDEC-1080P(  164):  OMX flush o/p Port complete PenBuf(0)
10-20 11:54:59.650 I/OMXNodeInstance(  164): OMX_FreeBuffer for buffer header 0x41e2b680 successful
10-20 11:54:59.650 I/OMXNodeInstance(  164): OMX_FreeBuffer for buffer header 0x41e2b6d0 successful
10-20 11:54:59.650 I/OMXNodeInstance(  164): OMX_FreeBuffer for buffer header 0x41e2b720 successful
10-20 11:54:59.650 I/OMXNodeInstance(  164): OMX_FreeBuffer for buffer header 0x41e2b770 successful
10-20 11:54:59.650 I/OMXNodeInstance(  164): OMX_FreeBuffer for buffer header 0x41e2b7c0 successful
10-20 11:54:59.650 I/OMXNodeInstance(  164): OMX_FreeBuffer for buffer header 0x41e2b810 successful
10-20 11:54:59.660 I/OMXNodeInstance(  164): OMX_FreeBuffer for buffer header 0x41e2b860 successful
10-20 11:54:59.660 I/OMXNodeInstance(  164): OMX_FreeBuffer for buffer header 0x41e2b8b0 successful
10-20 11:54:59.660 I/OMXNodeInstance(  164): OMX_FreeBuffer for buffer header 0x41e2b900 successful
10-20 11:54:59.670 I/OMXNodeInstance(  164): OMX_FreeBuffer for buffer header 0x41e2b950 successful
10-20 11:54:59.670 I/OMXNodeInstance(  164): OMX_FreeBuffer for buffer header 0x41e2b9a0 successful
10-20 11:54:59.670 I/OMXNodeInstance(  164): OMX_FreeBuffer for buffer header 0x41e2b9f0 successful
10-20 11:54:59.670 I/OMXNodeInstance(  164): OMX_FreeBuffer for buffer header 0x41e2ba40 successful
10-20 11:54:59.670 I/OMXNodeInstance(  164): OMX_FreeBuffer for buffer header 0x41e2ba90 successful
10-20 11:54:59.670 I/OMXNodeInstance(  164): OMX_FreeBuffer for buffer header 0x41e2bae0 successful
10-20 11:54:59.680 I/OMXNodeInstance(  164): OMX_FreeBuffer for buffer header 0x41e2bb30 successful
10-20 11:54:59.680 I/OMXNodeInstance(  164): OMX_FreeBuffer for buffer header 0x41e2bb80 successful
10-20 11:54:59.680 I/OMXNodeInstance(  164): OMX_FreeBuffer for buffer header 0x41e2bbd0 successful
10-20 11:54:59.680 E/OMX-VDEC-1080P(  164): 
10-20 11:54:59.680 E/OMX-VDEC-1080P(  164):  ALL output buffers are freed/released
10-20 11:54:59.680 E/OMX-VDEC-1080P(  164): 
10-20 11:54:59.680 E/OMX-VDEC-1080P(  164):  OMX_CommandPortDisable complete for port [1]
10-20 11:54:59.680 E/OMX-VDEC-1080P(  164): 
10-20 11:54:59.680 E/OMX-VDEC-1080P(  164):  No color conversion required
10-20 11:54:59.680 I/OMXNodeInstance(  164): OMX_FreeBuffer for buffer header 0x41e2bc20 successful
10-20 11:54:59.680 E/OMX-VDEC-1080P(  164): 
10-20 11:54:59.680 E/OMX-VDEC-1080P(  164):  No color conversion required
10-20 11:54:59.680 E/OMX-VDEC-1080P(  164): Get_parameter: OMX_IndexParamPortDefinition: nPortIndex (1), nFrameWidth (800), nFrameHeight (448), nStride (896), nSliceHeight (448), nBitrate (19), xFramerate (0x1e), nBufferSize (606208), nBufferCountMin (3), nBufferCountActual (7), bBuffersContiguous (0), nBufferAlignment (1105608528), bEnabled (0), bPopulated (0), eCompressionFormat (0x0), eColorFormat (0x7fa30c03)
10-20 11:54:59.680 E/OMX-VDEC-1080P(  164): get_config: unknown param 117440527
10-20 11:54:59.680 I/OMXCodec(  164): [OMX.qcom.video.decoder.avc] video dimensions are 800 x 448
10-20 11:54:59.680 E/OMX-VDEC-1080P(  164): 
10-20 11:54:59.680 E/OMX-VDEC-1080P(  164):  send_command_proxy(): Current State 3, Expected State 1
10-20 11:54:59.680 E/OMX-VDEC-1080P(  164): 
10-20 11:54:59.680 E/OMX-VDEC-1080P(  164):  send_command_proxy(): OMX_CommandPortEnable issuedwith param1: 1
10-20 11:54:59.680 E/OMX-VDEC-1080P(  164): 
10-20 11:54:59.680 E/OMX-VDEC-1080P(  164):  No color conversion required
10-20 11:54:59.680 E/OMX-VDEC-1080P(  164): Get_parameter: OMX_IndexParamPortDefinition: nPortIndex (1), nFrameWidth (800), nFrameHeight (448), nStride (896), nSliceHeight (448), nBitrate (4), xFramerate (0x1e), nBufferSize (606208), nBufferCountMin (3), nBufferCountActual (7), bBuffersContiguous (1134382180), nBufferAlignment (1094232688), bEnabled (1), bPopulated (0), eCompressionFormat (0x0), eColorFormat (0x7fa30c03)
10-20 11:54:59.690 E/OMX-VDEC-1080P(  164): 
10-20 11:54:59.690 E/OMX-VDEC-1080P(  164):  No color conversion required
10-20 11:54:59.690 E/OMX-VDEC-1080P(  164): Get_parameter: OMX_IndexParamPortDefinition: nPortIndex (1), nFrameWidth (800), nFrameHeight (448), nStride (896), nSliceHeight (448), nBitrate (0), xFramerate (0x1e), nBufferSize (606208), nBufferCountMin (3), nBufferCountActual (7), bBuffersContiguous (1076055960), nBufferAlignment (1094958667), bEnabled (1), bPopulated (0), eCompressionFormat (0x0), eColorFormat (0x7fa30c03)
10-20 11:54:59.690 E/OMX-VDEC-1080P(  164): Use_op_buf:Allocating output headers
10-20 11:54:59.690 E/OMX-VDEC-1080P(  164): 
10-20 11:54:59.690 E/OMX-VDEC-1080P(  164):  Use o/p buffer case - Header List allocation
10-20 11:54:59.690 E/OMX-VDEC-1080P(  164): GET_MV_BUFFER_SIZE returned: Size: 114688 and alignment: 8192
10-20 11:54:59.690 E/OMX-VDEC-1080P(  164): ION: alloc_data: handle(0xE7E2D4C0), len(802816), align(8192), flags(0x2000100), fd_data: handle(0xe7e2d4c0), fd(0x39)
10-20 11:54:59.690 E/OMX-VDEC-1080P(  164): 
10-20 11:54:59.690 E/OMX-VDEC-1080P(  164):  Set the Output Buffer Idx: 0 Addr: 4285a000, pmem_fd=940003a
10-20 11:54:59.690 E/OMX-VDEC-1080P(  164): Allocate done for all i/p buffers
10-20 11:54:59.690 E/OMX-VDEC-1080P(  164): 
10-20 11:54:59.690 E/OMX-VDEC-1080P(  164):  No color conversion required
10-20 11:54:59.690 E/OMX-VDEC-1080P(  164): Get_parameter: OMX_IndexParamPortDefinition: nPortIndex (1), nFrameWidth (800), nFrameHeight (448), nStride (896), nSliceHeight (448), nBitrate (0), xFramerate (0x1e), nBufferSize (606208), nBufferCountMin (3), nBufferCountActual (7), bBuffersContiguous (1076055960), nBufferAlignment (1094958667), bEnabled (1), bPopulated (0), eCompressionFormat (0x0), eColorFormat (0x7fa30c03)
10-20 11:54:59.690 E/OMX-VDEC-1080P(  164): 
