10-20 13:25:59.301 D/dalvikvm( 1040): GC_CONCURRENT freed 1845K, 28% free 7839K/10880K, paused 4ms+5ms, total 73ms
10-20 13:26:00.132 D/MinimalTextWidgetBase(13024): Pushing update request. Reason: Tick
10-20 13:26:00.142 D/MinimalTextUpdateService(13024): onStart:update
10-20 13:26:00.162 D/MinimalTextUpdateService(13024): Modes to apply: 4296663
10-20 13:26:00.172 D/MinimalTextUpdateService(13024): Checking if widget 66 needs an update
10-20 13:26:00.172 D/MinimalTextUpdateService(13024): No Update neccessary!
10-20 13:26:00.172 D/MinimalTextUpdateService(13024): Checking if widget 13 needs an update
10-20 13:26:00.172 D/MinimalTextUpdateService(13024): Checking if widget 37 needs an update
10-20 13:26:00.172 D/MinimalTextUpdateService(13024): No Update neccessary!
10-20 13:26:00.172 D/MinimalTextUpdateService(13024): Updating widget 13; Change: 4296663, Demand: 55
10-20 13:26:00.262 D/dalvikvm(13024): GC_FOR_ALLOC freed 1590K, 67% free 3648K/10884K, paused 18ms, total 18ms
10-20 13:26:00.262 D/WidgetImageContentProvider(13024): Using a scale factor of 2.0
10-20 13:26:00.332 D/overlay (  161): Unset pipe=VG1 dpy=0; Unset pipe=RGB1 dpy=0; 
10-20 13:26:00.532 D/MinimalTextUpdateService(13024): Number of 'dead' AppWidgetIds: 0
10-20 13:26:00.622 D/dalvikvm(31177): GC_FOR_ALLOC freed 1203K, 23% free 35827K/46524K, paused 75ms, total 75ms
10-20 13:26:00.622 I/dalvikvm-heap(31177): Grow heap (frag case) to 38.395MB for 1119376-byte allocation
10-20 13:26:01.593 I/aMPdroid(15097): Screen height without virtual buttons: 768
10-20 13:26:01.593 W/InputMethodManagerService(  561): Window already focused, ignoring focus gain of: com.android.internal.view.IInputMethodClient$Stub$Proxy@42a95248 attribute=null, token = android.os.BinderProxy@42cf39d8
10-20 13:26:01.853 D/overlay (  161): Set pipe=RGB1 dpy=0; 
10-20 13:26:01.984 D/overlay (  161): Unset pipe=RGB1 dpy=0; 
10-20 13:26:02.674 W/InputEventReceiver(  561): Attempted to finish an input event but the input event receiver has already been disposed.
10-20 13:26:02.674 W/InputEventReceiver(  561): Attempted to finish an input event but the input event receiver has already been disposed.
10-20 13:26:02.704 D/overlay (  161): Set pipe=RGB1 dpy=0; 
10-20 13:26:02.724 D/overlay (  161): Set pipe=VG1 dpy=0; 
10-20 13:26:02.744 D/dalvikvm( 2971): GC_CONCURRENT freed 1951K, 69% free 3437K/10880K, paused 3ms+2ms, total 28ms
10-20 13:26:03.735 D/dalvikvm( 1244): GC_CONCURRENT freed 1957K, 46% free 5980K/10884K, paused 5ms+16ms, total 64ms
10-20 13:26:03.856 D/overlay (  161): Unset pipe=VG1 dpy=0; Unset pipe=RGB1 dpy=0; 
10-20 13:26:06.348 W/InputMethodManagerService(  561): Window already focused, ignoring focus gain of: com.android.internal.view.IInputMethodClient$Stub$Proxy@4357c7b8 attribute=null, token = android.os.BinderProxy@42cf39d8
10-20 13:26:06.589 D/overlay (  161): Set pipe=RGB1 dpy=0; Set pipe=VG1 dpy=0; 
10-20 13:26:14.237 D/dalvikvm( 5147): GC_CONCURRENT freed 1795K, 44% free 7363K/13016K, paused 5ms+1ms, total 34ms
10-20 13:26:19.672 I/aMPdroid(15097): EndStream called for aMPdroid.1704442279.ts
10-20 13:26:19.672 D/aMPdroid(15097): Called url http://192.168.77.21:4322/MPExtended/StreamingService/json/StopStream?identifier=aMPdroid.1704442279.ts
10-20 13:26:19.753 I/NuCachedSource2(  164): ERROR_END_OF_STREAM
10-20 13:26:19.823 W/TimedEventQueue(  164): Event 2552 was not found in the queue, already cancelled?
10-20 13:26:19.823 I/OMXNodeInstance(  164): OMX_FreeBuffer for buffer header 0x43a35bd8 successful
10-20 13:26:19.823 I/OMXNodeInstance(  164): OMX_FreeBuffer for buffer header 0x43a35b38 successful
10-20 13:26:19.823 I/OMXNodeInstance(  164): OMX_FreeBuffer for buffer header 0x4122af50 successful
10-20 13:26:19.823 I/OMXNodeInstance(  164): OMX_FreeBuffer for buffer header 0x4122ae00 successful
10-20 13:26:19.823 I/OMXNodeInstance(  164): OMX_FreeBuffer for buffer header 0x43a35e60 successful
10-20 13:26:19.823 I/OMXNodeInstance(  164): OMX_FreeBuffer for buffer header 0x4122a770 successful
10-20 13:26:19.823 I/OMXNodeInstance(  164): OMX_FreeBuffer for buffer header 0x41389560 successful
10-20 13:26:19.823 I/OMXNodeInstance(  164): OMX_FreeBuffer for buffer header 0x413922a0 successful
10-20 13:26:19.823 E/OMX-VDEC-1080P(  164): 
10-20 13:26:19.823 E/OMX-VDEC-1080P(  164):  send_command_proxy(): Current State 3, Expected State 2
10-20 13:26:19.823 E/OMX-VDEC-1080P(  164): 
10-20 13:26:19.823 E/OMX-VDEC-1080P(  164):  send_command_proxy(): OMX_CommandStateSet issued
10-20 13:26:19.823 E/OMX-VDEC-1080P(  164): 
10-20 13:26:19.823 E/OMX-VDEC-1080P(  164):  Current State 3, Expected State 2
10-20 13:26:19.823 E/OMX-VDEC-1080P(  164): 
10-20 13:26:19.823 E/OMX-VDEC-1080P(  164):  Driver flush i/p Port complete
10-20 13:26:19.823 E/OMX-VDEC-1080P(  164): 
10-20 13:26:19.823 E/OMX-VDEC-1080P(  164):  OMX flush i/p Port complete PenBuf(0)
10-20 13:26:19.823 E/OMX-VDEC-1080P(  164): 
10-20 13:26:19.823 E/OMX-VDEC-1080P(  164):  Driver flush o/p Port complete
10-20 13:26:19.823 E/OMX-VDEC-1080P(  164): 
10-20 13:26:19.823 E/OMX-VDEC-1080P(  164):  OMX flush o/p Port complete PenBuf(0)
10-20 13:26:19.823 E/OMX-VDEC-1080P(  164): 
10-20 13:26:19.823 E/OMX-VDEC-1080P(  164):  Rxd OMX_COMPONENT_GENERATE_STOP_DONE
10-20 13:26:19.823 E/OMX-VDEC-1080P(  164): 
10-20 13:26:19.823 E/OMX-VDEC-1080P(  164):  send_command_proxy(): Current State 2, Expected State 1
10-20 13:26:19.823 E/OMX-VDEC-1080P(  164): 
10-20 13:26:19.823 E/OMX-VDEC-1080P(  164):  send_command_proxy(): OMX_CommandStateSet issued
10-20 13:26:19.823 E/OMX-VDEC-1080P(  164): 
10-20 13:26:19.823 E/OMX-VDEC-1080P(  164):  Current State 2, Expected State 1
10-20 13:26:19.823 E/OMX-VDEC-1080P(  164): ION: free: handle(0xED51B840), len(2097152), fd(0x36)
10-20 13:26:19.823 I/OMXNodeInstance(  164): OMX_FreeBuffer for buffer header 0x41383778 successful
10-20 13:26:19.823 E/OMX-VDEC-1080P(  164): ION: free: handle(0xED51BEC0), len(2097152), fd(0x34)
10-20 13:26:19.823 E/OMX-VDEC-1080P(  164): 
10-20 13:26:19.823 E/OMX-VDEC-1080P(  164):  ALL input buffers are freed/released
10-20 13:26:19.823 I/OMXNodeInstance(  164): OMX_FreeBuffer for buffer header 0x41383728 successful
10-20 13:26:19.823 E/OMX-VDEC-1080P(  164): ION: free: handle(0xC71BC340), len(802816), fd(0x39)
10-20 13:26:19.823 I/OMXNodeInstance(  164): OMX_FreeBuffer for buffer header 0x41413948 successful
10-20 13:26:19.823 I/OMXNodeInstance(  164): OMX_FreeBuffer for buffer header 0x414138f8 successful
10-20 13:26:19.823 I/OMXNodeInstance(  164): OMX_FreeBuffer for buffer header 0x414138a8 successful
10-20 13:26:19.823 I/OMXNodeInstance(  164): OMX_FreeBuffer for buffer header 0x41413858 successful
10-20 13:26:19.823 I/OMXNodeInstance(  164): OMX_FreeBuffer for buffer header 0x41413808 successful
10-20 13:26:19.823 I/OMXNodeInstance(  164): OMX_FreeBuffer for buffer header 0x414137b8 successful
10-20 13:26:19.823 E/OMX-VDEC-1080P(  164): 
10-20 13:26:19.823 E/OMX-VDEC-1080P(  164):  ALL output buffers are freed/released
10-20 13:26:19.823 I/OMXNodeInstance(  164): OMX_FreeBuffer for buffer header 0x41413768 successful
10-20 13:26:19.823 E/OMX-VDEC-1080P(  164): 
10-20 13:26:19.823 E/OMX-VDEC-1080P(  164):  OMX_CommandStateSet complete, m_state = 1
10-20 13:26:19.833 E/OMX-VDEC-1080P(  164): 
10-20 13:26:19.833 E/OMX-VDEC-1080P(  164):  Playback Ended - PASSED
10-20 13:26:19.833 E/OMX-VDEC-1080P(  164): 
10-20 13:26:19.833 E/OMX-VDEC-1080P(  164):  ALL output buffers are freed/released
10-20 13:26:19.833 E/OMX-VDEC-1080P(  164): Calling VDEC_IOCTL_STOP_NEXT_MSG
10-20 13:26:19.833 E/OMX-VDEC-1080P(  164): 
10-20 13:26:19.833 E/OMX-VDEC-1080P(  164):  omx_vdec::component_deinit() complete
10-20 13:26:19.833 E/OMX-VDEC-1080P(  164): In OMX vdec Destructor
10-20 13:26:19.833 E/OMX-VDEC-1080P(  164): Waiting on OMX Msg Thread exit
10-20 13:26:19.833 E/OMX-VDEC-1080P(  164): 
10-20 13:26:19.833 E/OMX-VDEC-1080P(  164):  Error in ioctl read next msg
10-20 13:26:19.833 E/OMX-VDEC-1080P(  164): omx_vdec: Async thread stop
10-20 13:26:19.833 E/OMX-VDEC-1080P(  164): omx_vdec: message thread stop
10-20 13:26:19.833 E/OMX-VDEC-1080P(  164): Waiting on OMX Async Thread exit
10-20 13:26:19.833 E/OMX-VDEC-1080P(  164): Calling close() on Video Driver
10-20 13:26:19.853 E/OMX-VDEC-1080P(  164): Exit OMX vdec Destructor
10-20 13:26:19.853 E/        (  164): 
10-20 13:26:19.853 E/        (  164):  Destroy C2D instance
10-20 13:26:19.853 E/        (  164): 
10-20 13:26:19.853 E/        (  164):  Destroy C2D instance
10-20 13:26:19.853 I/aMPdroid(15097): Start streaming task
10-20 13:26:19.853 I/aMPdroid(15097): Starting Media Stream (type:Movie, pos: 1854, profile: Android FFmpeg HQ, audio: -1, sub: -2)
10-20 13:26:19.853 D/aMPdroid(15097): Called url http://192.168.77.21:4322/MPExtended/StreamingService/json/StartStreamWithStreamSelection?startPosition=1854&profileName=Android+FFmpeg+HQ&identifier=aMPdroid.1704442279.ts&audioId=-1&subtitleId=-2
10-20 13:26:19.853 I/aMPdroid(15097): Downloading overlay for position 1854
10-20 13:26:19.863 D/aMPdroid(15097): Called url http://192.168.77.21:4322/MPExtended/StreamingService/stream/ExtractImageResized?provider=3&type=0&itemId=3&position=1854&maxWidth=598&maxHeight=321
10-20 13:26:20.283 I/aMPdroid(15097): New Streaming url: http://192.168.77.21:4322/MPExtended/StreamingService/stream/RetrieveStream?identifier=aMPdroid.1704442279.ts
10-20 13:26:20.303 D/aMPdroid_VIDEO(15097): Setting up MediaPlayer
10-20 13:26:20.313 I/AwesomePlayer(  164): setDataSource_l(URL suppressed)
10-20 13:26:20.313 D/aMPdroid_VIDEO(15097): MediaPlayer ready for playback
10-20 13:26:20.313 D/aMPdroid(15097): realheight playVideo: 718
10-20 13:26:20.313 I/aMPdroid(15097): Finish StartStream AsyncTask
10-20 13:26:20.684 W/SystemClock( 1040): time going backwards: prev 91913699938230(ioctl) vs now 91913699907709(ioctl), tid=1437
10-20 13:26:20.974 D/aMPdroid(15097): Set overlay image to bitmap
10-20 13:26:22.606 D/overlay (  161): Unset pipe=VG1 dpy=0; Unset pipe=RGB1 dpy=0; 
10-20 13:26:22.646 D/overlay (  161): Set pipe=RGB1 dpy=0; Set pipe=VG1 dpy=0; 
10-20 13:26:22.706 D/dalvikvm( 2971): GC_CONCURRENT freed 2027K, 69% free 3450K/10880K, paused 2ms+2ms, total 29ms
10-20 13:26:22.706 D/dalvikvm( 2971): WAIT_FOR_CONCURRENT_GC blocked 16ms
10-20 13:26:22.756 D/alsa_ucm(  164): snd_use_case_set(): uc_mgr 0x4009b388 identifier _verb value Inactive
10-20 13:26:22.756 D/alsa_ucm(  164): Set mixer controls for HiFi Lowlatency enable 0
10-20 13:26:22.756 D/alsa_ucm(  164): snd_use_case_set(): uc_mgr 0x4009b388 identifier _disdev value DMIC Endfire
10-20 13:26:22.756 D/alsa_ucm(  164): disdev: device DMIC Endfire not enabled, no need to disable
10-20 13:26:22.756 D/alsa_ucm(  164): snd_use_case_set(): uc_mgr 0x4009b388 identifier _disdev value Speaker
10-20 13:26:22.756 D/alsa_ucm(  164): Set mixer controls for Speaker enable 0
10-20 13:26:22.926 I/Elixir2-Widgets(17227): Updating widgets: [APPWIDGET:8], all: true, updateLevel: 10
10-20 13:26:23.066 D/Elixir2-Widgets(17227): WIDGET[APPWIDGET:8, 4x3]: updated in 139 ms
10-20 13:26:23.086 D/Elixir2-Widgets(17227): Refresh 59845 ms later, refreshNeeded: false
10-20 13:26:25.639 D/overlay (  161): Unset pipe=VG1 dpy=0; Unset pipe=RGB1 dpy=0; 
10-20 13:26:25.889 D/overlay (  161): Set pipe=RGB1 dpy=0; Set pipe=VG1 dpy=0; 
10-20 13:26:34.919 D/overlay (  161): Unset pipe=VG1 dpy=0; Unset pipe=RGB1 dpy=0; 
10-20 13:26:35.940 D/overlay (  161): Set pipe=RGB1 dpy=0; Set pipe=VG1 dpy=0; 
10-20 13:26:37.962 D/overlay (  161): Unset pipe=VG1 dpy=0; Unset pipe=RGB1 dpy=0; 
10-20 13:26:38.352 D/overlay (  161): Set pipe=RGB1 dpy=0; Set pipe=VG1 dpy=0; 
10-20 13:26:52.778 D/dalvikvm( 2971): GC_CONCURRENT freed 2063K, 69% free 3435K/10880K, paused 3ms+2ms, total 43ms
10-20 13:26:52.778 D/dalvikvm( 2971): WAIT_FOR_CONCURRENT_GC blocked 20ms
10-20 13:26:57.393 D/overlay (  161): Unset pipe=VG1 dpy=0; Unset pipe=RGB1 dpy=0; 
10-20 13:26:58.294 D/overlay (  161): Set pipe=RGB1 dpy=0; Set pipe=VG1 dpy=0; 
10-20 13:26:59.175 I/GCoreUlr( 1040): Successfully inserted location
10-20 13:26:59.185 I/GCoreUlr( 1040): Not calling LocationReportingService, hasMoved: false, elapsed millis: 423764, request: Phone
10-20 13:27:00.096 D/MinimalTextWidgetBase(13024): Pushing update request. Reason: Tick
10-20 13:27:00.106 D/MinimalTextUpdateService(13024): onStart:update
10-20 13:27:00.136 D/MinimalTextUpdateService(13024): Modes to apply: 4296663
10-20 13:27:00.136 D/MinimalTextUpdateService(13024): Checking if widget 66 needs an update
10-20 13:27:00.136 D/MinimalTextUpdateService(13024): No Update neccessary!
10-20 13:27:00.136 D/MinimalTextUpdateService(13024): Checking if widget 13 needs an update
10-20 13:27:00.136 D/MinimalTextUpdateService(13024): Checking if widget 37 needs an update
10-20 13:27:00.136 D/MinimalTextUpdateService(13024): No Update neccessary!
10-20 13:27:00.146 D/MinimalTextUpdateService(13024): Updating widget 13; Change: 4296663, Demand: 55
10-20 13:27:00.196 D/dalvikvm(13024): GC_FOR_ALLOC freed 2386K, 72% free 3098K/10884K, paused 16ms, total 17ms
10-20 13:27:00.216 D/WidgetImageContentProvider(13024): Using a scale factor of 2.0
10-20 13:27:00.236 D/dalvikvm(13024): GC_CONCURRENT freed 581K, 60% free 4450K/10884K, paused 2ms+1ms, total 19ms
10-20 13:27:00.496 D/MinimalTextUpdateService(13024): Number of 'dead' AppWidgetIds: 0
10-20 13:27:00.556 D/dalvikvm(31177): GC_FOR_ALLOC freed 1404K, 22% free 35829K/45500K, paused 47ms, total 47ms
10-20 13:27:00.556 I/dalvikvm-heap(31177): Grow heap (frag case) to 38.397MB for 1119376-byte allocation
10-20 13:27:00.596 D/dalvikvm( 5418): GC_CONCURRENT freed 1670K, 35% free 8448K/12908K, paused 4ms+6ms, total 92ms
10-20 13:27:08.324 D/overlay (  161): Unset pipe=VG1 dpy=0; Unset pipe=RGB1 dpy=0; 
10-20 13:27:08.655 D/overlay (  161): Set pipe=RGB1 dpy=0; Set pipe=VG1 dpy=0; 
10-20 13:27:16.223 D/dalvikvm(  561): GC_EXPLICIT freed 3728K, 38% free 27201K/43252K, paused 3ms+10ms, total 154ms
10-20 13:27:16.944 I/avc_utils(  164): found AVC codec config (800 x 430, Baseline-profile level 3.0)
10-20 13:27:16.984 I/ESQueue (  164): found AAC codec config (48000 Hz, 2 channels)
10-20 13:27:16.984 I/MPEG2TSExtractor(  164): haveAudio=1, haveVideo=1
10-20 13:27:16.984 E/OMX-VDEC-1080P(  164): In OMX vdec Constructor
10-20 13:27:16.984 E/OMX-VDEC-1080P(  164): vidc.dec.debug.ts value is 0
10-20 13:27:16.984 E/OMX-VDEC-1080P(  164): vidc.dec.debug.concealedmb value is 0
10-20 13:27:16.984 E/OMX-VDEC-1080P(  164): vidc.dec.debug.extradata value is 0
10-20 13:27:16.984 E/OMX-VDEC-1080P(  164): 
10-20 13:27:16.984 E/OMX-VDEC-1080P(  164):  omx_vdec::component_init(): Start of New Playback : role  = OMX.qcom.video.decoder.avc : DEVICE = /dev/msm_vidc_dec
10-20 13:27:17.014 E/OMX-VDEC-1080P(  164): 
10-20 13:27:17.014 E/OMX-VDEC-1080P(  164):  omx_vdec::component_init(): Open returned fd 42, errno 22
10-20 13:27:17.014 E/OMX-VDEC-1080P(  164): 
10-20 13:27:17.014 E/OMX-VDEC-1080P(  164):  omx_vdec::component_init() success
10-20 13:27:17.014 I/OMXCodec(  164): [OMX.qcom.video.decoder.avc] AVC profile = 66 (Baseline), level = 30
10-20 13:27:17.014 E/OMX-VDEC-1080P(  164): Get_parameter: OMX_IndexParamVideoPortFormat: nPortIndex (0), nIndex (0), eCompressionFormat (0x7), eColorFormat (0x0), xFramerate (0x4)
10-20 13:27:17.014 E/OMX-VDEC-1080P(  164): Set_parameter: OMX_IndexParamVideoPortFormat: nPortIndex (0), nIndex (0), eCompressionFormat (0x7), eColorFormat (0x0), xFramerate (0x4)
10-20 13:27:17.014 E/OMX-VDEC-1080P(  164): Get_parameter: OMX_IndexParamVideoPortFormat: nPortIndex (1), nIndex (0), eCompressionFormat (0x0), eColorFormat (0x7fa30c03), xFramerate (0x41e1af20)
10-20 13:27:17.014 E/OMX-VDEC-1080P(  164): Set_parameter: OMX_IndexParamVideoPortFormat: nPortIndex (1), nIndex (0), eCompressionFormat (0x0), eColorFormat (0x7fa30c03), xFramerate (0x41e1af20)
10-20 13:27:17.014 E/OMX-VDEC-1080P(  164): Get_parameter: OMX_IndexParamPortDefinition: nPortIndex (0), nFrameWidth (1920), nFrameHeight (1088), nStride (1920), nSliceHeight (1088), nBitrate (4), xFramerate (0x1e), nBufferSize (2097088), nBufferCountMin (1), nBufferCountActual (2), bBuffersContiguous (1118924048), nBufferAlignment (-1265270272), bEnabled (1), bPopulated (0), eCompressionFormat (0x7), eColorFormat (0x0)
10-20 13:27:17.014 E/OMX-VDEC-1080P(  164): Set_parameter: OMX_IndexParamPortDefinition: nPortIndex (0), nFrameWidth (800), nFrameHeight (430), nStride (1920), nSliceHeight (1088), nBitrate (4), xFramerate (0x1e), nBufferSize (2097088), nBufferCountMin (1), nBufferCountActual (2), bBuffersContiguous (1118924048), nBufferAlignment (-1265270272), bEnabled (1), bPopulated (0), eCompressionFormat (0x7), eColorFormat (0x0)
10-20 13:27:17.014 E/OMX-VDEC-1080P(  164): 
10-20 13:27:17.014 E/OMX-VDEC-1080P(  164):  No color conversion required
10-20 13:27:17.014 E/OMX-VDEC-1080P(  164): Get_parameter: OMX_IndexParamPortDefinition: nPortIndex (1), nFrameWidth (800), nFrameHeight (430), nStride (896), nSliceHeight (448), nBitrate (4), xFramerate (0x1e), nBufferSize (606208), nBufferCountMin (18), nBufferCountActual (22), bBuffersContiguous (1118924048), nBufferAlignment (-1265270272), bEnabled (1), bPopulated (0), eCompressionFormat (0x0), eColorFormat (0x7fa30c03)
10-20 13:27:17.014 E/OMX-VDEC-1080P(  164): 
10-20 13:27:17.014 E/OMX-VDEC-1080P(  164):  No color conversion required
10-20 13:27:17.014 E/OMX-VDEC-1080P(  164): Set_parameter: OMX_IndexParamPortDefinition: nPortIndex (1), nFrameWidth (800), nFrameHeight (430), nStride (896), nSliceHeight (448), nBitrate (4), xFramerate (0x1e), nBufferSize (606208), nBufferCountMin (18), nBufferCountActual (22), bBuffersContiguous (1118924048), nBufferAlignment (-1265270272), bEnabled (1), bPopulated (0), eCompressionFormat (0x0), eColorFormat (0x7fa30c03)
10-20 13:27:17.014 E/OMX-VDEC-1080P(  164): 
10-20 13:27:17.014 E/OMX-VDEC-1080P(  164):  No color conversion required
10-20 13:27:17.014 E/OMX-VDEC-1080P(  164): Get_parameter: OMX_IndexParamPortDefinition: nPortIndex (1), nFrameWidth (800), nFrameHeight (430), nStride (896), nSliceHeight (448), nBitrate (0), xFramerate (0x1e), nBufferSize (606208), nBufferCountMin (18), nBufferCountActual (22), bBuffersContiguous (1118923948), nBufferAlignment (1145099336), bEnabled (1), bPopulated (0), eCompressionFormat (0x0), eColorFormat (0x7fa30c03)
10-20 13:27:17.014 E/OMX-VDEC-1080P(  164): get_config: unknown param 117440527
10-20 13:27:17.014 I/OMXCodec(  164): [OMX.qcom.video.decoder.avc] video dimensions are 800 x 430
10-20 13:27:17.014 E/OMX-VDEC-1080P(  164): omx_vdec: Async thread start
10-20 13:27:17.014 E/OMX-VDEC-1080P(  164): omx_vdec: message thread start
10-20 13:27:17.014 E/OMX-VDEC-1080P(  164): 
10-20 13:27:17.014 E/OMX-VDEC-1080P(  164):  send_command_proxy(): Current State 1, Expected State 2
10-20 13:27:17.014 E/OMX-VDEC-1080P(  164): 
10-20 13:27:17.014 E/OMX-VDEC-1080P(  164):  send_command_proxy(): OMX_CommandStateSet issued
10-20 13:27:17.014 E/OMX-VDEC-1080P(  164): 
10-20 13:27:17.014 E/OMX-VDEC-1080P(  164):  Current State 1, Expected State 2
10-20 13:27:17.014 E/OMX-VDEC-1080P(  164): Get_parameter: OMX_IndexParamPortDefinition: nPortIndex (0), nFrameWidth (800), nFrameHeight (430), nStride (896), nSliceHeight (448), nBitrate (1094590472), xFramerate (0x1e), nBufferSize (2097088), nBufferCountMin (1), nBufferCountActual (2), bBuffersContiguous (0), nBufferAlignment (0), bEnabled (1), bPopulated (0), eCompressionFormat (0x7), eColorFormat (0x0)
10-20 13:27:17.014 E/OMX-VDEC-1080P(  164): 
10-20 13:27:17.014 E/OMX-VDEC-1080P(  164):  Allocate i/p buffer Header: Cnt(2) Sz(2097152)
10-20 13:27:17.014 E/OMX-VDEC-1080P(  164): ION: alloc_data: handle(0xE75B0E40), len(2097152), align(8192), flags(0x2000100), fd_data: handle(0xe75b0e40), fd(0x34)
10-20 13:27:17.014 E/OMX-VDEC-1080P(  164): ION: alloc_data: handle(0xEAFDE9C0), len(2097152), align(8192), flags(0x2000100), fd_data: handle(0xeafde9c0), fd(0x36)
10-20 13:27:17.014 E/OMX-VDEC-1080P(  164): Allocate done for all i/p buffers
10-20 13:27:17.014 E/OMX-VDEC-1080P(  164): 
10-20 13:27:17.014 E/OMX-VDEC-1080P(  164):  No color conversion required
10-20 13:27:17.014 E/OMX-VDEC-1080P(  164): Get_parameter: OMX_IndexParamPortDefinition: nPortIndex (1), nFrameWidth (800), nFrameHeight (430), nStride (896), nSliceHeight (448), nBitrate (1), xFramerate (0x1e), nBufferSize (606208), nBufferCountMin (18), nBufferCountActual (22), bBuffersContiguous (1118924032), nBufferAlignment (1075372561), bEnabled (1), bPopulated (0), eCompressionFormat (0x0), eColorFormat (0x7fa30c03)
10-20 13:27:17.024 E/OMX-VDEC-1080P(  164): 
10-20 13:27:17.024 E/OMX-VDEC-1080P(  164):  No color conversion required
10-20 13:27:17.024 E/OMX-VDEC-1080P(  164): Get_parameter: OMX_IndexParamPortDefinition: nPortIndex (1), nFrameWidth (800), nFrameHeight (430), nStride (896), nSliceHeight (448), nBitrate (0), xFramerate (0x1e), nBufferSize (606208), nBufferCountMin (18), nBufferCountActual (22), bBuffersContiguous (1076055960), nBufferAlignment (1094958667), bEnabled (1), bPopulated (0), eCompressionFormat (0x0), eColorFormat (0x7fa30c03)
10-20 13:27:17.024 E/OMX-VDEC-1080P(  164): Use_op_buf:Allocating output headers
10-20 13:27:17.024 E/OMX-VDEC-1080P(  164): 
10-20 13:27:17.024 E/OMX-VDEC-1080P(  164):  Use o/p buffer case - Header List allocation
10-20 13:27:17.024 E/OMX-VDEC-1080P(  164): GET_MV_BUFFER_SIZE returned: Size: 114688 and alignment: 8192
10-20 13:27:17.024 E/OMX-VDEC-1080P(  164): ION: alloc_data: handle(0xEE32B940), len(2523136), align(8192), flags(0x2000100), fd_data: handle(0xee32b940), fd(0x39)
10-20 13:27:17.024 E/OMX-VDEC-1080P(  164): 
10-20 13:27:17.024 E/OMX-VDEC-1080P(  164):  Set the Output Buffer Idx: 0 Addr: 4324c000, pmem_fd=940003a
10-20 13:27:17.024 E/OMX-VDEC-1080P(  164): Allocate done for all i/p buffers
10-20 13:27:17.024 E/OMX-VDEC-1080P(  164): 
10-20 13:27:17.024 E/OMX-VDEC-1080P(  164):  No color conversion required
10-20 13:27:17.024 E/OMX-VDEC-1080P(  164): Get_parameter: OMX_IndexParamPortDefinition: nPortIndex (1), nFrameWidth (800), nFrameHeight (430), nStride (896), nSliceHeight (448), nBitrate (0), xFramerate (0x1e), nBufferSize (606208), nBufferCountMin (18), nBufferCountActual (22), bBuffersContiguous (1076055960), nBufferAlignment (1094958667), bEnabled (1), bPopulated (0), eCompressionFormat (0x0), eColorFormat (0x7fa30c03)
10-20 13:27:17.024 E/OMX-VDEC-1080P(  164): 
10-20 13:27:17.024 E/OMX-VDEC-1080P(  164):  Set the Output Buffer Idx: 1 Addr: 4374d000, pmem_fd=940003e
10-20 13:27:17.024 E/OMX-VDEC-1080P(  164): Allocate done for all i/p buffers
10-20 13:27:17.024 E/OMX-VDEC-1080P(  164): 
10-20 13:27:17.024 E/OMX-VDEC-1080P(  164):  No color conversion required
10-20 13:27:17.024 E/OMX-VDEC-1080P(  164): Get_parameter: OMX_IndexParamPortDefinition: nPortIndex (1), nFrameWidth (800), nFrameHeight (430), nStride (896), nSliceHeight (448), nBitrate (0), xFramerate (0x1e), nBufferSize (606208), nBufferCountMin (18), nBufferCountActual (22), bBuffersContiguous (1076055960), nBufferAlignment (1094958667), bEnabled (1), bPopulated (0), eCompressionFormat (0x0), eColorFormat (0x7fa30c03)
10-20 13:27:17.024 E/OMX-VDEC-1080P(  164): 
10-20 13:27:17.024 E/OMX-VDEC-1080P(  164):  Set the Output Buffer Idx: 2 Addr: 44346000, pmem_fd=9400040
10-20 13:27:17.024 E/OMX-VDEC-1080P(  164): Allocate done for all i/p buffers
10-20 13:27:17.024 E/OMX-VDEC-1080P(  164): 
10-20 13:27:17.024 E/OMX-VDEC-1080P(  164):  No color conversion required
10-20 13:27:17.024 E/OMX-VDEC-1080P(  164): Get_parameter: OMX_IndexParamPortDefinition: nPortIndex (1), nFrameWidth (800), nFrameHeight (430), nStride (896), nSliceHeight (448), nBitrate (0), xFramerate (0x1e), nBufferSize (606208), nBufferCountMin (18), nBufferCountActual (22), bBuffersContiguous (1076055960), nBufferAlignment (1094958667), bEnabled (1), bPopulated (0), eCompressionFormat (0x0), eColorFormat (0x7fa30c03)
10-20 13:27:17.024 E/OMX-VDEC-1080P(  164): 
10-20 13:27:17.024 E/OMX-VDEC-1080P(  164):  Set the Output Buffer Idx: 3 Addr: 4484b000, pmem_fd=9400042
10-20 13:27:17.024 E/OMX-VDEC-1080P(  164): Allocate done for all i/p buffers
10-20 13:27:17.024 E/OMX-VDEC-1080P(  164): 
10-20 13:27:17.024 E/OMX-VDEC-1080P(  164):  No color conversion required
10-20 13:27:17.024 E/OMX-VDEC-1080P(  164): Get_parameter: OMX_IndexParamPortDefinition: nPortIndex (1), nFrameWidth (800), nFrameHeight (430), nStride (896), nSliceHeight (448), nBitrate (0), xFramerate (0x1e), nBufferSize (606208), nBufferCountMin (18), nBufferCountActual (22), bBuffersContiguous (1076055960), nBufferAlignment (1094958667), bEnabled (1), bPopulated (0), eCompressionFormat (0x0), eColorFormat (0x7fa30c03)
10-20 13:27:17.024 E/OMX-VDEC-1080P(  164): 
10-20 13:27:17.024 E/OMX-VDEC-1080P(  164):  Set the Output Buffer Idx: 4 Addr: 44acc000, pmem_fd=9400044
10-20 13:27:17.024 E/OMX-VDEC-1080P(  164): Allocate done for all i/p buffers
10-20 13:27:17.034 E/OMX-VDEC-1080P(  164): 
10-20 13:27:17.034 E/OMX-VDEC-1080P(  164):  No color conversion required
10-20 13:27:17.034 E/OMX-VDEC-1080P(  164): Get_parameter: OMX_IndexParamPortDefinition: nPortIndex (1), nFrameWidth (800), nFrameHeight (430), nStride (896), nSliceHeight (448), nBitrate (0), xFramerate (0x1e), nBufferSize (606208), nBufferCountMin (18), nBufferCountActual (22), bBuffersContiguous (1076055960), nBufferAlignment (1094958667), bEnabled (1), bPopulated (0), eCompressionFormat (0x0), eColorFormat (0x7fa30c03)
10-20 13:27:17.034 E/OMX-VDEC-1080P(  164): 
10-20 13:27:17.034 E/OMX-VDEC-1080P(  164):  Set the Output Buffer Idx: 5 Addr: 44d03000, pmem_fd=9400046
10-20 13:27:17.034 E/OMX-VDEC-1080P(  164): Allocate done for all i/p buffers
10-20 13:27:17.034 E/OMX-VDEC-1080P(  164): 
10-20 13:27:17.034 E/OMX-VDEC-1080P(  164):  No color conversion required
10-20 13:27:17.034 E/OMX-VDEC-1080P(  164): Get_parameter: OMX_IndexParamPortDefinition: nPortIndex (1), nFrameWidth (800), nFrameHeight (430), nStride (896), nSliceHeight (448), nBitrate (0), xFramerate (0x1e), nBufferSize (606208), nBufferCountMin (18), nBufferCountActual (22), bBuffersContiguous (1076055960), nBufferAlignment (1094958667), bEnabled (1), bPopulated (0), eCompressionFormat (0x0), eColorFormat (0x7fa30c03)
10-20 13:27:17.034 E/OMX-VDEC-1080P(  164): 
10-20 13:27:17.034 E/OMX-VDEC-1080P(  164):  Set the Output Buffer Idx: 6 Addr: 45358000, pmem_fd=9400048
10-20 13:27:17.034 E/OMX-VDEC-1080P(  164): Allocate done for all i/p buffers
10-20 13:27:17.034 E/OMX-VDEC-1080P(  164): 
10-20 13:27:17.034 E/OMX-VDEC-1080P(  164):  No color conversion required
10-20 13:27:17.034 E/OMX-VDEC-1080P(  164): Get_parameter: OMX_IndexParamPortDefinition: nPortIndex (1), nFrameWidth (800), nFrameHeight (430), nStride (896), nSliceHeight (448), nBitrate (0), xFramerate (0x1e), nBufferSize (606208), nBufferCountMin (18), nBufferCountActual (22), bBuffersContiguous (1076055960), nBufferAlignment (1094958667), bEnabled (1), bPopulated (0), eCompressionFormat (0x0), eColorFormat (0x7fa30c03)
10-20 13:27:17.034 E/OMX-VDEC-1080P(  164): 
10-20 13:27:17.034 E/OMX-VDEC-1080P(  164):  Set the Output Buffer Idx: 7 Addr: 45895000, pmem_fd=940004a
10-20 13:27:17.034 E/OMX-VDEC-1080P(  164): Allocate done for all i/p buffers
10-20 13:27:17.034 E/OMX-VDEC-1080P(  164): 
10-20 13:27:17.034 E/OMX-VDEC-1080P(  164):  No color conversion required
10-20 13:27:17.034 E/OMX-VDEC-1080P(  164): Get_parameter: OMX_IndexParamPortDefinition: nPortIndex (1), nFrameWidth (800), nFrameHeight (430), nStride (896), nSliceHeight (448), nBitrate (0), xFramerate (0x1e), nBufferSize (606208), nBufferCountMin (18), nBufferCountActual (22), bBuffersContiguous (1076055960), nBufferAlignment (1094958667), bEnabled (1), bPopulated (0), eCompressionFormat (0x0), eColorFormat (0x7fa30c03)
10-20 13:27:17.034 E/OMX-VDEC-1080P(  164): 
10-20 13:27:17.034 E/OMX-VDEC-1080P(  164):  Set the Output Buffer Idx: 8 Addr: 45d54000, pmem_fd=940004c
10-20 13:27:17.034 E/OMX-VDEC-1080P(  164): Allocate done for all i/p buffers
10-20 13:27:17.044 E/OMX-VDEC-1080P(  164): 
10-20 13:27:17.044 E/OMX-VDEC-1080P(  164):  No color conversion required
10-20 13:27:17.044 E/OMX-VDEC-1080P(  164): Get_parameter: OMX_IndexParamPortDefinition: nPortIndex (1), nFrameWidth (800), nFrameHeight (430), nStride (896), nSliceHeight (448), nBitrate (0), xFramerate (0x1e), nBufferSize (606208), nBufferCountMin (18), nBufferCountActual (22), bBuffersContiguous (1076055960), nBufferAlignment (1094958667), bEnabled (1), bPopulated (0), eCompressionFormat (0x0), eColorFormat (0x7fa30c03)
10-20 13:27:17.044 E/OMX-VDEC-1080P(  164): 
10-20 13:27:17.044 E/OMX-VDEC-1080P(  164):  Set the Output Buffer Idx: 9 Addr: 460a6000, pmem_fd=940004e
10-20 13:27:17.044 E/OMX-VDEC-1080P(  164): Allocate done for all i/p buffers
10-20 13:27:17.044 E/OMX-VDEC-1080P(  164): 
10-20 13:27:17.044 E/OMX-VDEC-1080P(  164):  No color conversion required
10-20 13:27:17.044 E/OMX-VDEC-1080P(  164): Get_parameter: OMX_IndexParamPortDefinition: nPortIndex (1), nFrameWidth (800), nFrameHeight (430), nStride (896), nSliceHeight (448), nBitrate (0), xFramerate (0x1e), nBufferSize (606208), nBufferCountMin (18), nBufferCountActual (22), bBuffersContiguous (1076055960), nBufferAlignment (1094958667), bEnabled (1), bPopulated (0), eCompressionFormat (0x0), eColorFormat (0x7fa30c03)
10-20 13:27:17.044 E/OMX-VDEC-1080P(  164): 
10-20 13:27:17.044 E/OMX-VDEC-1080P(  164):  Set the Output Buffer Idx: 10 Addr: 4636b000, pmem_fd=9400050
10-20 13:27:17.044 E/OMX-VDEC-1080P(  164): Allocate done for all i/p buffers
10-20 13:27:17.044 E/OMX-VDEC-1080P(  164): 
10-20 13:27:17.044 E/OMX-VDEC-1080P(  164):  No color conversion required
10-20 13:27:17.044 E/OMX-VDEC-1080P(  164): Get_parameter: OMX_IndexParamPortDefinition: nPortIndex (1), nFrameWidth (800), nFrameHeight (430), nStride (896), nSliceHeight (448), nBitrate (0), xFramerate (0x1e), nBufferSize (606208), nBufferCountMin (18), nBufferCountActual (22), bBuffersContiguous (1076055960), nBufferAlignment (1094958667), bEnabled (1), bPopulated (0), eCompressionFormat (0x0), eColorFormat (0x7fa30c03)
10-20 13:27:17.044 E/OMX-VDEC-1080P(  164): 
10-20 13:27:17.044 E/OMX-VDEC-1080P(  164):  Set the Output Buffer Idx: 11 Addr: 46778000, pmem_fd=9400052
10-20 13:27:17.044 E/OMX-VDEC-1080P(  164): Allocate done for all i/p buffers
10-20 13:27:17.044 E/OMX-VDEC-1080P(  164): 
10-20 13:27:17.044 E/OMX-VDEC-1080P(  164):  No color conversion required
10-20 13:27:17.044 E/OMX-VDEC-1080P(  164): Get_parameter: OMX_IndexParamPortDefinition: nPortIndex (1), nFrameWidth (800), nFrameHeight (430), nStride (896), nSliceHeight (448), nBitrate (0), xFramerate (0x1e), nBufferSize (606208), nBufferCountMin (18), nBufferCountActual (22), bBuffersContiguous (1076055960), nBufferAlignment (1094958667), bEnabled (1), bPopulated (0), eCompressionFormat (0x0), eColorFormat (0x7fa30c03)
10-20 13:27:17.044 E/OMX-VDEC-1080P(  164): 
10-20 13:27:17.044 E/OMX-VDEC-1080P(  164):  Set the Output Buffer Idx: 12 Addr: 46b60000, pmem_fd=9400054
10-20 13:27:17.044 E/OMX-VDEC-1080P(  164): Allocate done for all i/p buffers
10-20 13:27:17.044 E/OMX-VDEC-1080P(  164): 
10-20 13:27:17.044 E/OMX-VDEC-1080P(  164):  No color conversion required
10-20 13:27:17.044 E/OMX-VDEC-1080P(  164): Get_parameter: OMX_IndexParamPortDefinition: nPortIndex (1), nFrameWidth (800), nFrameHeight (430), nStride (896), nSliceHeight (448), nBitrate (0), xFramerate (0x1e), nBufferSize (606208), nBufferCountMin (18), nBufferCountActual (22), bBuffersContiguous (1076055960), nBufferAlignment (1094958667), bEnabled (1), bPopulated (0), eCompressionFormat (0x0), eColorFormat (0x7fa30c03)
10-20 13:27:17.044 E/OMX-VDEC-1080P(  164): 
10-20 13:27:17.044 E/OMX-VDEC-1080P(  164):  Set the Output Buffer Idx: 13 Addr: 472db000, pmem_fd=9400056
10-20 13:27:17.044 E/OMX-VDEC-1080P(  164): Allocate done for all i/p buffers
10-20 13:27:17.044 E/OMX-VDEC-1080P(  164): 
10-20 13:27:17.044 E/OMX-VDEC-1080P(  164):  No color conversion required
10-20 13:27:17.044 E/OMX-VDEC-1080P(  164): Get_parameter: OMX_IndexParamPortDefinition: nPortIndex (1), nFrameWidth (800), nFrameHeight (430), nStride (896), nSliceHeight (448), nBitrate (0), xFramerate (0x1e), nBufferSize (606208), nBufferCountMin (18), nBufferCountActual (22), bBuffersContiguous (1076055960), nBufferAlignment (1094958667), bEnabled (1), bPopulated (0), eCompressionFormat (0x0), eColorFormat (0x7fa30c03)
10-20 13:27:17.044 E/OMX-VDEC-1080P(  164): 
10-20 13:27:17.044 E/OMX-VDEC-1080P(  164):  Set the Output Buffer Idx: 14 Addr: 4748a000, pmem_fd=9400058
10-20 13:27:17.044 E/OMX-VDEC-1080P(  164): Allocate done for all i/p buffers
10-20 13:27:17.074 E/OMX-VDEC-1080P(  164): 
10-20 13:27:17.074 E/OMX-VDEC-1080P(  164):  No color conversion required
10-20 13:27:17.074 E/OMX-VDEC-1080P(  164): Get_parameter: OMX_IndexParamPortDefinition: nPortIndex (1), nFrameWidth (800), nFrameHeight (430), nStride (896), nSliceHeight (448), nBitrate (0), xFramerate (0x1e), nBufferSize (606208), nBufferCountMin (18), nBufferCountActual (22), bBuffersContiguous (1076055960), nBufferAlignment (1094958667), bEnabled (1), bPopulated (0), eCompressionFormat (0x0), eColorFormat (0x7fa30c03)
10-20 13:27:17.074 E/OMX-VDEC-1080P(  164): 
10-20 13:27:17.074 E/OMX-VDEC-1080P(  164):  Set the Output Buffer Idx: 15 Addr: 476fd000, pmem_fd=940005a
10-20 13:27:17.074 E/OMX-VDEC-1080P(  164): Allocate done for all i/p buffers
10-20 13:27:17.074 E/OMX-VDEC-1080P(  164): 
10-20 13:27:17.074 E/OMX-VDEC-1080P(  164):  No color conversion required
10-20 13:27:17.074 E/OMX-VDEC-1080P(  164): Get_parameter: OMX_IndexParamPortDefinition: nPortIndex (1), nFrameWidth (800), nFrameHeight (430), nStride (896), nSliceHeight (448), nBitrate (0), xFramerate (0x1e), nBufferSize (606208), nBufferCountMin (18), nBufferCountActual (22), bBuffersContiguous (1076055960), nBufferAlignment (1094958667), bEnabled (1), bPopulated (0), eCompressionFormat (0x0), eColorFormat (0x7fa30c03)
10-20 13:27:17.074 E/OMX-VDEC-1080P(  164): 
10-20 13:27:17.074 E/OMX-VDEC-1080P(  164):  Set the Output Buffer Idx: 16 Addr: 47922000, pmem_fd=940005c
10-20 13:27:17.074 E/OMX-VDEC-1080P(  164): Allocate done for all i/p buffers
10-20 13:27:17.074 E/OMX-VDEC-1080P(  164): 
10-20 13:27:17.074 E/OMX-VDEC-1080P(  164):  No color conversion required
10-20 13:27:17.074 E/OMX-VDEC-1080P(  164): Get_parameter: OMX_IndexParamPortDefinition: nPortIndex (1), nFrameWidth (800), nFrameHeight (430), nStride (896), nSliceHeight (448), nBitrate (0), xFramerate (0x1e), nBufferSize (606208), nBufferCountMin (18), nBufferCountActual (22), bBuffersContiguous (1076055960), nBufferAlignment (1094958667), bEnabled (1), bPopulated (0), eCompressionFormat (0x0), eColorFormat (0x7fa30c03)
10-20 13:27:17.074 E/OMX-VDEC-1080P(  164): 
10-20 13:27:17.074 E/OMX-VDEC-1080P(  164):  Set the Output Buffer Idx: 17 Addr: 47b27000, pmem_fd=940005e
10-20 13:27:17.074 E/OMX-VDEC-1080P(  164): Allocate done for all i/p buffers
10-20 13:27:17.074 E/OMX-VDEC-1080P(  164): 
10-20 13:27:17.074 E/OMX-VDEC-1080P(  164):  No color conversion required
10-20 13:27:17.074 E/OMX-VDEC-1080P(  164): Get_parameter: OMX_IndexParamPortDefinition: nPortIndex (1), nFrameWidth (800), nFrameHeight (430), nStride (896), nSliceHeight (448), nBitrate (0), xFramerate (0x1e), nBufferSize (606208), nBufferCountMin (18), nBufferCountActual (22), bBuffersContiguous (1076055960), nBufferAlignment (1094958667), bEnabled (1), bPopulated (0), eCompressionFormat (0x0), eColorFormat (0x7fa30c03)
10-20 13:27:17.074 E/OMX-VDEC-1080P(  164): 
10-20 13:27:17.074 E/OMX-VDEC-1080P(  164):  Set the Output Buffer Idx: 18 Addr: 47d29000, pmem_fd=9400060
10-20 13:27:17.074 E/OMX-VDEC-1080P(  164): Allocate done for all i/p buffers
10-20 13:27:17.074 E/OMX-VDEC-1080P(  164): 
10-20 13:27:17.074 E/OMX-VDEC-1080P(  164):  No color conversion required
10-20 13:27:17.074 E/OMX-VDEC-1080P(  164): Get_parameter: OMX_IndexParamPortDefinition: nPortIndex (1), nFrameWidth (800), nFrameHeight (430), nStride (896), nSliceHeight (448), nBitrate (0), xFramerate (0x1e), nBufferSize (606208), nBufferCountMin (18), nBufferCountActual (22), bBuffersContiguous (1076055960), nBufferAlignment (1094958667), bEnabled (1), bPopulated (0), eCompressionFormat (0x0), eColorFormat (0x7fa30c03)
10-20 13:27:17.074 E/OMX-VDEC-1080P(  164): 
10-20 13:27:17.074 E/OMX-VDEC-1080P(  164):  Set the Output Buffer Idx: 19 Addr: 47f8e000, pmem_fd=9400062
10-20 13:27:17.084 E/OMX-VDEC-1080P(  164): Allocate done for all i/p buffers
10-20 13:27:17.084 E/OMX-VDEC-1080P(  164): 
10-20 13:27:17.084 E/OMX-VDEC-1080P(  164):  No color conversion required
10-20 13:27:17.084 E/OMX-VDEC-1080P(  164): Get_parameter: OMX_IndexParamPortDefinition: nPortIndex (1), nFrameWidth (800), nFrameHeight (430), nStride (896), nSliceHeight (448), nBitrate (0), xFramerate (0x1e), nBufferSize (606208), nBufferCountMin (18), nBufferCountActual (22), bBuffersContiguous (1076055960), nBufferAlignment (1094958667), bEnabled (1), bPopulated (0), eCompressionFormat (0x0), eColorFormat (0x7fa30c03)
10-20 13:27:17.084 E/OMX-VDEC-1080P(  164): 
10-20 13:27:17.084 E/OMX-VDEC-1080P(  164):  Set the Output Buffer Idx: 20 Addr: 481b3000, pmem_fd=9400064
10-20 13:27:17.084 E/OMX-VDEC-1080P(  164): Allocate done for all i/p buffers
10-20 13:27:17.084 E/OMX-VDEC-1080P(  164): 
10-20 13:27:17.084 E/OMX-VDEC-1080P(  164):  No color conversion required
10-20 13:27:17.084 E/OMX-VDEC-1080P(  164): Get_parameter: OMX_IndexParamPortDefinition: nPortIndex (1), nFrameWidth (800), nFrameHeight (430), nStride (896), nSliceHeight (448), nBitrate (0), xFramerate (0x1e), nBufferSize (606208), nBufferCountMin (18), nBufferCountActual (22), bBuffersContiguous (1076055960), nBufferAlignment (1094958667), bEnabled (1), bPopulated (0), eCompressionFormat (0x0), eColorFormat (0x7fa30c03)
10-20 13:27:17.084 E/OMX-VDEC-1080P(  164): 
10-20 13:27:17.084 E/OMX-VDEC-1080P(  164):  Set the Output Buffer Idx: 21 Addr: 48447000, pmem_fd=9400066
10-20 13:27:17.084 E/OMX-VDEC-1080P(  164): Allocate done for all i/p buffers
10-20 13:27:17.084 E/OMX-VDEC-1080P(  164): Allocate done for all o/p buffers
10-20 13:27:17.084 E/OMX-VDEC-1080P(  164): 
10-20 13:27:17.084 E/OMX-VDEC-1080P(  164):  OMX_CommandStateSet complete, m_state = 2
10-20 13:27:17.084 E/OMX-VDEC-1080P(  164): 
10-20 13:27:17.084 E/OMX-VDEC-1080P(  164):  send_command_proxy(): Current State 2, Expected State 3
10-20 13:27:17.084 E/OMX-VDEC-1080P(  164): 
10-20 13:27:17.084 E/OMX-VDEC-1080P(  164):  send_command_proxy(): OMX_CommandStateSet issued
10-20 13:27:17.084 E/OMX-VDEC-1080P(  164): 
10-20 13:27:17.084 E/OMX-VDEC-1080P(  164):  Current State 2, Expected State 3
10-20 13:27:17.224 E/OMX-VDEC-1080P(  164): 
10-20 13:27:17.224 E/OMX-VDEC-1080P(  164):  Rxd OMX_COMPONENT_GENERATE_START_DONE
10-20 13:27:18.235 V/aMPdroid_VIDEO(15097): onVideoSizeChanged called
10-20 13:27:18.245 D/aMPdroid_VIDEO(15097): Setting surface to 1196x642
10-20 13:27:18.245 D/aMPdroid_VIDEO(15097): onPrepared called
10-20 13:27:18.245 V/aMPdroid_VIDEO(15097): startVideoPlayback
10-20 13:27:18.265 D/aMPdroid(15097): Set overlay image to null
10-20 13:27:18.295 E/OMX-VDEC-1080P(  164): 
10-20 13:27:18.295 E/OMX-VDEC-1080P(  164):  Port settings changed
10-20 13:27:18.295 E/OMX-VDEC-1080P(  164): 
10-20 13:27:18.295 E/OMX-VDEC-1080P(  164):  Rxd OMX_COMPONENT_GENERATE_PORT_RECONFIG
10-20 13:27:18.295 E/OMX-VDEC-1080P(  164): 
10-20 13:27:18.295 E/OMX-VDEC-1080P(  164):  send_command_proxy(): Current State 3, Expected State 1
10-20 13:27:18.295 E/OMX-VDEC-1080P(  164): 
10-20 13:27:18.295 E/OMX-VDEC-1080P(  164):  send_command_proxy(): OMX_CommandPortDisable issuedwith param1: 1
10-20 13:27:18.295 E/OMX-VDEC-1080P(  164): ION: free: handle(0xEE32B940), len(2523136), fd(0x39)
10-20 13:27:18.295 I/OMXNodeInstance(  164): OMX_FreeBuffer for buffer header 0x40072698 successful
10-20 13:27:18.295 I/OMXNodeInstance(  164): OMX_FreeBuffer for buffer header 0x40072648 successful
10-20 13:27:18.295 E/OMX-VDEC-1080P(  164): 
10-20 13:27:18.295 E/OMX-VDEC-1080P(  164):  Driver flush o/p Port complete
10-20 13:27:18.295 E/OMX-VDEC-1080P(  164): 
10-20 13:27:18.295 E/OMX-VDEC-1080P(  164):  OMX flush o/p Port complete PenBuf(0)
10-20 13:27:18.295 I/OMXNodeInstance(  164): OMX_FreeBuffer for buffer header 0x40072008 successful
10-20 13:27:18.295 I/OMXNodeInstance(  164): OMX_FreeBuffer for buffer header 0x40072058 successful
10-20 13:27:18.295 I/OMXNodeInstance(  164): OMX_FreeBuffer for buffer header 0x400720a8 successful
10-20 13:27:18.295 I/OMXNodeInstance(  164): OMX_FreeBuffer for buffer header 0x400720f8 successful
10-20 13:27:18.295 I/OMXNodeInstance(  164): OMX_FreeBuffer for buffer header 0x40072148 successful
10-20 13:27:18.295 I/OMXNodeInstance(  164): OMX_FreeBuffer for buffer header 0x40072198 successful
10-20 13:27:18.295 I/OMXNodeInstance(  164): OMX_FreeBuffer for buffer header 0x400721e8 successful
10-20 13:27:18.295 I/OMXNodeInstance(  164): OMX_FreeBuffer for buffer header 0x40072238 successful
10-20 13:27:18.295 I/OMXNodeInstance(  164): OMX_FreeBuffer for buffer header 0x40072288 successful
10-20 13:27:18.295 I/OMXNodeInstance(  164): OMX_FreeBuffer for buffer header 0x400722d8 successful
10-20 13:27:18.295 I/OMXNodeInstance(  164): OMX_FreeBuffer for buffer header 0x40072328 successful
10-20 13:27:18.295 I/OMXNodeInstance(  164): OMX_FreeBuffer for buffer header 0x40072378 successful
10-20 13:27:18.295 I/OMXNodeInstance(  164): OMX_FreeBuffer for buffer header 0x400723c8 successful
10-20 13:27:18.295 I/OMXNodeInstance(  164): OMX_FreeBuffer for buffer header 0x40072418 successful
10-20 13:27:18.295 I/OMXNodeInstance(  164): OMX_FreeBuffer for buffer header 0x40072468 successful
10-20 13:27:18.295 I/OMXNodeInstance(  164): OMX_FreeBuffer for buffer header 0x400724b8 successful
10-20 13:27:18.295 I/OMXNodeInstance(  164): OMX_FreeBuffer for buffer header 0x40072508 successful
10-20 13:27:18.305 I/OMXNodeInstance(  164): OMX_FreeBuffer for buffer header 0x40072558 successful
10-20 13:27:18.305 I/OMXNodeInstance(  164): OMX_FreeBuffer for buffer header 0x400725a8 successful
10-20 13:27:18.305 E/OMX-VDEC-1080P(  164): 
10-20 13:27:18.305 E/OMX-VDEC-1080P(  164):  ALL output buffers are freed/released
10-20 13:27:18.305 E/OMX-VDEC-1080P(  164): 
10-20 13:27:18.305 E/OMX-VDEC-1080P(  164):  OMX_CommandPortDisable complete for port [1]
10-20 13:27:18.305 E/OMX-VDEC-1080P(  164): 
10-20 13:27:18.305 E/OMX-VDEC-1080P(  164):  No color conversion required
10-20 13:27:18.305 I/OMXNodeInstance(  164): OMX_FreeBuffer for buffer header 0x400725f8 successful
10-20 13:27:18.305 E/OMX-VDEC-1080P(  164): 
10-20 13:27:18.305 E/OMX-VDEC-1080P(  164):  No color conversion required
10-20 13:27:18.305 E/OMX-VDEC-1080P(  164): Get_parameter: OMX_IndexParamPortDefinition: nPortIndex (1), nFrameWidth (800), nFrameHeight (430), nStride (896), nSliceHeight (448), nBitrate (19), xFramerate (0x1e), nBufferSize (606208), nBufferCountMin (3), nBufferCountActual (7), bBuffersContiguous (0), nBufferAlignment (1145105480), bEnabled (0), bPopulated (0), eCompressionFormat (0x0), eColorFormat (0x7fa30c03)
10-20 13:27:18.305 E/OMX-VDEC-1080P(  164): get_config: unknown param 117440527
10-20 13:27:18.305 I/OMXCodec(  164): [OMX.qcom.video.decoder.avc] video dimensions are 800 x 430
10-20 13:27:18.305 E/OMX-VDEC-1080P(  164): 
10-20 13:27:18.305 E/OMX-VDEC-1080P(  164):  send_command_proxy(): Current State 3, Expected State 1
10-20 13:27:18.305 E/OMX-VDEC-1080P(  164): 
10-20 13:27:18.305 E/OMX-VDEC-1080P(  164):  send_command_proxy(): OMX_CommandPortEnable issuedwith param1: 1
10-20 13:27:18.305 E/OMX-VDEC-1080P(  164): 
10-20 13:27:18.305 E/OMX-VDEC-1080P(  164):  No color conversion required
10-20 13:27:18.305 E/OMX-VDEC-1080P(  164): Get_parameter: OMX_IndexParamPortDefinition: nPortIndex (1), nFrameWidth (800), nFrameHeight (430), nStride (896), nSliceHeight (448), nBitrate (4), xFramerate (0x1e), nBufferSize (606208), nBufferCountMin (3), nBufferCountActual (7), bBuffersContiguous (1137929316), nBufferAlignment (1145099688), bEnabled (1), bPopulated (0), eCompressionFormat (0x0), eColorFormat (0x7fa30c03)
10-20 13:27:18.305 E/OMX-VDEC-1080P(  164): 
10-20 13:27:18.305 E/OMX-VDEC-1080P(  164):  No color conversion required
10-20 13:27:18.305 E/OMX-VDEC-1080P(  164): Get_parameter: OMX_IndexParamPortDefinition: nPortIndex (1), nFrameWidth (800), nFrameHeight (430), nStride (896), nSliceHeight (448), nBitrate (0), xFramerate (0x1e), nBufferSize (606208), nBufferCountMin (3), nBufferCountActual (7), bBuffersContiguous (1076055960), nBufferAlignment (1094958667), bEnabled (1), bPopulated (0), eCompressionFormat (0x0), eColorFormat (0x7fa30c03)
10-20 13:27:18.305 E/OMX-VDEC-1080P(  164): Use_op_buf:Allocating output headers
10-20 13:27:18.305 E/OMX-VDEC-1080P(  164): 
10-20 13:27:18.305 E/OMX-VDEC-1080P(  164):  Use o/p buffer case - Header List allocation
10-20 13:27:18.305 E/OMX-VDEC-1080P(  164): GET_MV_BUFFER_SIZE returned: Size: 114688 and alignment: 8192
10-20 13:27:18.305 E/OMX-VDEC-1080P(  164): ION: alloc_data: handle(0xE75E9800), len(802816), align(8192), flags(0x2000100), fd_data: handle(0xe75e9800), fd(0x39)
10-20 13:27:18.305 E/OMX-VDEC-1080P(  164): 
10-20 13:27:18.305 E/OMX-VDEC-1080P(  164):  Set the Output Buffer Idx: 0 Addr: 43407000, pmem_fd=940003a
10-20 13:27:18.305 E/OMX-VDEC-1080P(  164): Allocate done for all i/p buffers
10-20 13:27:18.305 E/OMX-VDEC-1080P(  164): 
10-20 13:27:18.305 E/OMX-VDEC-1080P(  164):  No color conversion required
10-20 13:27:18.305 E/OMX-VDEC-1080P(  164): Get_parameter: OMX_IndexParamPortDefinition: nPortIndex (1), nFrameWidth (800), nFrameHeight (430), nStride (896), nSliceHeight (448), nBitrate (0), xFramerate (0x1e), nBufferSize (606208), nBufferCountMin (3), nBufferCountActual (7), bBuffersContiguous (1076055960), nBufferAlignment (1094958667), bEnabled (1), bPopulated (0), eCompressionFormat (0x0), eColorFormat (0x7fa30c03)
10-20 13:27:18.305 E/OMX-VDEC-1080P(  164): 
10-20 13:27:18.305 E/OMX-VDEC-1080P(  164):  Set the Output Buffer Idx: 1 Addr: 43d37000, pmem_fd=9400040
10-20 13:27:18.305 E/OMX-VDEC-1080P(  164): Allocate done for all i/p buffers
10-20 13:27:18.315 E/OMX-VDEC-1080P(  164): 
10-20 13:27:18.315 E/OMX-VDEC-1080P(  164):  No color conversion required
10-20 13:27:18.315 E/OMX-VDEC-1080P(  164): Get_parameter: OMX_IndexParamPortDefinition: nPortIndex (1), nFrameWidth (800), nFrameHeight (430), nStride (896), nSliceHeight (448), nBitrate (0), xFramerate (0x1e), nBufferSize (606208), nBufferCountMin (3), nBufferCountActual (7), bBuffersContiguous (1076055960), nBufferAlignment (1094958667), bEnabled (1), bPopulated (0), eCompressionFormat (0x0), eColorFormat (0x7fa30c03)
10-20 13:27:18.315 E/OMX-VDEC-1080P(  164): 
10-20 13:27:18.315 E/OMX-VDEC-1080P(  164):  Set the Output Buffer Idx: 2 Addr: 44719000, pmem_fd=9400042
10-20 13:27:18.315 E/OMX-VDEC-1080P(  164): Allocate done for all i/p buffers
10-20 13:27:18.315 E/OMX-VDEC-1080P(  164): 
10-20 13:27:18.315 E/OMX-VDEC-1080P(  164):  No color conversion required
10-20 13:27:18.315 E/OMX-VDEC-1080P(  164): Get_parameter: OMX_IndexParamPortDefinition: nPortIndex (1), nFrameWidth (800), nFrameHeight (430), nStride (896), nSliceHeight (448), nBitrate (0), xFramerate (0x1e), nBufferSize (606208), nBufferCountMin (3), nBufferCountActual (7), bBuffersContiguous (1076055960), nBufferAlignment (1094958667), bEnabled (1), bPopulated (0), eCompressionFormat (0x0), eColorFormat (0x7fa30c03)
10-20 13:27:18.315 E/OMX-VDEC-1080P(  164): 
10-20 13:27:18.315 E/OMX-VDEC-1080P(  164):  Set the Output Buffer Idx: 3 Addr: 449a4000, pmem_fd=9400044
10-20 13:27:18.315 E/OMX-VDEC-1080P(  164): Allocate done for all i/p buffers
10-20 13:27:18.315 E/OMX-VDEC-1080P(  164): 
10-20 13:27:18.315 E/OMX-VDEC-1080P(  164):  No color conversion required
10-20 13:27:18.315 E/OMX-VDEC-1080P(  164): Get_parameter: OMX_IndexParamPortDefinition: nPortIndex (1), nFrameWidth (800), nFrameHeight (430), nStride (896), nSliceHeight (448), nBitrate (0), xFramerate (0x1e), nBufferSize (606208), nBufferCountMin (3), nBufferCountActual (7), bBuffersContiguous (1076055960), nBufferAlignment (1094958667), bEnabled (1), bPopulated (0), eCompressionFormat (0x0), eColorFormat (0x7fa30c03)
10-20 13:27:18.315 E/OMX-VDEC-1080P(  164): 
10-20 13:27:18.315 E/OMX-VDEC-1080P(  164):  Set the Output Buffer Idx: 4 Addr: 44c2f000, pmem_fd=9400046
10-20 13:27:18.315 E/OMX-VDEC-1080P(  164): Allocate done for all i/p buffers
10-20 13:27:18.315 E/OMX-VDEC-1080P(  164): 
10-20 13:27:18.315 E/OMX-VDEC-1080P(  164):  No color conversion required
10-20 13:27:18.315 E/OMX-VDEC-1080P(  164): Get_parameter: OMX_IndexParamPortDefinition: nPortIndex (1), nFrameWidth (800), nFrameHeight (430), nStride (896), nSliceHeight (448), nBitrate (0), xFramerate (0x1e), nBufferSize (606208), nBufferCountMin (3), nBufferCountActual (7), bBuffersContiguous (1076055960), nBufferAlignment (1094958667), bEnabled (1), bPopulated (0), eCompressionFormat (0x0), eColorFormat (0x7fa30c03)
10-20 13:27:18.315 E/OMX-VDEC-1080P(  164): 
10-20 13:27:18.315 E/OMX-VDEC-1080P(  164):  Set the Output Buffer Idx: 5 Addr: 45358000, pmem_fd=9400048
10-20 13:27:18.315 E/OMX-VDEC-1080P(  164): Allocate done for all i/p buffers
10-20 13:27:18.315 E/OMX-VDEC-1080P(  164): 
10-20 13:27:18.315 E/OMX-VDEC-1080P(  164):  No color conversion required
10-20 13:27:18.315 E/OMX-VDEC-1080P(  164): Get_parameter: OMX_IndexParamPortDefinition: nPortIndex (1), nFrameWidth (800), nFrameHeight (430), nStride (896), nSliceHeight (448), nBitrate (0), xFramerate (0x1e), nBufferSize (606208), nBufferCountMin (3), nBufferCountActual (7), bBuffersContiguous (1076055960), nBufferAlignment (1094958667), bEnabled (1), bPopulated (0), eCompressionFormat (0x0), eColorFormat (0x7fa30c03)
10-20 13:27:18.315 E/OMX-VDEC-1080P(  164): 
