10-20 13:25:31.781 D/AndroidRuntime(26476): 
10-20 13:25:31.781 D/AndroidRuntime(26476): >>>>>> AndroidRuntime START com.android.internal.os.RuntimeInit <<<<<<
10-20 13:25:31.781 D/AndroidRuntime(26476): CheckJNI is OFF
10-20 13:25:31.791 D/dalvikvm(26476): Trying to load lib libjavacore.so 0x0
10-20 13:25:31.791 D/dalvikvm(26476): Added shared lib libjavacore.so 0x0
10-20 13:25:31.801 D/dalvikvm(26476): Trying to load lib libnativehelper.so 0x0
10-20 13:25:31.801 D/dalvikvm(26476): Added shared lib libnativehelper.so 0x0
10-20 13:25:31.972 D/AndroidRuntime(26476): Calling main entry com.android.commands.am.Am
10-20 13:25:31.972 D/dalvikvm(26476): Note: class Landroid/app/ActivityManagerNative; has 158 unimplemented (abstract) methods
10-20 13:25:31.992 D/AndroidRuntime(26487): 
10-20 13:25:31.992 D/AndroidRuntime(26487): >>>>>> AndroidRuntime START com.android.internal.os.RuntimeInit <<<<<<
10-20 13:25:32.022 D/AndroidRuntime(26476): Shutting down VM
10-20 13:25:32.022 D/AndroidRuntime(26487): CheckJNI is OFF
10-20 13:25:32.032 D/dalvikvm(26476): GC_CONCURRENT freed 93K, 16% free 508K/604K, paused 0ms+1ms, total 5ms
10-20 13:25:32.042 V/PhoneStatusBar(  785): setLightsOn(true)
10-20 13:25:32.042 D/dalvikvm(26487): Trying to load lib libjavacore.so 0x0
10-20 13:25:32.052 D/dalvikvm(26487): Added shared lib libjavacore.so 0x0
10-20 13:25:32.052 D/AndroidRuntime(26493): 
10-20 13:25:32.052 D/AndroidRuntime(26493): >>>>>> AndroidRuntime START com.android.internal.os.RuntimeInit <<<<<<
10-20 13:25:32.052 D/AndroidRuntime(26493): CheckJNI is OFF
10-20 13:25:32.062 D/dalvikvm(26487): Trying to load lib libnativehelper.so 0x0
10-20 13:25:32.062 D/dalvikvm(26487): Added shared lib libnativehelper.so 0x0
10-20 13:25:32.062 D/dalvikvm(26493): Trying to load lib libjavacore.so 0x0
10-20 13:25:32.072 D/dalvikvm(26493): Added shared lib libjavacore.so 0x0
10-20 13:25:32.082 D/dalvikvm(26493): Trying to load lib libnativehelper.so 0x0
10-20 13:25:32.082 D/dalvikvm(26493): Added shared lib libnativehelper.so 0x0
10-20 13:25:32.152 D/dalvikvm( 5418): GC_CONCURRENT freed 1950K, 34% free 8577K/12908K, paused 3ms+6ms, total 69ms
10-20 13:25:32.152 D/dalvikvm( 5418): WAIT_FOR_CONCURRENT_GC blocked 9ms
10-20 13:25:32.272 D/overlay (  161): Set pipe=RGB1 dpy=0; Set pipe=VG0 dpy=0; 
10-20 13:25:32.292 D/AndroidRuntime(26493): Calling main entry com.android.commands.am.Am
10-20 13:25:32.302 D/dalvikvm(26493): Note: class Landroid/app/ActivityManagerNative; has 158 unimplemented (abstract) methods
10-20 13:25:32.312 D/AndroidRuntime(26493): Shutting down VM
10-20 13:25:32.312 D/dalvikvm(26493): GC_CONCURRENT freed 93K, 16% free 508K/604K, paused 0ms+0ms, total 2ms
10-20 13:25:32.312 D/AndroidRuntime(26487): Calling main entry com.android.commands.am.Am
10-20 13:25:32.312 D/dalvikvm(26487): Note: class Landroid/app/ActivityManagerNative; has 158 unimplemented (abstract) methods
10-20 13:25:32.332 D/AndroidRuntime(26487): Shutting down VM
10-20 13:25:32.332 D/dalvikvm(26487): GC_CONCURRENT freed 93K, 16% free 508K/604K, paused 1ms+1ms, total 3ms
10-20 13:25:32.652 D/overlay (  161): Unset pipe=VG0 dpy=0; Unset pipe=RGB1 dpy=0; 
10-20 13:25:32.732 D/dalvikvm( 2971): GC_CONCURRENT freed 2054K, 69% free 3436K/10880K, paused 5ms+2ms, total 37ms
10-20 13:25:32.732 D/dalvikvm( 2971): WAIT_FOR_CONCURRENT_GC blocked 11ms
10-20 13:25:33.123 D/overlay (  161): Set pipe=RGB1 dpy=0; Set pipe=VG0 dpy=0; Set pipe=VG1 dpy=0; 
10-20 13:25:34.294 D/overlay (  161): Unset pipe=VG0 dpy=0; Unset pipe=VG1 dpy=0; Unset pipe=RGB1 dpy=0; 
10-20 13:25:34.394 D/overlay (  161): Set pipe=RGB1 dpy=0; Set pipe=VG0 dpy=0; Set pipe=VG1 dpy=0; 
10-20 13:25:34.624 D/overlay (  161): Unset pipe=VG0 dpy=0; Unset pipe=VG1 dpy=0; Unset pipe=RGB1 dpy=0; 
10-20 13:25:35.125 D/overlay (  161): Set pipe=RGB1 dpy=0; Set pipe=VG0 dpy=0; 
10-20 13:25:38.388 D/overlay (  161): Unset pipe=VG0 dpy=0; Unset pipe=RGB1 dpy=0; 
10-20 13:25:38.449 D/overlay (  161): Set pipe=RGB1 dpy=0; Set pipe=VG0 dpy=0; 
10-20 13:25:38.539 D/dalvikvm( 5418): GC_CONCURRENT freed 2360K, 37% free 8175K/12908K, paused 3ms+5ms, total 72ms
10-20 13:25:42.753 D/overlay (  161): Unset pipe=VG0 dpy=0; Unset pipe=RGB1 dpy=0; 
10-20 13:25:42.933 D/overlay (  161): Set pipe=RGB1 dpy=0; Set pipe=VG0 dpy=0; Set pipe=VG1 dpy=0; 
10-20 13:25:43.904 D/dalvikvm(  921): GC_EXPLICIT freed 626K, 42% free 6329K/10880K, paused 3ms+5ms, total 41ms
10-20 13:25:45.116 I/ActivityManager(  561): START u0 {act=com.android.systemui.recent.action.TOGGLE_RECENTS flg=0x10800000 cmp=com.android.systemui/.recent.RecentsActivity (has extras)} from pid 785
10-20 13:25:45.316 D/overlay (  161): Unset pipe=VG0 dpy=0; Unset pipe=VG1 dpy=0; Unset pipe=RGB1 dpy=0; 
10-20 13:25:45.606 D/overlay (  161): Set pipe=RGB1 dpy=0; Set pipe=VG0 dpy=0; Set pipe=VG1 dpy=0; 
10-20 13:25:46.507 W/GoogleAnalyticsTracker(15097): Store full. Not storing last event.
10-20 13:25:46.507 D/aMPdroid(15097): Add new listener class com.mediaportal.ampdroid.activities.mediaplayback.ActivityStreamingDetails
10-20 13:25:46.507 D/aMPdroid(15097): Number of listeners: 2
10-20 13:25:46.507 W/GoogleAnalyticsTracker(15097): Store full. Not storing last event.
10-20 13:25:46.507 I/aMPdroid(15097): getting playback session state from db
10-20 13:25:46.577 D/overlay (  161): Unset pipe=VG0 dpy=0; Unset pipe=VG1 dpy=0; Unset pipe=RGB1 dpy=0; 
10-20 13:25:46.867 D/overlay (  161): Set pipe=RGB1 dpy=0; Set pipe=VG0 dpy=0; 
10-20 13:25:47.028 D/dalvikvm(  561): GC_CONCURRENT freed 6162K, 38% free 27207K/43252K, paused 7ms+10ms, total 150ms
10-20 13:25:48.850 I/ActivityManager(  561): START u0 {cmp=com.mediaportal.ampdroid/.activities.mediaplayback.ActivityVideoPlayer (has extras)} from pid 15097
10-20 13:25:48.890 I/InputReader(  561): Reconfiguring input devices.  changes=0x00000004
10-20 13:25:48.890 I/InputReader(  561): Device reconfigured: id=6, name='touch_dev', size 768x1280, orientation 1, mode 1, display id 0
10-20 13:25:48.890 I/ActivityManager(  561): Config changes=480 {1.0 262mcc2mnc de_DE ldltr sw384dp w598dp h359dp 320dpi nrml land finger -keyb/v/h -nav/h s.85 themeResource=null}
10-20 13:25:48.900 D/overlay (  161): Unset pipe=VG0 dpy=0; Unset pipe=RGB1 dpy=0; 
10-20 13:25:48.980 D/aMPdroid(15097): Current screen width: 1196x768
10-20 13:25:48.980 D/aMPdroid(15097): Starting UI Handler
10-20 13:25:48.990 I/aMPdroid(15097): Started FragmentVideoPlayer with provider: 3, itemId: 3, mediatype: Movie, offset: 0
10-20 13:25:48.990 E/aMPdroid(15097): java.net.SocketException: Socket closed
10-20 13:25:48.990 D/dalvikvm(  785): GC_FOR_ALLOC freed 13896K, 71% free 9693K/32540K, paused 27ms, total 27ms
10-20 13:25:48.990 I/dalvikvm-heap(  785): Grow heap (frag case) to 19.308MB for 7864336-byte allocation
10-20 13:25:49.020 D/dalvikvm(  785): GC_CONCURRENT freed 420K, 48% free 16953K/32540K, paused 2ms+3ms, total 24ms
10-20 13:25:49.030 D/aMPdroid(15097): realheight onCreateView: 0
10-20 13:25:49.030 W/GoogleAnalyticsTracker(15097): Store full. Not storing last event.
10-20 13:25:49.030 D/aMPdroid(15097): Add new listener class com.mediaportal.ampdroid.activities.mediaplayback.ActivityVideoPlayer
10-20 13:25:49.030 D/aMPdroid(15097): Number of listeners: 3
10-20 13:25:49.030 W/GoogleAnalyticsTracker(15097): Store full. Not storing last event.
10-20 13:25:49.030 D/aMPdroid(15097): MediaPlayer onResume
10-20 13:25:49.040 D/aMPdroid(15097): MediaPlayer onStart, screen on -> start playback
10-20 13:25:49.040 I/aMPdroid(15097): Downloading overlay for position 0
10-20 13:25:49.040 I/aMPdroid(15097): Start streaming task
10-20 13:25:49.040 D/aMPdroid(15097): Called url http://192.168.77.21:4322/MPExtended/StreamingService/stream/ExtractImageResized?provider=3&type=0&itemId=3&position=0&maxWidth=0&maxHeight=0
10-20 13:25:49.040 D/aMPdroid(15097): Called url http://192.168.77.21:4322/MPExtended/MediaAccessService/json/GetFileInfo?provider=3&id=3&mediatype=0&filetype=0&offset=0
10-20 13:25:49.080 D/aMPdroid_VIDEO(15097): surfaceCreated called
10-20 13:25:49.080 D/aMPdroid(15097): surfaceChanged called: 4, 1196x718
10-20 13:25:49.140 I/ActivityManager(  561): Displayed com.mediaportal.ampdroid/.activities.mediaplayback.ActivityVideoPlayer: +264ms
10-20 13:25:49.150 E/BufferQueue(  161): [com.android.systemui.ImageWallpaper] connect: already connected (cur=2, req=1)
10-20 13:25:49.150 E/libEGL  (  785): EGLNativeWindowType 0x728c1540 already connected to another API
10-20 13:25:49.160 E/libEGL  (  785): eglCreateWindowSurface:298 error 300b (EGL_BAD_NATIVE_WINDOW)
10-20 13:25:49.160 E/ImageWallpaperGL(  785): createWindowSurface returned EGL_BAD_NATIVE_WINDOW.
10-20 13:25:49.170 D/BluetoothAdapter(  785): 1107374992: getState() :  mService = null. Returning STATE_OFF
10-20 13:25:49.180 D/aMPdroid(15097): Remove listener class com.mediaportal.ampdroid.activities.mediaplayback.ActivityStreamingDetails
10-20 13:25:49.180 D/aMPdroid(15097): Number of listeners: 2
10-20 13:25:49.600 D/dalvikvm(15097): GC_FOR_ALLOC freed 4117K, 11% free 52809K/59120K, paused 250ms, total 251ms
10-20 13:25:49.610 I/dalvikvm-heap(15097): Grow heap (frag case) to 57.271MB for 3522576-byte allocation
10-20 13:25:49.620 W/MediaPlayer-JNI(15097): MediaPlayer finalized without being released
10-20 13:25:49.620 W/AudioFlinger(  164): session id 222 not found for pid 15097
10-20 13:25:49.630 D/aMPdroid(15097): Set overlay image to bitmap
10-20 13:25:49.640 D/aMPdroid(15097): Called url http://192.168.77.21:4322/MPExtended/StreamingService/json/GetMediaInfo?provider=3&itemId=3&type=0&offset=0
10-20 13:25:49.771 D/overlay (  161): Set pipe=RGB1 dpy=0; Set pipe=VG0 dpy=0; 
10-20 13:25:50.071 I/aMPdroid(15097): Initialising Media Stream (type:Movie, id: 3)
10-20 13:25:50.071 D/aMPdroid(15097): Called url http://192.168.77.21:4322/MPExtended/StreamingService/json/InitStream?provider=3&type=0&itemId=3&offset=0&clientDescription=aMPdroid%40nexus4&identifier=aMPdroid.1704442279.ts
10-20 13:25:50.281 I/aMPdroid(15097): Initialising finished with result: true
10-20 13:25:50.281 I/aMPdroid(15097): Starting Media Stream (type:Movie, pos: 0, profile: Android FFmpeg HQ, audio: -1, sub: -2)
10-20 13:25:50.281 D/aMPdroid(15097): Called url http://192.168.77.21:4322/MPExtended/StreamingService/json/StartStreamWithStreamSelection?startPosition=0&profileName=Android+FFmpeg+HQ&identifier=aMPdroid.1704442279.ts&audioId=-1&subtitleId=-2
10-20 13:25:50.692 I/aMPdroid(15097): New Streaming url: http://192.168.77.21:4322/MPExtended/StreamingService/stream/RetrieveStream?identifier=aMPdroid.1704442279.ts
10-20 13:25:50.722 D/aMPdroid_VIDEO(15097): Setting up MediaPlayer
10-20 13:25:50.732 I/AwesomePlayer(  164): setDataSource_l(URL suppressed)
10-20 13:25:50.732 D/aMPdroid_VIDEO(15097): MediaPlayer ready for playback
10-20 13:25:50.732 D/aMPdroid(15097): realheight playVideo: 718
10-20 13:25:50.732 I/aMPdroid(15097): Finish StartStream AsyncTask
10-20 13:25:51.312 I/avc_utils(  164): found AVC codec config (800 x 430, Baseline-profile level 3.0)
10-20 13:25:51.312 I/ESQueue (  164): found AAC codec config (48000 Hz, 2 channels)
10-20 13:25:51.312 I/MPEG2TSExtractor(  164): haveAudio=1, haveVideo=1
10-20 13:25:51.312 E/OMX-VDEC-1080P(  164): In OMX vdec Constructor
10-20 13:25:51.312 E/OMX-VDEC-1080P(  164): vidc.dec.debug.ts value is 0
10-20 13:25:51.312 E/OMX-VDEC-1080P(  164): vidc.dec.debug.concealedmb value is 0
10-20 13:25:51.312 E/OMX-VDEC-1080P(  164): vidc.dec.debug.extradata value is 0
10-20 13:25:51.312 E/OMX-VDEC-1080P(  164): 
10-20 13:25:51.312 E/OMX-VDEC-1080P(  164):  omx_vdec::component_init(): Start of New Playback : role  = OMX.qcom.video.decoder.avc : DEVICE = /dev/msm_vidc_dec
10-20 13:25:51.342 E/OMX-VDEC-1080P(  164): 
10-20 13:25:51.342 E/OMX-VDEC-1080P(  164):  omx_vdec::component_init(): Open returned fd 42, errno 22
10-20 13:25:51.342 E/OMX-VDEC-1080P(  164): 
10-20 13:25:51.342 E/OMX-VDEC-1080P(  164):  omx_vdec::component_init() success
10-20 13:25:51.342 I/OMXCodec(  164): [OMX.qcom.video.decoder.avc] AVC profile = 66 (Baseline), level = 30
10-20 13:25:51.342 E/OMX-VDEC-1080P(  164): Get_parameter: OMX_IndexParamVideoPortFormat: nPortIndex (0), nIndex (0), eCompressionFormat (0x7), eColorFormat (0x0), xFramerate (0x4)
10-20 13:25:51.342 E/OMX-VDEC-1080P(  164): Set_parameter: OMX_IndexParamVideoPortFormat: nPortIndex (0), nIndex (0), eCompressionFormat (0x7), eColorFormat (0x0), xFramerate (0x4)
10-20 13:25:51.342 E/OMX-VDEC-1080P(  164): Get_parameter: OMX_IndexParamVideoPortFormat: nPortIndex (1), nIndex (0), eCompressionFormat (0x0), eColorFormat (0x7fa30c03), xFramerate (0x41258db0)
10-20 13:25:51.342 E/OMX-VDEC-1080P(  164): Set_parameter: OMX_IndexParamVideoPortFormat: nPortIndex (1), nIndex (0), eCompressionFormat (0x0), eColorFormat (0x7fa30c03), xFramerate (0x41258db0)
10-20 13:25:51.342 E/OMX-VDEC-1080P(  164): Get_parameter: OMX_IndexParamPortDefinition: nPortIndex (0), nFrameWidth (1920), nFrameHeight (1088), nStride (1920), nSliceHeight (1088), nBitrate (4), xFramerate (0x1e), nBufferSize (2097088), nBufferCountMin (1), nBufferCountActual (2), bBuffersContiguous (1125186832), nBufferAlignment (-1265270272), bEnabled (1), bPopulated (0), eCompressionFormat (0x7), eColorFormat (0x0)
10-20 13:25:51.342 E/OMX-VDEC-1080P(  164): Set_parameter: OMX_IndexParamPortDefinition: nPortIndex (0), nFrameWidth (800), nFrameHeight (430), nStride (1920), nSliceHeight (1088), nBitrate (4), xFramerate (0x1e), nBufferSize (2097088), nBufferCountMin (1), nBufferCountActual (2), bBuffersContiguous (1125186832), nBufferAlignment (-1265270272), bEnabled (1), bPopulated (0), eCompressionFormat (0x7), eColorFormat (0x0)
10-20 13:25:51.342 E/OMX-VDEC-1080P(  164): 
10-20 13:25:51.342 E/OMX-VDEC-1080P(  164):  No color conversion required
10-20 13:25:51.342 E/OMX-VDEC-1080P(  164): Get_parameter: OMX_IndexParamPortDefinition: nPortIndex (1), nFrameWidth (800), nFrameHeight (430), nStride (896), nSliceHeight (448), nBitrate (4), xFramerate (0x1e), nBufferSize (606208), nBufferCountMin (18), nBufferCountActual (22), bBuffersContiguous (1125186832), nBufferAlignment (-1265270272), bEnabled (1), bPopulated (0), eCompressionFormat (0x0), eColorFormat (0x7fa30c03)
10-20 13:25:51.342 E/OMX-VDEC-1080P(  164): 
10-20 13:25:51.342 E/OMX-VDEC-1080P(  164):  No color conversion required
10-20 13:25:51.342 E/OMX-VDEC-1080P(  164): Set_parameter: OMX_IndexParamPortDefinition: nPortIndex (1), nFrameWidth (800), nFrameHeight (430), nStride (896), nSliceHeight (448), nBitrate (4), xFramerate (0x1e), nBufferSize (606208), nBufferCountMin (18), nBufferCountActual (22), bBuffersContiguous (1125186832), nBufferAlignment (-1265270272), bEnabled (1), bPopulated (0), eCompressionFormat (0x0), eColorFormat (0x7fa30c03)
10-20 13:25:51.342 E/OMX-VDEC-1080P(  164): 
10-20 13:25:51.342 E/OMX-VDEC-1080P(  164):  No color conversion required
10-20 13:25:51.342 E/OMX-VDEC-1080P(  164): Get_parameter: OMX_IndexParamPortDefinition: nPortIndex (1), nFrameWidth (800), nFrameHeight (430), nStride (896), nSliceHeight (448), nBitrate (0), xFramerate (0x1e), nBufferSize (606208), nBufferCountMin (18), nBufferCountActual (22), bBuffersContiguous (1125186732), nBufferAlignment (1074009200), bEnabled (1), bPopulated (0), eCompressionFormat (0x0), eColorFormat (0x7fa30c03)
10-20 13:25:51.342 E/OMX-VDEC-1080P(  164): get_config: unknown param 117440527
10-20 13:25:51.342 I/OMXCodec(  164): [OMX.qcom.video.decoder.avc] video dimensions are 800 x 430
10-20 13:25:51.342 E/OMX-VDEC-1080P(  164): omx_vdec: Async thread start
10-20 13:25:51.342 E/OMX-VDEC-1080P(  164): omx_vdec: message thread start
10-20 13:25:51.342 E/OMX-VDEC-1080P(  164): 
10-20 13:25:51.342 E/OMX-VDEC-1080P(  164):  send_command_proxy(): Current State 1, Expected State 2
10-20 13:25:51.342 E/OMX-VDEC-1080P(  164): 
10-20 13:25:51.342 E/OMX-VDEC-1080P(  164):  send_command_proxy(): OMX_CommandStateSet issued
10-20 13:25:51.342 E/OMX-VDEC-1080P(  164): 
10-20 13:25:51.342 E/OMX-VDEC-1080P(  164):  Current State 1, Expected State 2
10-20 13:25:51.342 E/OMX-VDEC-1080P(  164): Get_parameter: OMX_IndexParamPortDefinition: nPortIndex (0), nFrameWidth (800), nFrameHeight (430), nStride (896), nSliceHeight (448), nBitrate (1094590472), xFramerate (0x1e), nBufferSize (2097088), nBufferCountMin (1), nBufferCountActual (2), bBuffersContiguous (0), nBufferAlignment (0), bEnabled (1), bPopulated (0), eCompressionFormat (0x7), eColorFormat (0x0)
10-20 13:25:51.342 E/OMX-VDEC-1080P(  164): 
10-20 13:25:51.342 E/OMX-VDEC-1080P(  164):  Allocate i/p buffer Header: Cnt(2) Sz(2097152)
10-20 13:25:51.342 E/OMX-VDEC-1080P(  164): ION: alloc_data: handle(0xED51BEC0), len(2097152), align(8192), flags(0x2000100), fd_data: handle(0xed51bec0), fd(0x34)
10-20 13:25:51.342 E/OMX-VDEC-1080P(  164): ION: alloc_data: handle(0xED51B840), len(2097152), align(8192), flags(0x2000100), fd_data: handle(0xed51b840), fd(0x36)
10-20 13:25:51.342 E/OMX-VDEC-1080P(  164): Allocate done for all i/p buffers
10-20 13:25:51.342 E/OMX-VDEC-1080P(  164): 
10-20 13:25:51.342 E/OMX-VDEC-1080P(  164):  No color conversion required
10-20 13:25:51.342 E/OMX-VDEC-1080P(  164): Get_parameter: OMX_IndexParamPortDefinition: nPortIndex (1), nFrameWidth (800), nFrameHeight (430), nStride (896), nSliceHeight (448), nBitrate (1), xFramerate (0x1e), nBufferSize (606208), nBufferCountMin (18), nBufferCountActual (22), bBuffersContiguous (1125186816), nBufferAlignment (1075372561), bEnabled (1), bPopulated (0), eCompressionFormat (0x0), eColorFormat (0x7fa30c03)
10-20 13:25:51.352 E/OMX-VDEC-1080P(  164): 
10-20 13:25:51.352 E/OMX-VDEC-1080P(  164):  No color conversion required
10-20 13:25:51.352 E/OMX-VDEC-1080P(  164): Get_parameter: OMX_IndexParamPortDefinition: nPortIndex (1), nFrameWidth (800), nFrameHeight (430), nStride (896), nSliceHeight (448), nBitrate (0), xFramerate (0x1e), nBufferSize (606208), nBufferCountMin (18), nBufferCountActual (22), bBuffersContiguous (1076055960), nBufferAlignment (1094958667), bEnabled (1), bPopulated (0), eCompressionFormat (0x0), eColorFormat (0x7fa30c03)
10-20 13:25:51.352 E/OMX-VDEC-1080P(  164): Use_op_buf:Allocating output headers
10-20 13:25:51.352 E/OMX-VDEC-1080P(  164): 
10-20 13:25:51.352 E/OMX-VDEC-1080P(  164):  Use o/p buffer case - Header List allocation
10-20 13:25:51.352 E/OMX-VDEC-1080P(  164): GET_MV_BUFFER_SIZE returned: Size: 114688 and alignment: 8192
10-20 13:25:51.352 E/OMX-VDEC-1080P(  164): ION: alloc_data: handle(0xC71BC9C0), len(2523136), align(8192), flags(0x2000100), fd_data: handle(0xc71bc9c0), fd(0x39)
10-20 13:25:51.352 E/OMX-VDEC-1080P(  164): 
10-20 13:25:51.352 E/OMX-VDEC-1080P(  164):  Set the Output Buffer Idx: 0 Addr: 43407000, pmem_fd=940003a
10-20 13:25:51.352 E/OMX-VDEC-1080P(  164): Allocate done for all i/p buffers
10-20 13:25:51.352 E/OMX-VDEC-1080P(  164): 
10-20 13:25:51.352 E/OMX-VDEC-1080P(  164):  No color conversion required
10-20 13:25:51.352 E/OMX-VDEC-1080P(  164): Get_parameter: OMX_IndexParamPortDefinition: nPortIndex (1), nFrameWidth (800), nFrameHeight (430), nStride (896), nSliceHeight (448), nBitrate (0), xFramerate (0x1e), nBufferSize (606208), nBufferCountMin (18), nBufferCountActual (22), bBuffersContiguous (1076055960), nBufferAlignment (1094958667), bEnabled (1), bPopulated (0), eCompressionFormat (0x0), eColorFormat (0x7fa30c03)
10-20 13:25:51.352 E/OMX-VDEC-1080P(  164): 
10-20 13:25:51.352 E/OMX-VDEC-1080P(  164):  Set the Output Buffer Idx: 1 Addr: 44346000, pmem_fd=940003e
10-20 13:25:51.352 E/OMX-VDEC-1080P(  164): Allocate done for all i/p buffers
10-20 13:25:51.352 E/OMX-VDEC-1080P(  164): 
10-20 13:25:51.352 E/OMX-VDEC-1080P(  164):  No color conversion required
10-20 13:25:51.352 E/OMX-VDEC-1080P(  164): Get_parameter: OMX_IndexParamPortDefinition: nPortIndex (1), nFrameWidth (800), nFrameHeight (430), nStride (896), nSliceHeight (448), nBitrate (0), xFramerate (0x1e), nBufferSize (606208), nBufferCountMin (18), nBufferCountActual (22), bBuffersContiguous (1076055960), nBufferAlignment (1094958667), bEnabled (1), bPopulated (0), eCompressionFormat (0x0), eColorFormat (0x7fa30c03)
10-20 13:25:51.352 E/OMX-VDEC-1080P(  164): 
10-20 13:25:51.352 E/OMX-VDEC-1080P(  164):  Set the Output Buffer Idx: 2 Addr: 446d5000, pmem_fd=9400040
10-20 13:25:51.352 E/OMX-VDEC-1080P(  164): Allocate done for all i/p buffers
10-20 13:25:51.362 E/OMX-VDEC-1080P(  164): 
10-20 13:25:51.362 E/OMX-VDEC-1080P(  164):  No color conversion required
10-20 13:25:51.362 E/OMX-VDEC-1080P(  164): Get_parameter: OMX_IndexParamPortDefinition: nPortIndex (1), nFrameWidth (800), nFrameHeight (430), nStride (896), nSliceHeight (448), nBitrate (0), xFramerate (0x1e), nBufferSize (606208), nBufferCountMin (18), nBufferCountActual (22), bBuffersContiguous (1076055960), nBufferAlignment (1094958667), bEnabled (1), bPopulated (0), eCompressionFormat (0x0), eColorFormat (0x7fa30c03)
10-20 13:25:51.362 E/OMX-VDEC-1080P(  164): 
10-20 13:25:51.362 E/OMX-VDEC-1080P(  164):  Set the Output Buffer Idx: 3 Addr: 44936000, pmem_fd=9400042
10-20 13:25:51.362 E/OMX-VDEC-1080P(  164): Allocate done for all i/p buffers
10-20 13:25:51.362 E/OMX-VDEC-1080P(  164): 
10-20 13:25:51.362 E/OMX-VDEC-1080P(  164):  No color conversion required
10-20 13:25:51.362 E/OMX-VDEC-1080P(  164): Get_parameter: OMX_IndexParamPortDefinition: nPortIndex (1), nFrameWidth (800), nFrameHeight (430), nStride (896), nSliceHeight (448), nBitrate (0), xFramerate (0x1e), nBufferSize (606208), nBufferCountMin (18), nBufferCountActual (22), bBuffersContiguous (1076055960), nBufferAlignment (1094958667), bEnabled (1), bPopulated (0), eCompressionFormat (0x0), eColorFormat (0x7fa30c03)
10-20 13:25:51.362 E/OMX-VDEC-1080P(  164): 
10-20 13:25:51.362 E/OMX-VDEC-1080P(  164):  Set the Output Buffer Idx: 4 Addr: 44bfe000, pmem_fd=9400044
10-20 13:25:51.362 E/OMX-VDEC-1080P(  164): Allocate done for all i/p buffers
10-20 13:25:51.362 E/OMX-VDEC-1080P(  164): 
10-20 13:25:51.362 E/OMX-VDEC-1080P(  164):  No color conversion required
10-20 13:25:51.362 E/OMX-VDEC-1080P(  164): Get_parameter: OMX_IndexParamPortDefinition: nPortIndex (1), nFrameWidth (800), nFrameHeight (430), nStride (896), nSliceHeight (448), nBitrate (0), xFramerate (0x1e), nBufferSize (606208), nBufferCountMin (18), nBufferCountActual (22), bBuffersContiguous (1076055960), nBufferAlignment (1094958667), bEnabled (1), bPopulated (0), eCompressionFormat (0x0), eColorFormat (0x7fa30c03)
10-20 13:25:51.362 E/OMX-VDEC-1080P(  164): 
10-20 13:25:51.362 E/OMX-VDEC-1080P(  164):  Set the Output Buffer Idx: 5 Addr: 44ef1000, pmem_fd=9400046
10-20 13:25:51.362 E/OMX-VDEC-1080P(  164): Allocate done for all i/p buffers
10-20 13:25:51.372 E/OMX-VDEC-1080P(  164): 
10-20 13:25:51.372 E/OMX-VDEC-1080P(  164):  No color conversion required
10-20 13:25:51.372 E/OMX-VDEC-1080P(  164): Get_parameter: OMX_IndexParamPortDefinition: nPortIndex (1), nFrameWidth (800), nFrameHeight (430), nStride (896), nSliceHeight (448), nBitrate (0), xFramerate (0x1e), nBufferSize (606208), nBufferCountMin (18), nBufferCountActual (22), bBuffersContiguous (1076055960), nBufferAlignment (1094958667), bEnabled (1), bPopulated (0), eCompressionFormat (0x0), eColorFormat (0x7fa30c03)
10-20 13:25:51.372 E/OMX-VDEC-1080P(  164): 
10-20 13:25:51.372 E/OMX-VDEC-1080P(  164):  Set the Output Buffer Idx: 6 Addr: 45358000, pmem_fd=9400048
10-20 13:25:51.372 E/OMX-VDEC-1080P(  164): Allocate done for all i/p buffers
10-20 13:25:51.372 E/OMX-VDEC-1080P(  164): 
10-20 13:25:51.372 E/OMX-VDEC-1080P(  164):  No color conversion required
10-20 13:25:51.372 E/OMX-VDEC-1080P(  164): Get_parameter: OMX_IndexParamPortDefinition: nPortIndex (1), nFrameWidth (800), nFrameHeight (430), nStride (896), nSliceHeight (448), nBitrate (0), xFramerate (0x1e), nBufferSize (606208), nBufferCountMin (18), nBufferCountActual (22), bBuffersContiguous (1076055960), nBufferAlignment (1094958667), bEnabled (1), bPopulated (0), eCompressionFormat (0x0), eColorFormat (0x7fa30c03)
10-20 13:25:51.372 E/OMX-VDEC-1080P(  164): 
10-20 13:25:51.372 E/OMX-VDEC-1080P(  164):  Set the Output Buffer Idx: 7 Addr: 45990000, pmem_fd=940004a
10-20 13:25:51.372 E/OMX-VDEC-1080P(  164): Allocate done for all i/p buffers
10-20 13:25:51.372 E/OMX-VDEC-1080P(  164): 
10-20 13:25:51.372 E/OMX-VDEC-1080P(  164):  No color conversion required
10-20 13:25:51.372 E/OMX-VDEC-1080P(  164): Get_parameter: OMX_IndexParamPortDefinition: nPortIndex (1), nFrameWidth (800), nFrameHeight (430), nStride (896), nSliceHeight (448), nBitrate (0), xFramerate (0x1e), nBufferSize (606208), nBufferCountMin (18), nBufferCountActual (22), bBuffersContiguous (1076055960), nBufferAlignment (1094958667), bEnabled (1), bPopulated (0), eCompressionFormat (0x0), eColorFormat (0x7fa30c03)
10-20 13:25:51.372 E/OMX-VDEC-1080P(  164): 
10-20 13:25:51.372 E/OMX-VDEC-1080P(  164):  Set the Output Buffer Idx: 8 Addr: 45b72000, pmem_fd=940004c
10-20 13:25:51.372 E/OMX-VDEC-1080P(  164): Allocate done for all i/p buffers
10-20 13:25:51.382 E/OMX-VDEC-1080P(  164): 
10-20 13:25:51.382 E/OMX-VDEC-1080P(  164):  No color conversion required
10-20 13:25:51.382 E/OMX-VDEC-1080P(  164): Get_parameter: OMX_IndexParamPortDefinition: nPortIndex (1), nFrameWidth (800), nFrameHeight (430), nStride (896), nSliceHeight (448), nBitrate (0), xFramerate (0x1e), nBufferSize (606208), nBufferCountMin (18), nBufferCountActual (22), bBuffersContiguous (1076055960), nBufferAlignment (1094958667), bEnabled (1), bPopulated (0), eCompressionFormat (0x0), eColorFormat (0x7fa30c03)
10-20 13:25:51.382 E/OMX-VDEC-1080P(  164): 
10-20 13:25:51.382 E/OMX-VDEC-1080P(  164):  Set the Output Buffer Idx: 9 Addr: 45deb000, pmem_fd=940004e
10-20 13:25:51.382 E/OMX-VDEC-1080P(  164): Allocate done for all i/p buffers
10-20 13:25:51.382 E/OMX-VDEC-1080P(  164): 
10-20 13:25:51.382 E/OMX-VDEC-1080P(  164):  No color conversion required
10-20 13:25:51.382 E/OMX-VDEC-1080P(  164): Get_parameter: OMX_IndexParamPortDefinition: nPortIndex (1), nFrameWidth (800), nFrameHeight (430), nStride (896), nSliceHeight (448), nBitrate (0), xFramerate (0x1e), nBufferSize (606208), nBufferCountMin (18), nBufferCountActual (22), bBuffersContiguous (1076055960), nBufferAlignment (1094958667), bEnabled (1), bPopulated (0), eCompressionFormat (0x0), eColorFormat (0x7fa30c03)
10-20 13:25:51.382 E/OMX-VDEC-1080P(  164): 
10-20 13:25:51.382 E/OMX-VDEC-1080P(  164):  Set the Output Buffer Idx: 10 Addr: 45f4a000, pmem_fd=9400050
10-20 13:25:51.382 E/OMX-VDEC-1080P(  164): Allocate done for all i/p buffers
10-20 13:25:51.382 E/OMX-VDEC-1080P(  164): 
10-20 13:25:51.382 E/OMX-VDEC-1080P(  164):  No color conversion required
10-20 13:25:51.382 E/OMX-VDEC-1080P(  164): Get_parameter: OMX_IndexParamPortDefinition: nPortIndex (1), nFrameWidth (800), nFrameHeight (430), nStride (896), nSliceHeight (448), nBitrate (0), xFramerate (0x1e), nBufferSize (606208), nBufferCountMin (18), nBufferCountActual (22), bBuffersContiguous (1076055960), nBufferAlignment (1094958667), bEnabled (1), bPopulated (0), eCompressionFormat (0x0), eColorFormat (0x7fa30c03)
10-20 13:25:51.382 E/OMX-VDEC-1080P(  164): 
10-20 13:25:51.382 E/OMX-VDEC-1080P(  164):  Set the Output Buffer Idx: 11 Addr: 461db000, pmem_fd=9400052
10-20 13:25:51.382 E/OMX-VDEC-1080P(  164): Allocate done for all i/p buffers
10-20 13:25:51.382 E/OMX-VDEC-1080P(  164): 
10-20 13:25:51.382 E/OMX-VDEC-1080P(  164):  No color conversion required
10-20 13:25:51.382 E/OMX-VDEC-1080P(  164): Get_parameter: OMX_IndexParamPortDefinition: nPortIndex (1), nFrameWidth (800), nFrameHeight (430), nStride (896), nSliceHeight (448), nBitrate (0), xFramerate (0x1e), nBufferSize (606208), nBufferCountMin (18), nBufferCountActual (22), bBuffersContiguous (1076055960), nBufferAlignment (1094958667), bEnabled (1), bPopulated (0), eCompressionFormat (0x0), eColorFormat (0x7fa30c03)
10-20 13:25:51.382 E/OMX-VDEC-1080P(  164): 
10-20 13:25:51.382 E/OMX-VDEC-1080P(  164):  Set the Output Buffer Idx: 12 Addr: 463e4000, pmem_fd=9400054
10-20 13:25:51.382 E/OMX-VDEC-1080P(  164): Allocate done for all i/p buffers
10-20 13:25:51.392 E/OMX-VDEC-1080P(  164): 
10-20 13:25:51.392 E/OMX-VDEC-1080P(  164):  No color conversion required
10-20 13:25:51.392 E/OMX-VDEC-1080P(  164): Get_parameter: OMX_IndexParamPortDefinition: nPortIndex (1), nFrameWidth (800), nFrameHeight (430), nStride (896), nSliceHeight (448), nBitrate (0), xFramerate (0x1e), nBufferSize (606208), nBufferCountMin (18), nBufferCountActual (22), bBuffersContiguous (1076055960), nBufferAlignment (1094958667), bEnabled (1), bPopulated (0), eCompressionFormat (0x0), eColorFormat (0x7fa30c03)
10-20 13:25:51.392 E/OMX-VDEC-1080P(  164): 
10-20 13:25:51.392 E/OMX-VDEC-1080P(  164):  Set the Output Buffer Idx: 13 Addr: 4661c000, pmem_fd=9400056
10-20 13:25:51.392 E/OMX-VDEC-1080P(  164): Allocate done for all i/p buffers
10-20 13:25:51.392 E/OMX-VDEC-1080P(  164): 
10-20 13:25:51.392 E/OMX-VDEC-1080P(  164):  No color conversion required
10-20 13:25:51.392 E/OMX-VDEC-1080P(  164): Get_parameter: OMX_IndexParamPortDefinition: nPortIndex (1), nFrameWidth (800), nFrameHeight (430), nStride (896), nSliceHeight (448), nBitrate (0), xFramerate (0x1e), nBufferSize (606208), nBufferCountMin (18), nBufferCountActual (22), bBuffersContiguous (1076055960), nBufferAlignment (1094958667), bEnabled (1), bPopulated (0), eCompressionFormat (0x0), eColorFormat (0x7fa30c03)
10-20 13:25:51.392 E/OMX-VDEC-1080P(  164): 
10-20 13:25:51.392 E/OMX-VDEC-1080P(  164):  Set the Output Buffer Idx: 14 Addr: 46872000, pmem_fd=9400058
10-20 13:25:51.392 E/OMX-VDEC-1080P(  164): Allocate done for all i/p buffers
10-20 13:25:51.392 E/OMX-VDEC-1080P(  164): 
10-20 13:25:51.392 E/OMX-VDEC-1080P(  164):  No color conversion required
10-20 13:25:51.392 E/OMX-VDEC-1080P(  164): Get_parameter: OMX_IndexParamPortDefinition: nPortIndex (1), nFrameWidth (800), nFrameHeight (430), nStride (896), nSliceHeight (448), nBitrate (0), xFramerate (0x1e), nBufferSize (606208), nBufferCountMin (18), nBufferCountActual (22), bBuffersContiguous (1076055960), nBufferAlignment (1094958667), bEnabled (1), bPopulated (0), eCompressionFormat (0x0), eColorFormat (0x7fa30c03)
10-20 13:25:51.392 E/OMX-VDEC-1080P(  164): 
10-20 13:25:51.392 E/OMX-VDEC-1080P(  164):  Set the Output Buffer Idx: 15 Addr: 46b1a000, pmem_fd=940005a
10-20 13:25:51.392 E/OMX-VDEC-1080P(  164): Allocate done for all i/p buffers
10-20 13:25:51.392 E/OMX-VDEC-1080P(  164): 
10-20 13:25:51.392 E/OMX-VDEC-1080P(  164):  No color conversion required
10-20 13:25:51.392 E/OMX-VDEC-1080P(  164): Get_parameter: OMX_IndexParamPortDefinition: nPortIndex (1), nFrameWidth (800), nFrameHeight (430), nStride (896), nSliceHeight (448), nBitrate (0), xFramerate (0x1e), nBufferSize (606208), nBufferCountMin (18), nBufferCountActual (22), bBuffersContiguous (1076055960), nBufferAlignment (1094958667), bEnabled (1), bPopulated (0), eCompressionFormat (0x0), eColorFormat (0x7fa30c03)
10-20 13:25:51.392 E/OMX-VDEC-1080P(  164): 
10-20 13:25:51.392 E/OMX-VDEC-1080P(  164):  Set the Output Buffer Idx: 16 Addr: 46d7d000, pmem_fd=940005c
10-20 13:25:51.392 E/OMX-VDEC-1080P(  164): Allocate done for all i/p buffers
10-20 13:25:51.392 E/OMX-VDEC-1080P(  164): 
10-20 13:25:51.392 E/OMX-VDEC-1080P(  164):  No color conversion required
10-20 13:25:51.392 E/OMX-VDEC-1080P(  164): Get_parameter: OMX_IndexParamPortDefinition: nPortIndex (1), nFrameWidth (800), nFrameHeight (430), nStride (896), nSliceHeight (448), nBitrate (0), xFramerate (0x1e), nBufferSize (606208), nBufferCountMin (18), nBufferCountActual (22), bBuffersContiguous (1076055960), nBufferAlignment (1094958667), bEnabled (1), bPopulated (0), eCompressionFormat (0x0), eColorFormat (0x7fa30c03)
10-20 13:25:51.392 E/OMX-VDEC-1080P(  164): 
10-20 13:25:51.392 E/OMX-VDEC-1080P(  164):  Set the Output Buffer Idx: 17 Addr: 46f1a000, pmem_fd=940005e
10-20 13:25:51.392 E/OMX-VDEC-1080P(  164): Allocate done for all i/p buffers
10-20 13:25:51.402 E/OMX-VDEC-1080P(  164): 
10-20 13:25:51.402 E/OMX-VDEC-1080P(  164):  No color conversion required
10-20 13:25:51.402 E/OMX-VDEC-1080P(  164): Get_parameter: OMX_IndexParamPortDefinition: nPortIndex (1), nFrameWidth (800), nFrameHeight (430), nStride (896), nSliceHeight (448), nBitrate (0), xFramerate (0x1e), nBufferSize (606208), nBufferCountMin (18), nBufferCountActual (22), bBuffersContiguous (1076055960), nBufferAlignment (1094958667), bEnabled (1), bPopulated (0), eCompressionFormat (0x0), eColorFormat (0x7fa30c03)
10-20 13:25:51.402 E/OMX-VDEC-1080P(  164): 
10-20 13:25:51.402 E/OMX-VDEC-1080P(  164):  Set the Output Buffer Idx: 18 Addr: 4712d000, pmem_fd=9400060
10-20 13:25:51.402 E/OMX-VDEC-1080P(  164): Allocate done for all i/p buffers
10-20 13:25:51.402 E/OMX-VDEC-1080P(  164): 
10-20 13:25:51.402 E/OMX-VDEC-1080P(  164):  No color conversion required
10-20 13:25:51.402 E/OMX-VDEC-1080P(  164): Get_parameter: OMX_IndexParamPortDefinition: nPortIndex (1), nFrameWidth (800), nFrameHeight (430), nStride (896), nSliceHeight (448), nBitrate (0), xFramerate (0x1e), nBufferSize (606208), nBufferCountMin (18), nBufferCountActual (22), bBuffersContiguous (1076055960), nBufferAlignment (1094958667), bEnabled (1), bPopulated (0), eCompressionFormat (0x0), eColorFormat (0x7fa30c03)
10-20 13:25:51.402 E/OMX-VDEC-1080P(  164): 
10-20 13:25:51.402 E/OMX-VDEC-1080P(  164):  Set the Output Buffer Idx: 19 Addr: 47412000, pmem_fd=9400062
10-20 13:25:51.402 E/OMX-VDEC-1080P(  164): Allocate done for all i/p buffers
10-20 13:25:51.402 E/OMX-VDEC-1080P(  164): 
10-20 13:25:51.402 E/OMX-VDEC-1080P(  164):  No color conversion required
10-20 13:25:51.402 E/OMX-VDEC-1080P(  164): Get_parameter: OMX_IndexParamPortDefinition: nPortIndex (1), nFrameWidth (800), nFrameHeight (430), nStride (896), nSliceHeight (448), nBitrate (0), xFramerate (0x1e), nBufferSize (606208), nBufferCountMin (18), nBufferCountActual (22), bBuffersContiguous (1076055960), nBufferAlignment (1094958667), bEnabled (1), bPopulated (0), eCompressionFormat (0x0), eColorFormat (0x7fa30c03)
10-20 13:25:51.402 E/OMX-VDEC-1080P(  164): 
10-20 13:25:51.402 E/OMX-VDEC-1080P(  164):  Set the Output Buffer Idx: 20 Addr: 47662000, pmem_fd=9400064
10-20 13:25:51.402 E/OMX-VDEC-1080P(  164): Allocate done for all i/p buffers
10-20 13:25:51.402 E/OMX-VDEC-1080P(  164): 
10-20 13:25:51.402 E/OMX-VDEC-1080P(  164):  No color conversion required
10-20 13:25:51.412 E/OMX-VDEC-1080P(  164): Get_parameter: OMX_IndexParamPortDefinition: nPortIndex (1), nFrameWidth (800), nFrameHeight (430), nStride (896), nSliceHeight (448), nBitrate (0), xFramerate (0x1e), nBufferSize (606208), nBufferCountMin (18), nBufferCountActual (22), bBuffersContiguous (1076055960), nBufferAlignment (1094958667), bEnabled (1), bPopulated (0), eCompressionFormat (0x0), eColorFormat (0x7fa30c03)
10-20 13:25:51.412 E/OMX-VDEC-1080P(  164): 
10-20 13:25:51.412 E/OMX-VDEC-1080P(  164):  Set the Output Buffer Idx: 21 Addr: 47890000, pmem_fd=9400066
10-20 13:25:51.412 E/OMX-VDEC-1080P(  164): Allocate done for all i/p buffers
10-20 13:25:51.412 E/OMX-VDEC-1080P(  164): Allocate done for all o/p buffers
10-20 13:25:51.412 E/OMX-VDEC-1080P(  164): 
10-20 13:25:51.412 E/OMX-VDEC-1080P(  164):  OMX_CommandStateSet complete, m_state = 2
10-20 13:25:51.412 E/OMX-VDEC-1080P(  164): 
10-20 13:25:51.412 E/OMX-VDEC-1080P(  164):  send_command_proxy(): Current State 2, Expected State 3
10-20 13:25:51.412 E/OMX-VDEC-1080P(  164): 
10-20 13:25:51.412 E/OMX-VDEC-1080P(  164):  send_command_proxy(): OMX_CommandStateSet issued
10-20 13:25:51.412 E/OMX-VDEC-1080P(  164): 
10-20 13:25:51.412 E/OMX-VDEC-1080P(  164):  Current State 2, Expected State 3
10-20 13:25:51.482 D/dalvikvm(  561): GC_EXPLICIT freed 969K, 38% free 27099K/43252K, paused 5ms+7ms, total 149ms
10-20 13:25:51.542 E/OMX-VDEC-1080P(  164): 
10-20 13:25:51.542 E/OMX-VDEC-1080P(  164):  Rxd OMX_COMPONENT_GENERATE_START_DONE
10-20 13:25:52.473 D/overlay (  161): Unset pipe=VG0 dpy=0; Unset pipe=RGB1 dpy=0; 
10-20 13:25:52.554 V/aMPdroid_VIDEO(15097): onVideoSizeChanged called
10-20 13:25:52.554 D/aMPdroid_VIDEO(15097): Setting surface to 1196x642
10-20 13:25:52.554 D/aMPdroid_VIDEO(15097): onPrepared called
10-20 13:25:52.554 V/aMPdroid_VIDEO(15097): startVideoPlayback
10-20 13:25:52.564 D/aMPdroid(15097): Set overlay image to null
10-20 13:25:52.584 E/OMX-VDEC-1080P(  164): 
10-20 13:25:52.584 E/OMX-VDEC-1080P(  164):  Port settings changed
10-20 13:25:52.584 E/OMX-VDEC-1080P(  164): 
10-20 13:25:52.584 E/OMX-VDEC-1080P(  164):  Rxd OMX_COMPONENT_GENERATE_PORT_RECONFIG
10-20 13:25:52.584 E/OMX-VDEC-1080P(  164): 
10-20 13:25:52.584 E/OMX-VDEC-1080P(  164):  send_command_proxy(): Current State 3, Expected State 1
10-20 13:25:52.584 E/OMX-VDEC-1080P(  164): 
10-20 13:25:52.584 E/OMX-VDEC-1080P(  164):  send_command_proxy(): OMX_CommandPortDisable issuedwith param1: 1
10-20 13:25:52.584 E/OMX-VDEC-1080P(  164): ION: free: handle(0xC71BC9C0), len(2523136), fd(0x39)
10-20 13:25:52.584 I/OMXNodeInstance(  164): OMX_FreeBuffer for buffer header 0x43f45cc0 successful
10-20 13:25:52.584 I/OMXNodeInstance(  164): OMX_FreeBuffer for buffer header 0x43f45c70 successful
10-20 13:25:52.584 E/OMX-VDEC-1080P(  164): 
10-20 13:25:52.584 E/OMX-VDEC-1080P(  164):  Driver flush o/p Port complete
10-20 13:25:52.584 E/OMX-VDEC-1080P(  164): 
10-20 13:25:52.584 E/OMX-VDEC-1080P(  164):  OMX flush o/p Port complete PenBuf(0)
10-20 13:25:52.604 D/overlay (  161): Set pipe=RGB1 dpy=0; Set pipe=VG0 dpy=0; 
10-20 13:25:52.604 I/OMXNodeInstance(  164): OMX_FreeBuffer for buffer header 0x43f45630 successful
10-20 13:25:52.614 I/OMXNodeInstance(  164): OMX_FreeBuffer for buffer header 0x43f45680 successful
10-20 13:25:52.614 I/OMXNodeInstance(  164): OMX_FreeBuffer for buffer header 0x43f456d0 successful
10-20 13:25:52.614 I/OMXNodeInstance(  164): OMX_FreeBuffer for buffer header 0x43f45720 successful
10-20 13:25:52.614 I/OMXNodeInstance(  164): OMX_FreeBuffer for buffer header 0x43f45770 successful
10-20 13:25:52.614 I/OMXNodeInstance(  164): OMX_FreeBuffer for buffer header 0x43f457c0 successful
10-20 13:25:52.624 I/OMXNodeInstance(  164): OMX_FreeBuffer for buffer header 0x43f45810 successful
10-20 13:25:52.624 I/OMXNodeInstance(  164): OMX_FreeBuffer for buffer header 0x43f45860 successful
10-20 13:25:52.624 I/OMXNodeInstance(  164): OMX_FreeBuffer for buffer header 0x43f458b0 successful
10-20 13:25:52.624 I/OMXNodeInstance(  164): OMX_FreeBuffer for buffer header 0x43f45900 successful
10-20 13:25:52.624 I/OMXNodeInstance(  164): OMX_FreeBuffer for buffer header 0x43f45950 successful
10-20 13:25:52.624 I/OMXNodeInstance(  164): OMX_FreeBuffer for buffer header 0x43f459a0 successful
10-20 13:25:52.644 I/OMXNodeInstance(  164): OMX_FreeBuffer for buffer header 0x43f459f0 successful
10-20 13:25:52.644 I/OMXNodeInstance(  164): OMX_FreeBuffer for buffer header 0x43f45a40 successful
10-20 13:25:52.644 I/OMXNodeInstance(  164): OMX_FreeBuffer for buffer header 0x43f45a90 successful
10-20 13:25:52.644 I/OMXNodeInstance(  164): OMX_FreeBuffer for buffer header 0x43f45ae0 successful
10-20 13:25:52.644 I/OMXNodeInstance(  164): OMX_FreeBuffer for buffer header 0x43f45b30 successful
10-20 13:25:52.644 I/OMXNodeInstance(  164): OMX_FreeBuffer for buffer header 0x43f45b80 successful
10-20 13:25:52.644 I/OMXNodeInstance(  164): OMX_FreeBuffer for buffer header 0x43f45bd0 successful
10-20 13:25:52.644 E/OMX-VDEC-1080P(  164): 
10-20 13:25:52.644 E/OMX-VDEC-1080P(  164):  ALL output buffers are freed/released
10-20 13:25:52.644 E/OMX-VDEC-1080P(  164): 
10-20 13:25:52.644 E/OMX-VDEC-1080P(  164):  OMX_CommandPortDisable complete for port [1]
10-20 13:25:52.654 E/OMX-VDEC-1080P(  164): 
10-20 13:25:52.654 E/OMX-VDEC-1080P(  164):  No color conversion required
10-20 13:25:52.654 I/OMXNodeInstance(  164): OMX_FreeBuffer for buffer header 0x43f45c20 successful
10-20 13:25:52.654 E/OMX-VDEC-1080P(  164): 
10-20 13:25:52.654 E/OMX-VDEC-1080P(  164):  No color conversion required
10-20 13:25:52.654 E/OMX-VDEC-1080P(  164): Get_parameter: OMX_IndexParamPortDefinition: nPortIndex (1), nFrameWidth (800), nFrameHeight (430), nStride (896), nSliceHeight (448), nBitrate (19), xFramerate (0x1e), nBufferSize (606208), nBufferCountMin (3), nBufferCountActual (7), bBuffersContiguous (0), nBufferAlignment (1094323688), bEnabled (0), bPopulated (0), eCompressionFormat (0x0), eColorFormat (0x7fa30c03)
10-20 13:25:52.654 E/OMX-VDEC-1080P(  164): get_config: unknown param 117440527
10-20 13:25:52.654 I/OMXCodec(  164): [OMX.qcom.video.decoder.avc] video dimensions are 800 x 430
10-20 13:25:52.654 E/OMX-VDEC-1080P(  164): 
10-20 13:25:52.654 E/OMX-VDEC-1080P(  164):  send_command_proxy(): Current State 3, Expected State 1
10-20 13:25:52.654 E/OMX-VDEC-1080P(  164): 
10-20 13:25:52.654 E/OMX-VDEC-1080P(  164):  send_command_proxy(): OMX_CommandPortEnable issuedwith param1: 1
10-20 13:25:52.654 E/OMX-VDEC-1080P(  164): 
10-20 13:25:52.654 E/OMX-VDEC-1080P(  164):  No color conversion required
10-20 13:25:52.654 E/OMX-VDEC-1080P(  164): Get_parameter: OMX_IndexParamPortDefinition: nPortIndex (1), nFrameWidth (800), nFrameHeight (430), nStride (896), nSliceHeight (448), nBitrate (4), xFramerate (0x1e), nBufferSize (606208), nBufferCountMin (3), nBufferCountActual (7), bBuffersContiguous (1134312548), nBufferAlignment (1092902016), bEnabled (1), bPopulated (0), eCompressionFormat (0x0), eColorFormat (0x7fa30c03)
10-20 13:25:52.664 D/aMPdroid(15097): surfaceChanged called: 4, 1196x642
10-20 13:25:52.674 E/OMX-VDEC-1080P(  164): 
10-20 13:25:52.674 E/OMX-VDEC-1080P(  164):  No color conversion required
10-20 13:25:52.674 E/OMX-VDEC-1080P(  164): Get_parameter: OMX_IndexParamPortDefinition: nPortIndex (1), nFrameWidth (800), nFrameHeight (430), nStride (896), nSliceHeight (448), nBitrate (0), xFramerate (0x1e), nBufferSize (606208), nBufferCountMin (3), nBufferCountActual (7), bBuffersContiguous (1076055960), nBufferAlignment (1094958667), bEnabled (1), bPopulated (0), eCompressionFormat (0x0), eColorFormat (0x7fa30c03)
10-20 13:25:52.674 E/OMX-VDEC-1080P(  164): Use_op_buf:Allocating output headers
10-20 13:25:52.674 E/OMX-VDEC-1080P(  164): 
10-20 13:25:52.674 E/OMX-VDEC-1080P(  164):  Use o/p buffer case - Header List allocation
10-20 13:25:52.674 E/OMX-VDEC-1080P(  164): GET_MV_BUFFER_SIZE returned: Size: 114688 and alignment: 8192
10-20 13:25:52.674 E/OMX-VDEC-1080P(  164): ION: alloc_data: handle(0xC71BC340), len(802816), align(8192), flags(0x2000100), fd_data: handle(0xc71bc340), fd(0x39)
10-20 13:25:52.674 E/OMX-VDEC-1080P(  164): 
10-20 13:25:52.674 E/OMX-VDEC-1080P(  164):  Set the Output Buffer Idx: 0 Addr: 4374d000, pmem_fd=940003a
10-20 13:25:52.674 E/OMX-VDEC-1080P(  164): Allocate done for all i/p buffers
10-20 13:25:52.684 E/OMX-VDEC-1080P(  164): 
10-20 13:25:52.684 E/OMX-VDEC-1080P(  164):  No color conversion required
10-20 13:25:52.684 E/OMX-VDEC-1080P(  164): Get_parameter: OMX_IndexParamPortDefinition: nPortIndex (1), nFrameWidth (800), nFrameHeight (430), nStride (896), nSliceHeight (448), nBitrate (0), xFramerate (0x1e), nBufferSize (606208), nBufferCountMin (3), nBufferCountActual (7), bBuffersContiguous (1076055960), nBufferAlignment (1094958667), bEnabled (1), bPopulated (0), eCompressionFormat (0x0), eColorFormat (0x7fa30c03)
10-20 13:25:52.684 E/OMX-VDEC-1080P(  164): 
10-20 13:25:52.684 E/OMX-VDEC-1080P(  164):  Set the Output Buffer Idx: 1 Addr: 4461c000, pmem_fd=9400040
10-20 13:25:52.684 E/OMX-VDEC-1080P(  164): Allocate done for all i/p buffers
10-20 13:25:52.684 E/OMX-VDEC-1080P(  164): 
10-20 13:25:52.684 E/OMX-VDEC-1080P(  164):  No color conversion required
10-20 13:25:52.684 E/OMX-VDEC-1080P(  164): Get_parameter: OMX_IndexParamPortDefinition: nPortIndex (1), nFrameWidth (800), nFrameHeight (430), nStride (896), nSliceHeight (448), nBitrate (0), xFramerate (0x1e), nBufferSize (606208), nBufferCountMin (3), nBufferCountActual (7), bBuffersContiguous (1076055960), nBufferAlignment (1094958667), bEnabled (1), bPopulated (0), eCompressionFormat (0x0), eColorFormat (0x7fa30c03)
10-20 13:25:52.684 E/OMX-VDEC-1080P(  164): 
10-20 13:25:52.684 E/OMX-VDEC-1080P(  164):  Set the Output Buffer Idx: 2 Addr: 4484b000, pmem_fd=9400042
10-20 13:25:52.684 E/OMX-VDEC-1080P(  164): Allocate done for all i/p buffers
10-20 13:25:52.684 E/OMX-VDEC-1080P(  164): 
10-20 13:25:52.684 E/OMX-VDEC-1080P(  164):  No color conversion required
10-20 13:25:52.684 E/OMX-VDEC-1080P(  164): Get_parameter: OMX_IndexParamPortDefinition: nPortIndex (1), nFrameWidth (800), nFrameHeight (430), nStride (896), nSliceHeight (448), nBitrate (0), xFramerate (0x1e), nBufferSize (606208), nBufferCountMin (3), nBufferCountActual (7), bBuffersContiguous (1076055960), nBufferAlignment (1094958667), bEnabled (1), bPopulated (0), eCompressionFormat (0x0), eColorFormat (0x7fa30c03)
10-20 13:25:52.684 E/OMX-VDEC-1080P(  164): 
10-20 13:25:52.684 E/OMX-VDEC-1080P(  164):  Set the Output Buffer Idx: 3 Addr: 449c8000, pmem_fd=9400044
10-20 13:25:52.684 E/OMX-VDEC-1080P(  164): Allocate done for all i/p buffers
10-20 13:25:52.684 E/OMX-VDEC-1080P(  164): 
10-20 13:25:52.684 E/OMX-VDEC-1080P(  164):  No color conversion required
10-20 13:25:52.684 E/OMX-VDEC-1080P(  164): Get_parameter: OMX_IndexParamPortDefinition: nPortIndex (1), nFrameWidth (800), nFrameHeight (430), nStride (896), nSliceHeight (448), nBitrate (0), xFramerate (0x1e), nBufferSize (606208), nBufferCountMin (3), nBufferCountActual (7), bBuffersContiguous (1076055960), nBufferAlignment (1094958667), bEnabled (1), bPopulated (0), eCompressionFormat (0x0), eColorFormat (0x7fa30c03)
10-20 13:25:52.684 E/OMX-VDEC-1080P(  164): 
10-20 13:25:52.684 E/OMX-VDEC-1080P(  164):  Set the Output Buffer Idx: 4 Addr: 44c4f000, pmem_fd=9400046
10-20 13:25:52.684 E/OMX-VDEC-1080P(  164): Allocate done for all i/p buffers
10-20 13:25:52.694 E/OMX-VDEC-1080P(  164): 
10-20 13:25:52.694 E/OMX-VDEC-1080P(  164):  No color conversion required
10-20 13:25:52.694 E/OMX-VDEC-1080P(  164): Get_parameter: OMX_IndexParamPortDefinition: nPortIndex (1), nFrameWidth (800), nFrameHeight (430), nStride (896), nSliceHeight (448), nBitrate (0), xFramerate (0x1e), nBufferSize (606208), nBufferCountMin (3), nBufferCountActual (7), bBuffersContiguous (1076055960), nBufferAlignment (1094958667), bEnabled (1), bPopulated (0), eCompressionFormat (0x0), eColorFormat (0x7fa30c03)
10-20 13:25:52.694 E/OMX-VDEC-1080P(  164): 
10-20 13:25:52.694 E/OMX-VDEC-1080P(  164):  Set the Output Buffer Idx: 5 Addr: 44ef1000, pmem_fd=9400048
10-20 13:25:52.694 E/OMX-VDEC-1080P(  164): Allocate done for all i/p buffers
10-20 13:25:52.694 E/OMX-VDEC-1080P(  164): 
10-20 13:25:52.694 E/OMX-VDEC-1080P(  164):  No color conversion required
10-20 13:25:52.694 E/OMX-VDEC-1080P(  164): Get_parameter: OMX_IndexParamPortDefinition: nPortIndex (1), nFrameWidth (800), nFrameHeight (430), nStride (896), nSliceHeight (448), nBitrate (0), xFramerate (0x1e), nBufferSize (606208), nBufferCountMin (3), nBufferCountActual (7), bBuffersContiguous (1076055960), nBufferAlignment (1094958667), bEnabled (1), bPopulated (0), eCompressionFormat (0x0), eColorFormat (0x7fa30c03)
10-20 13:25:52.694 E/OMX-VDEC-1080P(  164): 
10-20 13:25:52.694 E/OMX-VDEC-1080P(  164):  Set the Output Buffer Idx: 6 Addr: 45358000, pmem_fd=940004a
10-20 13:25:52.694 E/OMX-VDEC-1080P(  164): Allocate done for all i/p buffers
10-20 13:25:52.694 E/OMX-VDEC-1080P(  164): Allocate done for all o/p buffers
10-20 13:25:52.694 E/OMX-VDEC-1080P(  164): 
10-20 13:25:52.694 E/OMX-VDEC-1080P(  164):  OMX_CommandPortEnable complete for port [1]
10-20 13:25:52.724 I/SoftAAC2(  164): Reconfiguring decoder: 48000 Hz, 2 channels
10-20 13:25:52.734 I/OMXNodeInstance(  164): OMX_FreeBuffer for buffer header 0x43a35d60 successful
10-20 13:25:52.734 I/OMXNodeInstance(  164): OMX_FreeBuffer for buffer header 0x43a35f70 successful
10-20 13:25:52.734 I/OMXNodeInstance(  164): OMX_FreeBuffer for buffer header 0x413920e8 successful
10-20 13:25:52.734 I/OMXNodeInstance(  164): OMX_FreeBuffer for buffer header 0x41392210 successful
10-20 13:25:52.734 W/MediaPlayer(15097): info/warning (3, 0)
10-20 13:25:52.734 I/MediaPlayer(15097): Info (3,0)
10-20 13:25:52.734 W/aMPdroid(15097): Streaming info: 3, extra:0
10-20 13:25:52.744 D/AudioStreamOutALSA(  164): mHandle->useCase: HiFi Lowlatency
10-20 13:25:52.744 D/ALSAModule(  164): s_route: devices 0x2 in mode 0
10-20 13:25:52.744 D/ALSAModule(  164): switchDevice: device 2 mode:0
10-20 13:25:52.744 D/ALSAModule(  164): No valid input device: 0
10-20 13:25:52.744 D/ALSAModule(  164): switchDevice,rxDev:Speaker, txDev:(null), curRxDev:Speaker, curTxDev:DMIC Endfire
10-20 13:25:52.744 D/alsa_ucm(  164): snd_use_case_set(): uc_mgr 0x4009b388 identifier _enadev value Speaker
10-20 13:25:52.744 D/ALSAModule(  164): switchDevice: curTxUCMDevivce DMIC Endfire curRxDevDevice Speaker
10-20 13:25:52.744 D/alsa_ucm(  164): snd_use_case_set(): uc_mgr 0x4009b388 identifier _verb value HiFi Lowlatency
10-20 13:25:52.744 D/alsa_ucm(  164): Set mixer controls for Speaker enable 1
10-20 13:25:52.744 D/ACDB-LOADER(  164): ACDB -> send_afe_cal
10-20 13:25:52.744 D/overlay (  161): Set pipe=VG1 dpy=0; 
10-20 13:25:52.744 D/alsa_ucm(  164): Set mixer controls for HiFi Lowlatency enable 1
10-20 13:25:52.744 D/ALSAModule(  164): Device value returned is hw:0,14
10-20 13:25:52.754 D/ALSAModule(  164): setHardwareParams: reqBuffSize 1024 channels 2 sampleRate 48000
10-20 13:25:52.754 D/ALSAModule(  164): setHardwareParams: buffer_size 2048, period_size 1024, period_cnt 2
10-20 13:25:58.420 W/SystemClock( 1040): time going backwards: prev 91891439874141(ioctl) vs now 91891438409163(ioctl), tid=1437
10-20 13:25:59.221 I/GCoreUlr( 1040): Successfully inserted location
10-20 13:25:59.231 I/GCoreUlr( 1040): Not calling LocationReportingService, hasMoved: false, elapsed millis: 363811, request: Phone
