10-20 13:27:18.315 E/OMX-VDEC-1080P(  164):  Set the Output Buffer Idx: 6 Addr: 45895000, pmem_fd=940004a
10-20 13:27:18.315 E/OMX-VDEC-1080P(  164): Allocate done for all i/p buffers
10-20 13:27:18.315 E/OMX-VDEC-1080P(  164): Allocate done for all o/p buffers
10-20 13:27:18.315 E/OMX-VDEC-1080P(  164): 
10-20 13:27:18.315 E/OMX-VDEC-1080P(  164):  OMX_CommandPortEnable complete for port [1]
10-20 13:27:18.355 I/SoftAAC2(  164): Reconfiguring decoder: 48000 Hz, 2 channels
10-20 13:27:18.355 I/OMXNodeInstance(  164): OMX_FreeBuffer for buffer header 0x44411ef0 successful
10-20 13:27:18.355 I/OMXNodeInstance(  164): OMX_FreeBuffer for buffer header 0x44412100 successful
10-20 13:27:18.355 I/OMXNodeInstance(  164): OMX_FreeBuffer for buffer header 0x44412240 successful
10-20 13:27:18.355 I/OMXNodeInstance(  164): OMX_FreeBuffer for buffer header 0x44412368 successful
10-20 13:27:18.355 D/AudioStreamOutALSA(  164): mHandle->useCase: HiFi Lowlatency
10-20 13:27:18.355 D/ALSAModule(  164): s_route: devices 0x2 in mode 0
10-20 13:27:18.355 D/ALSAModule(  164): switchDevice: device 2 mode:0
10-20 13:27:18.355 D/ALSAModule(  164): No valid input device: 0
10-20 13:27:18.355 D/ALSAModule(  164): switchDevice,rxDev:Speaker, txDev:(null), curRxDev:Speaker, curTxDev:DMIC Endfire
10-20 13:27:18.355 D/alsa_ucm(  164): snd_use_case_set(): uc_mgr 0x4009b388 identifier _enadev value Speaker
10-20 13:27:18.355 D/ALSAModule(  164): switchDevice: curTxUCMDevivce DMIC Endfire curRxDevDevice Speaker
10-20 13:27:18.355 D/alsa_ucm(  164): snd_use_case_set(): uc_mgr 0x4009b388 identifier _verb value HiFi Lowlatency
10-20 13:27:18.355 D/alsa_ucm(  164): Set mixer controls for Speaker enable 1
10-20 13:27:18.355 D/ACDB-LOADER(  164): ACDB -> send_afe_cal
10-20 13:27:18.355 W/MediaPlayer(15097): info/warning (3, 0)
10-20 13:27:18.355 I/MediaPlayer(15097): Info (3,0)
10-20 13:27:18.355 W/aMPdroid(15097): Streaming info: 3, extra:0
10-20 13:27:18.365 D/alsa_ucm(  164): Set mixer controls for HiFi Lowlatency enable 1
10-20 13:27:18.365 D/ALSAModule(  164): Device value returned is hw:0,14
10-20 13:27:18.375 D/ALSAModule(  164): setHardwareParams: reqBuffSize 1024 channels 2 sampleRate 48000
10-20 13:27:18.375 D/ALSAModule(  164): setHardwareParams: buffer_size 2048, period_size 1024, period_cnt 2
10-20 13:27:18.415 D/dalvikvm( 1040): GC_CONCURRENT freed 2007K, 29% free 7754K/10880K, paused 10ms+3ms, total 87ms
10-20 13:27:22.770 D/dalvikvm( 2971): GC_CONCURRENT freed 1987K, 69% free 3436K/10880K, paused 2ms+2ms, total 23ms
10-20 13:27:22.950 I/Elixir2-Widgets(17227): Updating widgets: [APPWIDGET:8], all: true, updateLevel: 10
10-20 13:27:23.020 I/Elixir2-Widgets(17227): Global broadcast received: com.bartat.android.elixir.global.CHANGED
10-20 13:27:23.020 I/Elixir2-Widgets(17227): _wifi_TRAFFIC_PREF_CHANGED was sent at 1382268443029, 4 ms before, by me
10-20 13:27:23.150 D/Elixir2-Widgets(17227): WIDGET[APPWIDGET:8, 4x3]: updated in 206 ms
10-20 13:27:23.220 D/Elixir2-Widgets(17227): Refresh 59727 ms later, refreshNeeded: false
10-20 13:27:23.230 I/aMPdroid(15097): Screen height without virtual buttons: 768
10-20 13:27:23.581 D/overlay (  161): Unset pipe=VG1 dpy=0; Unset pipe=RGB1 dpy=0; 
10-20 13:27:24.932 D/dalvikvm(11058): GC_CONCURRENT freed 1954K, 77% free 2580K/10880K, paused 6ms+1ms, total 76ms
10-20 13:27:33.892 D/dalvikvm( 1244): GC_CONCURRENT freed 1969K, 45% free 5992K/10884K, paused 24ms+20ms, total 146ms
10-20 13:27:39.047 W/InputEventReceiver(  561): Attempted to finish an input event but the input event receiver has already been disposed.
10-20 13:27:39.047 W/InputEventReceiver(  561): Attempted to finish an input event but the input event receiver has already been disposed.
10-20 13:27:39.077 D/overlay (  161): Set pipe=RGB1 dpy=0; 
10-20 13:27:39.097 D/overlay (  161): Set pipe=VG1 dpy=0; 
10-20 13:27:42.060 D/aMPdroid(15097): Pausing playback
10-20 13:27:45.154 D/alsa_ucm(  164): snd_use_case_set(): uc_mgr 0x4009b388 identifier _verb value Inactive
10-20 13:27:45.154 D/alsa_ucm(  164): Set mixer controls for HiFi Lowlatency enable 0
10-20 13:27:45.154 D/alsa_ucm(  164): snd_use_case_set(): uc_mgr 0x4009b388 identifier _disdev value DMIC Endfire
10-20 13:27:45.154 D/alsa_ucm(  164): disdev: device DMIC Endfire not enabled, no need to disable
10-20 13:27:45.154 D/alsa_ucm(  164): snd_use_case_set(): uc_mgr 0x4009b388 identifier _disdev value Speaker
10-20 13:27:45.154 D/alsa_ucm(  164): Set mixer controls for Speaker enable 0
10-20 13:27:46.755 I/aMPdroid(15097): Saving playback session state to db
10-20 13:27:46.785 W/TimedEventQueue(  164): Event 2162 was not found in the queue, already cancelled?
10-20 13:27:46.785 I/OMXNodeInstance(  164): OMX_FreeBuffer for buffer header 0x44411d68 successful
10-20 13:27:46.785 I/OMXNodeInstance(  164): OMX_FreeBuffer for buffer header 0x44411cb0 successful
10-20 13:27:46.785 I/OMXNodeInstance(  164): OMX_FreeBuffer for buffer header 0x44411be0 successful
10-20 13:27:46.785 I/OMXNodeInstance(  164): OMX_FreeBuffer for buffer header 0x44411b40 successful
10-20 13:27:46.785 I/OMXNodeInstance(  164): OMX_FreeBuffer for buffer header 0x444140e0 successful
10-20 13:27:46.785 I/OMXNodeInstance(  164): OMX_FreeBuffer for buffer header 0x44413fb8 successful
10-20 13:27:46.785 I/OMXNodeInstance(  164): OMX_FreeBuffer for buffer header 0x44413eb0 successful
10-20 13:27:46.785 I/OMXNodeInstance(  164): OMX_FreeBuffer for buffer header 0x44413dd8 successful
10-20 13:27:46.785 E/OMX-VDEC-1080P(  164): 
10-20 13:27:46.785 E/OMX-VDEC-1080P(  164):  send_command_proxy(): Current State 3, Expected State 2
10-20 13:27:46.785 E/OMX-VDEC-1080P(  164): 
10-20 13:27:46.785 E/OMX-VDEC-1080P(  164):  send_command_proxy(): OMX_CommandStateSet issued
10-20 13:27:46.785 E/OMX-VDEC-1080P(  164): 
10-20 13:27:46.785 E/OMX-VDEC-1080P(  164):  Current State 3, Expected State 2
10-20 13:27:46.785 E/OMX-VDEC-1080P(  164): 
10-20 13:27:46.785 E/OMX-VDEC-1080P(  164):  Driver flush i/p Port complete
10-20 13:27:46.785 E/OMX-VDEC-1080P(  164): 
10-20 13:27:46.785 E/OMX-VDEC-1080P(  164):  OMX flush i/p Port complete PenBuf(0)
10-20 13:27:46.785 E/OMX-VDEC-1080P(  164): 
10-20 13:27:46.785 E/OMX-VDEC-1080P(  164):  Driver flush o/p Port complete
10-20 13:27:46.785 E/OMX-VDEC-1080P(  164): 
10-20 13:27:46.785 E/OMX-VDEC-1080P(  164):  OMX flush o/p Port complete PenBuf(0)
10-20 13:27:46.785 E/OMX-VDEC-1080P(  164): 
10-20 13:27:46.785 E/OMX-VDEC-1080P(  164):  Rxd OMX_COMPONENT_GENERATE_STOP_DONE
10-20 13:27:46.785 E/OMX-VDEC-1080P(  164): 
10-20 13:27:46.785 E/OMX-VDEC-1080P(  164):  send_command_proxy(): Current State 2, Expected State 1
10-20 13:27:46.785 E/OMX-VDEC-1080P(  164): 
10-20 13:27:46.785 E/OMX-VDEC-1080P(  164):  send_command_proxy(): OMX_CommandStateSet issued
10-20 13:27:46.785 E/OMX-VDEC-1080P(  164): 
10-20 13:27:46.785 E/OMX-VDEC-1080P(  164):  Current State 2, Expected State 1
10-20 13:27:46.785 E/OMX-VDEC-1080P(  164): ION: free: handle(0xEAFDE9C0), len(2097152), fd(0x36)
10-20 13:27:46.785 I/OMXNodeInstance(  164): OMX_FreeBuffer for buffer header 0x40031ed0 successful
10-20 13:27:46.785 E/OMX-VDEC-1080P(  164): ION: free: handle(0xE75B0E40), len(2097152), fd(0x34)
10-20 13:27:46.785 E/OMX-VDEC-1080P(  164): 
10-20 13:27:46.785 E/OMX-VDEC-1080P(  164):  ALL input buffers are freed/released
10-20 13:27:46.785 I/OMXNodeInstance(  164): OMX_FreeBuffer for buffer header 0x40031e80 successful
10-20 13:27:46.785 E/OMX-VDEC-1080P(  164): ION: free: handle(0xE75E9800), len(802816), fd(0x39)
10-20 13:27:46.785 I/OMXNodeInstance(  164): OMX_FreeBuffer for buffer header 0x41383908 successful
10-20 13:27:46.785 I/OMXNodeInstance(  164): OMX_FreeBuffer for buffer header 0x413838b8 successful
10-20 13:27:46.785 I/OMXNodeInstance(  164): OMX_FreeBuffer for buffer header 0x41383868 successful
10-20 13:27:46.785 I/OMXNodeInstance(  164): OMX_FreeBuffer for buffer header 0x41383818 successful
10-20 13:27:46.785 I/OMXNodeInstance(  164): OMX_FreeBuffer for buffer header 0x413837c8 successful
10-20 13:27:46.785 I/OMXNodeInstance(  164): OMX_FreeBuffer for buffer header 0x41383778 successful
10-20 13:27:46.785 E/OMX-VDEC-1080P(  164): 
10-20 13:27:46.785 E/OMX-VDEC-1080P(  164):  ALL output buffers are freed/released
10-20 13:27:46.785 I/OMXNodeInstance(  164): OMX_FreeBuffer for buffer header 0x41383728 successful
10-20 13:27:46.785 E/OMX-VDEC-1080P(  164): 
10-20 13:27:46.785 E/OMX-VDEC-1080P(  164):  OMX_CommandStateSet complete, m_state = 1
10-20 13:27:46.785 E/OMX-VDEC-1080P(  164): 
10-20 13:27:46.785 E/OMX-VDEC-1080P(  164):  Playback Ended - PASSED
10-20 13:27:46.785 E/OMX-VDEC-1080P(  164): 
10-20 13:27:46.785 E/OMX-VDEC-1080P(  164):  ALL output buffers are freed/released
10-20 13:27:46.785 E/OMX-VDEC-1080P(  164): Calling VDEC_IOCTL_STOP_NEXT_MSG
10-20 13:27:46.785 E/OMX-VDEC-1080P(  164): 
10-20 13:27:46.785 E/OMX-VDEC-1080P(  164):  omx_vdec::component_deinit() complete
10-20 13:27:46.785 E/OMX-VDEC-1080P(  164): In OMX vdec Destructor
10-20 13:27:46.785 E/OMX-VDEC-1080P(  164): 
10-20 13:27:46.785 E/OMX-VDEC-1080P(  164):  Error in ioctl read next msg
10-20 13:27:46.785 E/OMX-VDEC-1080P(  164): Waiting on OMX Msg Thread exit
10-20 13:27:46.785 E/OMX-VDEC-1080P(  164): omx_vdec: Async thread stop
10-20 13:27:46.785 E/OMX-VDEC-1080P(  164): omx_vdec: message thread stop
10-20 13:27:46.785 E/OMX-VDEC-1080P(  164): Waiting on OMX Async Thread exit
10-20 13:27:46.785 E/OMX-VDEC-1080P(  164): Calling close() on Video Driver
10-20 13:27:46.805 E/OMX-VDEC-1080P(  164): Exit OMX vdec Destructor
10-20 13:27:46.805 E/        (  164): 
10-20 13:27:46.805 E/        (  164):  Destroy C2D instance
10-20 13:27:46.805 E/        (  164): 
10-20 13:27:46.805 E/        (  164):  Destroy C2D instance
10-20 13:27:46.805 W/AudioFlinger(  164): session id 225 not found for pid 15097
10-20 13:27:46.906 I/aMPdroid(15097): onActivityCreated
10-20 13:27:46.906 D/aMPdroid(15097): Started FragmentStreamingDetails with provider: 3, itemId: 3, mediatype: Movie, offset: 0
10-20 13:27:46.906 I/aMPdroid(15097): getting playback session state from db
10-20 13:27:46.906 D/aMPdroid(15097): Called url http://192.168.77.21:4322/MPExtended/MediaAccessService/json/GetFileInfo?provider=3&id=3&mediatype=0&filetype=0&offset=0
10-20 13:27:46.926 W/GoogleAnalyticsTracker(15097): Store full. Not storing last event.
10-20 13:27:46.926 D/aMPdroid(15097): Add new listener class com.mediaportal.ampdroid.activities.mediaplayback.ActivityStreamingDetails
10-20 13:27:46.926 D/aMPdroid(15097): Called url http://192.168.77.21:4322/MPExtended/StreamingService/stream/ExtractImageResized?provider=3&type=0&itemId=3&position=1877&maxWidth=300&maxHeight=200
10-20 13:27:46.926 D/aMPdroid(15097): Number of listeners: 3
10-20 13:27:46.936 W/GoogleAnalyticsTracker(15097): Store full. Not storing last event.
10-20 13:27:47.116 I/aMPdroid(15097): getting playback session state from db
10-20 13:27:47.116 D/dalvikvm(15097): GC_FOR_ALLOC freed 5606K, 11% free 52688K/59120K, paused 185ms, total 186ms
10-20 13:27:47.126 W/MediaPlayer-JNI(15097): MediaPlayer finalized without being released
10-20 13:27:47.126 W/AudioFlinger(  164): session id 224 not found for pid 15097
10-20 13:27:47.136 D/aMPdroid(15097): Called url http://192.168.77.21:4322/MPExtended/StreamingService/stream/ExtractImageResized?provider=3&type=0&itemId=3&position=1877&maxWidth=300&maxHeight=200
10-20 13:27:47.266 D/overlay (  161): Unset pipe=VG1 dpy=0; Unset pipe=RGB1 dpy=0; 
10-20 13:27:47.326 D/aMPdroid_VIDEO(15097): surfaceDestroyed called
10-20 13:27:47.526 D/overlay (  161): Set pipe=RGB1 dpy=0; 
10-20 13:27:47.536 D/aMPdroid(15097): Called url http://192.168.77.21:4322/MPExtended/StreamingService/json/GetMediaInfo?provider=3&itemId=3&type=0&offset=0
10-20 13:27:47.566 D/aMPdroid(15097): Remove listener class com.mediaportal.ampdroid.activities.mediaplayback.ActivityVideoPlayer
10-20 13:27:47.566 D/aMPdroid(15097): Number of listeners: 2
10-20 13:27:47.566 D/aMPdroid(15097): Stopping UI Handler
10-20 13:27:47.566 D/aMPdroid(15097): Called url http://192.168.77.21:4322/MPExtended/StreamingService/json/FinishStream?identifier=aMPdroid.1704442279.ts
10-20 13:27:47.666 I/aMPdroid(15097): Connecting WifiRemote: 192.168.77.21:8017
10-20 13:27:47.676 I/aMPdroid(15097): Successfully connected WifiRemote: 192.168.77.21:8017
10-20 13:27:47.676 I/aMPdroid(15097): Initialising WifiRemote connection (michael|porcodio)
10-20 13:27:47.897 I/aMPdroid(15097): Initialised WifiRemote successfully
10-20 13:27:48.057 D/aMPdroid(15097): Called url http://192.168.77.21:4322/MPExtended/StreamingService/json/GetTranscoderProfilesForTarget?target=android
10-20 13:27:51.110 W/ThrottleService(  561): unable to find stats for iface rmnet_usb0
10-20 13:27:52.702 D/overlay (  161): Unset pipe=VG0 dpy=0; Unset pipe=RGB1 dpy=0; 
10-20 13:27:52.712 D/overlay (  161): Set pipe=RGB1 dpy=0; Set pipe=VG0 dpy=0; 
10-20 13:27:52.772 D/dalvikvm( 2971): GC_CONCURRENT freed 2047K, 69% free 3436K/10880K, paused 2ms+1ms, total 43ms
10-20 13:27:52.772 D/dalvikvm( 2971): WAIT_FOR_CONCURRENT_GC blocked 18ms
10-20 13:27:52.952 I/ActivityManager(  561): START u0 {act=android.intent.action.MAIN cat=[android.intent.category.HOME] flg=0x10200000 cmp=com.anddoes.launcher/.Launcher} from pid 561
10-20 13:27:53.002 I/InputReader(  561): Reconfiguring input devices.  changes=0x00000004
10-20 13:27:53.002 I/InputReader(  561): Device reconfigured: id=6, name='touch_dev', size 768x1280, orientation 0, mode 1, display id 0
10-20 13:27:53.002 D/overlay (  161): Unset pipe=VG0 dpy=0; Unset pipe=RGB1 dpy=0; 
10-20 13:27:53.002 I/ActivityManager(  561): Config changes=480 {1.0 262mcc2mnc de_DE ldltr sw384dp w384dp h567dp 320dpi nrml port finger -keyb/v/h -nav/h s.86 themeResource=null}
10-20 13:27:53.112 E/BufferQueue(  161): [com.android.systemui.ImageWallpaper] connect: already connected (cur=2, req=1)
10-20 13:27:53.112 E/libEGL  (  785): EGLNativeWindowType 0x728c1540 already connected to another API
10-20 13:27:53.112 E/libEGL  (  785): eglCreateWindowSurface:298 error 300b (EGL_BAD_NATIVE_WINDOW)
10-20 13:27:53.112 E/ImageWallpaperGL(  785): createWindowSurface returned EGL_BAD_NATIVE_WINDOW.
10-20 13:27:53.142 D/dalvikvm(  785): GC_CONCURRENT freed 3040K, 43% free 18721K/32540K, paused 3ms+4ms, total 43ms
10-20 13:27:53.142 D/dalvikvm(  785): WAIT_FOR_CONCURRENT_GC blocked 9ms
10-20 13:27:53.162 D/BluetoothAdapter(  785): 1107374992: getState() :  mService = null. Returning STATE_OFF
10-20 13:27:53.473 D/dalvikvm(31177): GC_FOR_ALLOC freed 1758K, 21% free 37199K/46596K, paused 52ms, total 52ms
10-20 13:27:53.703 I/ActivityManager(  561): Start proc com.google.android.gm for content provider com.google.android.gm/.provider.PublicContentProvider: pid=27088 uid=10124 gids={50124, 3003, 1015, 1028}
10-20 13:27:53.773 D/overlay (  161): Set pipe=RGB1 dpy=0; 
10-20 13:27:53.823 I/ActivityManager(  561): Start proc com.google.android.gms for service com.google.android.gms/.icing.impl.IndexService: pid=27103 uid=10035 gids={50035, 3003, 2001, 1007, 3006, 1028, 1015, 1006}
10-20 13:27:53.873 I/dalvikvm(27088): Could not find method android.os.Trace.beginSection, referenced from method com.android.mail.utils.Utils.traceBeginSection
10-20 13:27:53.873 W/dalvikvm(27088): VFY: unable to resolve static method 1118: Landroid/os/Trace;.beginSection (Ljava/lang/String;)V
10-20 13:27:53.873 D/dalvikvm(27088): VFY: replacing opcode 0x71 at 0x0006
10-20 13:27:53.873 I/dalvikvm(27088): Could not find method android.os.Trace.endSection, referenced from method com.android.mail.utils.Utils.traceEndSection
10-20 13:27:53.873 W/dalvikvm(27088): VFY: unable to resolve static method 1119: Landroid/os/Trace;.endSection ()V
10-20 13:27:53.873 D/dalvikvm(27088): VFY: replacing opcode 0x71 at 0x0006
10-20 13:27:53.893 E/DatabaseUtils(27088): Writing exception to parcel
10-20 13:27:53.893 E/DatabaseUtils(27088): java.lang.SecurityException: Permission Denial: reading com.google.android.gm.provider.PublicContentProvider uri content://com.google.android.gm/michael.schuler.77@gmail.com/labels from pid=31212, uid=10072 requires com.google.android.gm.permission.READ_CONTENT_PROVIDER, or grantUriPermission()
10-20 13:27:53.893 E/DatabaseUtils(27088): 	at android.content.ContentProvider$Transport.enforceReadPermission(ContentProvider.java:332)
10-20 13:27:53.893 E/DatabaseUtils(27088): 	at android.content.ContentProvider$Transport.query(ContentProvider.java:188)
10-20 13:27:53.893 E/DatabaseUtils(27088): 	at android.content.ContentProviderNative.onTransact(ContentProviderNative.java:113)
10-20 13:27:53.893 E/DatabaseUtils(27088): 	at android.os.Binder.execTransact(Binder.java:351)
10-20 13:27:53.893 E/DatabaseUtils(27088): 	at dalvik.system.NativeStart.run(Native Method)
10-20 13:27:53.893 E/ApexNotifier(31212): Error opening Gmail labels
10-20 13:27:53.893 E/ApexNotifier(31212): java.lang.SecurityException: Permission Denial: reading com.google.android.gm.provider.PublicContentProvider uri content://com.google.android.gm/michael.schuler.77@gmail.com/labels from pid=31212, uid=10072 requires com.google.android.gm.permission.READ_CONTENT_PROVIDER, or grantUriPermission()
10-20 13:27:53.893 E/ApexNotifier(31212): 	at android.os.Parcel.readException(Parcel.java:1425)
10-20 13:27:53.893 E/ApexNotifier(31212): 	at android.database.DatabaseUtils.readExceptionFromParcel(DatabaseUtils.java:185)
10-20 13:27:53.893 E/ApexNotifier(31212): 	at android.database.DatabaseUtils.readExceptionFromParcel(DatabaseUtils.java:137)
10-20 13:27:53.893 E/ApexNotifier(31212): 	at android.content.ContentProviderProxy.query(ContentProviderNative.java:366)
10-20 13:27:53.893 E/ApexNotifier(31212): 	at android.content.ContentResolver.query(ContentResolver.java:372)
10-20 13:27:53.893 E/ApexNotifier(31212): 	at android.content.ContentResolver.query(ContentResolver.java:315)
10-20 13:27:53.893 E/ApexNotifier(31212): 	at com.anddoes.notifier.a.o.b(SourceFile:230)
10-20 13:27:53.893 E/ApexNotifier(31212): 	at com.anddoes.notifier.a.o.run(SourceFile:167)
10-20 13:27:53.893 E/ApexNotifier(31212): 	at android.os.Handler.handleCallback(Handler.java:725)
10-20 13:27:53.893 E/ApexNotifier(31212): 	at android.os.Handler.dispatchMessage(Handler.java:92)
10-20 13:27:53.893 E/ApexNotifier(31212): 	at android.os.Looper.loop(Looper.java:137)
10-20 13:27:53.893 E/ApexNotifier(31212): 	at android.os.HandlerThread.run(HandlerThread.java:60)
10-20 13:27:53.893 D/ApexNotifier(31212): No Gmail inbox information found for account.
10-20 13:27:53.903 W/GAV2    (27088): Thread[main,5,main]: Need to call initialize() and be in fallback mode to start dispatch.
10-20 13:27:53.913 D/dalvikvm(31177): GC_FOR_ALLOC freed 2368K, 21% free 36915K/46596K, paused 58ms, total 58ms
10-20 13:27:53.953 I/Choreographer(31177): Skipped 53 frames!  The application may be doing too much work on its main thread.
10-20 13:27:53.973 I/Recovery(27103): Received: Intent { act=com.google.android.gms.INITIALIZE flg=0x10 pkg=com.google.android.gms cmp=com.google.android.gms/.auth.be.recovery.AccountRecoveryBackgroundService$Receiver }
10-20 13:27:53.983 D/GCM     ( 1110): GcmService start Intent { act=com.google.android.gms.INITIALIZE flg=0x10 pkg=com.google.android.gms cmp=com.google.android.gms/.gcm.GcmService } com.google.android.gms.INITIALIZE
10-20 13:27:53.993 I/ActivityManager(  561): No longer want com.dropbox.android (pid 15231): empty #17
10-20 13:27:54.003 W/ActivityManager(  561): Scheduling restart of crashed service com.dropbox.android/.service.CameraUploadService in 5000ms
10-20 13:27:54.013 D/dalvikvm(27103): Trying to load lib /data/app-lib/com.google.android.gms-1/libAppDataSearch.so 0x41db3f28
10-20 13:27:54.013 D/dalvikvm(27103): Added shared lib /data/app-lib/com.google.android.gms-1/libAppDataSearch.so 0x41db3f28
10-20 13:27:54.013 D/dalvikvm(27103): No JNI_OnLoad found in /data/app-lib/com.google.android.gms-1/libAppDataSearch.so 0x41db3f28, skipping init
10-20 13:27:54.013 D/Icing   (27103): Init last flush num docs 628 last docstore size 289024
10-20 13:27:54.013 D/Icing   (27103): Docid map file has data, scanning...
10-20 13:27:54.013 D/Icing   (27103): Scanning /data/data/com.google.android.gms/files/AppDataSearch/main/cur/ds.docids found 640 documents, last docstore location 293120
10-20 13:27:54.013 D/Icing   (27103): File /data/data/com.google.android.gms/files/AppDataSearch/main/cur/ds.perdocdata contains 640 records of size 6
10-20 13:27:54.023 D/Icing   (27103): Corpus scoring data inited successfully num corpora 4
10-20 13:27:54.023 D/Icing   (27103): Init docstore ok num docs 640 bytes 293376
10-20 13:27:54.033 V/Icing   (27103): Lite index crc computed in 0.092ms
10-20 13:27:54.033 V/Icing   (27103): Lite index init ok in 1.740ms
10-20 13:27:54.033 D/Icing   (27103): Lite index recovered docid (627, 639]
10-20 13:27:54.033 V/Icing   (27103): Warming lite-index took 0.031ms
10-20 13:27:54.033 V/Icing   (27103): Warming lexicon took 0.031ms
10-20 13:27:54.033 V/Icing   (27103): Warming display mappings took 0.458ms
10-20 13:27:54.033 D/Icing   (27103): Init index ok num docs 640
10-20 13:27:54.033 D/Icing   (27103): Init done
10-20 13:27:54.083 W/IInputConnectionWrapper(15097): showStatusIcon on inactive InputConnection
10-20 13:27:54.113 I/ActivityManager(  561): No longer want com.google.android.apps.plus (pid 18764): empty #17
10-20 13:27:54.123 I/Gmail   (27088): calculateUnknownSyncRationalesAndPurgeInBackground: queueing
10-20 13:27:54.133 I/Gmail   (27088): calculateUnknownSyncRationalesAndPurgeInBackground: queueing
10-20 13:27:54.143 I/Gmail   (27088): calculateUnknownSyncRationalesAndPurgeInBackground: running
10-20 13:27:54.153 I/Gmail   (27088): calculateUnknownSyncRationalesAndPurgeInBackground: running
10-20 13:27:54.203 D/aMPdroid(15097): Remove listener class com.mediaportal.ampdroid.activities.mediaplayback.ActivityStreamingDetails
10-20 13:27:54.203 D/aMPdroid(15097): Number of listeners: 1
10-20 13:27:54.203 D/overlay (  161): Set pipe=VG0 dpy=0; Set pipe=VG1 dpy=0; 
10-20 13:27:55.455 D/dalvikvm(  561): GC_EXPLICIT freed 5453K, 38% free 27153K/43252K, paused 5ms+12ms, total 153ms
10-20 13:27:55.515 I/ActivityManager(  561): START u0 {act=com.android.systemui.recent.action.TOGGLE_RECENTS flg=0x10800000 cmp=com.android.systemui/.recent.RecentsActivity} from pid 785
10-20 13:27:55.635 D/overlay (  161): Unset pipe=VG0 dpy=0; Unset pipe=VG1 dpy=0; Unset pipe=RGB1 dpy=0; 
10-20 13:27:55.855 D/overlay (  161): Set pipe=RGB1 dpy=0; Set pipe=VG0 dpy=0; Set pipe=VG1 dpy=0; 
10-20 13:27:56.656 V/PhoneStatusBar(  785): setLightsOn(true)
10-20 13:27:56.826 D/overlay (  161): Unset pipe=VG0 dpy=0; Unset pipe=VG1 dpy=0; Unset pipe=RGB1 dpy=0; 
10-20 13:27:57.076 D/overlay (  161): Set pipe=RGB1 dpy=0; Set pipe=VG0 dpy=0; 
10-20 13:27:57.877 D/overlay (  161): Unset pipe=VG0 dpy=0; Unset pipe=RGB1 dpy=0; 
10-20 13:27:58.067 D/overlay (  161): Set pipe=RGB1 dpy=0; Set pipe=VG0 dpy=0; Set pipe=VG1 dpy=0; 
10-20 13:27:58.888 W/GAV2    (27088): Thread[GAThread,5,main]: Service unavailable (code=1), will retry.
10-20 13:27:58.888 I/GAV2    (27088): Thread[GAThread,5,main]: No campaign data found.
10-20 13:27:58.888 W/ActivityManager(  561): Unable to start service Intent { act=com.google.android.gms.analytics.service.START (has extras) } U=0: not found
10-20 13:27:59.019 I/ActivityManager(  561): Start proc com.dropbox.android for service com.dropbox.android/.service.CameraUploadService: pid=27165 uid=10093 gids={50093, 3003, 1028, 1015}
10-20 13:27:59.119 I/com.dropbox.android.service.DropboxNetworkReceiver(27165): Setting receiver enabled: false
10-20 13:27:59.129 D/dalvikvm(27165): Trying to load lib /data/app-lib/com.dropbox.android-1/libDbxFileObserver.so 0x41db3ef8
10-20 13:27:59.129 D/dalvikvm(27165): Added shared lib /data/app-lib/com.dropbox.android-1/libDbxFileObserver.so 0x41db3ef8
10-20 13:27:59.139 D/dalvikvm(27165): No JNI_OnLoad found in /data/app-lib/com.dropbox.android-1/libDbxFileObserver.so 0x41db3ef8, skipping init
10-20 13:27:59.269 I/GCoreUlr( 1040): Successfully inserted location
10-20 13:27:59.269 I/GCoreUlr( 1040): Not calling LocationReportingService, hasMoved: false, elapsed millis: 483856, request: Phone
10-20 13:27:59.269 I/com.dropbox.android.util.ae(27165): Watching file: /storage/emulated/0/Android/data/com.dropbox.android/files/scratch/8e7174a1/133267d3/9e82ef34
10-20 13:27:59.279 I/com.dropbox.android.util.ae(27165): Getting ready to upload: /storage/emulated/0/Android/data/com.dropbox.android/files/scratch/8e7174a1/133267d3/9e82ef34
10-20 13:27:59.279 I/com.dropbox.android.util.ae(27165): Watching file: /storage/emulated/0/Android/data/com.dropbox.android/files/scratch/94815e4f/3181f0dc/a8bed469
10-20 13:27:59.289 I/com.dropbox.android.util.ae(27165): Getting ready to upload: /storage/emulated/0/Android/data/com.dropbox.android/files/scratch/94815e4f/3181f0dc/a8bed469
10-20 13:27:59.289 I/com.dropbox.android.util.ae(27165): Watching file: /storage/emulated/0/Android/data/com.dropbox.android/files/scratch/56e14c92/83228a67/31788666
10-20 13:27:59.299 I/com.dropbox.android.util.ae(27165): Getting ready to upload: /storage/emulated/0/Android/data/com.dropbox.android/files/scratch/56e14c92/83228a67/31788666
10-20 13:27:59.309 I/com.dropbox.android.util.ae(27165): Watching file: /storage/emulated/0/Android/data/com.dropbox.android/files/scratch/56e14c92/94ada103/d4864765
10-20 13:27:59.309 I/com.dropbox.android.util.ae(27165): Getting ready to upload: /storage/emulated/0/Android/data/com.dropbox.android/files/scratch/56e14c92/94ada103/d4864765
10-20 13:27:59.309 I/com.dropbox.android.util.ae(27165): Watching file: /storage/emulated/0/Android/data/com.dropbox.android/files/scratch/56e14c92/e1c52407
10-20 13:27:59.319 I/com.dropbox.android.util.ae(27165): Getting ready to upload: /storage/emulated/0/Android/data/com.dropbox.android/files/scratch/56e14c92/e1c52407
10-20 13:27:59.429 D/dalvikvm( 5418): GC_CONCURRENT freed 1761K, 33% free 8662K/12908K, paused 1ms+23ms, total 64ms
10-20 13:27:59.719 D/AndroidRuntime(27214): 
10-20 13:27:59.719 D/AndroidRuntime(27214): >>>>>> AndroidRuntime START com.android.internal.os.RuntimeInit <<<<<<
10-20 13:27:59.719 D/AndroidRuntime(27214): CheckJNI is OFF
10-20 13:27:59.729 D/dalvikvm(27214): Trying to load lib libjavacore.so 0x0
10-20 13:27:59.729 D/dalvikvm(27214): Added shared lib libjavacore.so 0x0
10-20 13:27:59.739 D/dalvikvm(27214): Trying to load lib libnativehelper.so 0x0
10-20 13:27:59.739 D/dalvikvm(27214): Added shared lib libnativehelper.so 0x0
